NOAA-Style Climate Reports


Report for 2017 November
                   Monthly Climatological Summary for Nov 2017

Name: Westmoreland Weather   City: Export   State: Pennsylvania
Elevation: 1286 ft  Lat: N 40 26 44   Lon: W 079 35 30

                  Temperature (°F), Rain (in), Wind Speed (mph)

                                      Heat  Cool        Avg
    Mean                              Deg   Deg         Wind                 Dom
Day Temp  High   Time   Low    Time   Days  Days  Rain  Speed High   Time    Dir
----------------------------------------------------------------------------------
01  41.3  49.7   22:44  32.8   00:36  23.7   0.0  0.09   1.0   5.4   10:19    NE
02  58.3  66.6   15:12  49.2   00:00   6.8   0.1  0.05   4.7  19.7   15:33     S
03  55.9  65.4   00:07  40.4   23:36   9.1   0.0  0.05   3.4  11.4   05:35     S
04  48.8  66.6   15:39  37.1   07:46  16.2   0.0  0.01   3.5  12.1   11:09    SE
05  58.0  70.1   19:21  49.7   00:00   7.7   0.4  0.92   3.4  11.4   10:32   SSE
06  50.8  63.0   03:05  36.8   23:57  14.2   0.0  0.32   4.0  20.6   05:16     S
07  36.7  39.1   08:16  33.2   09:28  28.3   0.0  0.24   2.2   8.3   07:34   NNE
08  39.2  53.9   13:37  31.5   06:08  25.8   0.0  0.00   1.8  11.4   10:14   NNE
09  41.8  55.8   13:50  30.5   02:35  23.2   0.0  0.00   3.4  17.4   21:31     S
10  29.3  43.6   00:00  19.7   23:53  35.7   0.0  0.00   4.2  15.9   01:55    NE
11  28.5  41.8   13:19  17.0   04:19  36.5   0.0  0.00   3.0  13.6   12:24     E
12  38.2  47.9   14:33  27.9   07:24  26.8   0.0  0.00   1.0   6.0   11:09    NE
13  40.3  44.7   14:39  37.7   23:30  24.7   0.0  0.07   1.3   6.9   16:12    NE
14  38.7  44.3   11:49  30.3   23:58  26.3   0.0  0.01   0.9   7.6   10:15    SE
15  39.6  49.4   11:42  27.9   06:25  25.4   0.0  0.02   3.8  19.7   22:45     S
16  40.9  45.6   09:40  36.4   23:58  24.1   0.0  0.02   5.9  19.7   12:14     S
17  37.8  47.0   12:14  32.1   23:48  27.2   0.0  0.00   2.4  15.2   11:19    SE
18  45.7  63.0   22:48  31.9   00:52  19.3   0.0  1.25   3.9  23.5   23:20     S
19  36.8  57.6   00:07  31.5   23:11  28.3   0.0  0.21   6.6  26.6   00:21     S
20  34.6  42.5   14:25  27.8   07:37  30.4   0.0  0.00   8.0  20.6   10:18     S
----------------------------------------------------------------------------------
    42.1  70.1     5    17.0    11   459.7   0.5  3.26   3.4  26.6    19     SSE

Max >=  80.0  0
Max <=  32.0  0
Min <=  32.0 10
Min <=   0.0  0
Max Rain: 1.25 on day 18
Days of Rain: 13 (>= 0.01 in)  5 (>= 0.10 in)  1 (>= 1.00 in)
Heat Base: 65.0  Cool Base: 65.0  Method: Integration