nws-alerts: Checking more than four warning/county codes can delay the loading of your pages. You should use a cron job to get the data.

NOAA-Style Climate Reports


Report for 2018 August
                   Monthly Climatological Summary for Aug 2018

Name: Westmoreland Weather   City: Export   State: Pennsylvania
Elevation: 1286 ft  Lat: N 40 26 44   Lon: W 079 35 30

                  Temperature (°F), Rain (in), Wind Speed (mph)

                                      Heat  Cool        Avg
    Mean                              Deg   Deg         Wind                 Dom
Day Temp  High   Time   Low    Time   Days  Days  Rain  Speed High   Time    Dir
----------------------------------------------------------------------------------
01  71.2  79.8   14:58  66.1   04:50   0.0   6.2  0.41   2.4  13.0   12:28     S
02  70.7  76.5   14:42  66.1   06:23   0.0   5.7  0.02   0.8   6.9   17:42   SSW
03  71.8  79.6   15:15  67.7   05:34   0.0   6.8  0.06   0.7   7.6   13:43   SSW
04  74.7  86.1   15:18  65.9   04:14   0.0   9.7  0.00   3.0  13.0   14:43     S
05  74.7  88.2   12:51  68.1   06:08   0.0   9.7  0.01   2.0  15.2   15:14     S
06  77.5  89.1   16:15  67.5   06:32   0.0  12.5  0.00   2.1  12.1   13:26   SSW
07  76.7  84.8   14:20  70.2   06:18   0.0  11.7  0.02   2.6  13.0   08:55     S
08  72.6  80.1   14:05  69.3   23:37   0.0   7.6  0.21   3.8  12.1   08:46     S
09  74.5  84.5   16:11  68.6   01:32   0.0   9.5  0.00   2.6  12.1   12:36     S
10  70.3  80.3   13:08  66.3   04:31   0.0   5.3  0.13   2.3  12.1   15:37     S
11  71.4  82.8   16:07  63.6   07:08   0.0   6.4  0.01   2.0   9.2   11:57     S
12  72.7  86.4   13:49  61.6   06:44   0.5   8.2  0.00   1.4   6.9   11:14   NNW
13  67.5  81.6   12:12  63.0   23:31   0.2   2.7  0.40   1.1   9.8   13:22     S
14  66.9  77.3   16:18  61.2   22:48   0.9   2.8  0.13   2.1  12.1   15:53     S
15  73.2  84.5   15:16  63.9   05:56   0.1   8.3  0.01   2.2  12.1   12:06     S
16  73.0  82.7   13:43  67.7   06:22   0.0   8.0  0.50   2.1  11.4   16:24     S
17  72.1  79.2   14:43  67.2   22:49   0.0   7.1  0.17   4.2  14.5   11:21     S
18  73.4  83.2   14:48  65.2   03:11   0.0   8.4  0.01   2.4   9.8   13:30     S
19  68.8  78.9   13:58  58.9   06:49   1.0   4.8  0.00   1.8   7.6   11:20   NNW
20  71.2  82.8   15:34  61.1   06:34   0.7   7.0  0.00   3.0  13.6   18:40   SSE
21  73.3  80.5   14:23  69.9   09:45   0.0   8.3  0.52   4.3  15.9   17:24     S
----------------------------------------------------------------------------------
    72.3  89.1     6    58.9    19     3.4 156.7  2.61   2.3  15.9    21       S

Max >=  80.0 15
Max <=  32.0  0
Min <=  32.0  0
Min <=   0.0  0
Max Rain: 0.52 on day 21
Days of Rain: 15 (>= 0.01 in)  8 (>= 0.10 in)  0 (>= 1.00 in)
Heat Base: 65.0  Cool Base: 65.0  Method: Integration