nws-alerts: Checking more than four warning/county codes can delay the loading of your pages. You should use a cron job to get the data.

NOAA-Style Climate Reports

Select a Year or Month report
2019: Jan Feb Mar Apr May Jun Jul Aug Sep Oct Nov Dec
2018: Jan Feb Mar Apr May Jun Jul Aug Sep Oct Nov Dec
2017: Jan Feb Mar Apr May Jun Jul Aug Sep Oct Nov Dec
2016: Jan Feb Mar Apr May Jun Jul Aug Sep Oct Nov Dec
2015: Jan Feb Mar Apr May Jun Jul Aug Sep Oct Nov Dec
2014: Jan Feb Mar Apr May Jun Jul Aug Sep Oct Nov Dec
2013: Jan Feb Mar Apr May Jun Jul Aug Sep Oct Nov Dec
2012: Jan Feb Mar Apr May Jun Jul Aug Sep Oct Nov Dec
2011: Jan Feb Mar Apr May Jun Jul Aug Sep Oct Nov Dec

Report for 2019 February
                   Monthly Climatological Summary for Feb 2019

Name: Westmoreland Weather   City: Export   State: Pennsylvania
Elevation: 1286 ft  Lat: N 40 26 44   Lon: W 079 35 30

                  Temperature (°F), Rain (in), Wind Speed (mph)

                                      Heat  Cool        Avg
    Mean                              Deg   Deg         Wind                 Dom
Day Temp  High   Time   Low    Time   Days  Days  Rain  Speed High   Time    Dir
----------------------------------------------------------------------------------
01  13.0  22.9   15:09   6.3   00:00  52.0   0.0  0.00   0.0   4.5   10:09   NNE
02  24.7  41.8   15:07   4.7   04:49  40.3   0.0  0.09   3.1  19.0   13:37     S
03  44.7  57.8   14:54  34.8   00:00  20.3   0.0  0.00   2.9  15.2   12:38     S
04  49.5  65.9   18:21  33.3   06:31  15.5   0.0  0.00   4.0  19.0   15:22     S
05  51.0  57.8   12:34  42.0   22:54  14.0   0.0  0.01   1.9  10.7   00:07     S
06  48.4  52.4   15:01  41.8   01:42  16.6   0.0  0.60   1.3  11.4   10:24     S
07  56.1  67.5   12:45  49.0   08:18   8.9   0.0  0.54   3.5  15.9   19:49     S
08  34.1  57.8   01:16  20.7   23:44  30.9   0.0  0.15   9.4  25.1   11:06    SW
09  22.0  34.4   14:40  15.3   06:48  43.0   0.0  0.00   3.8  15.9   00:23   SSW
10  26.0  36.2   15:15  15.2   06:51  39.0   0.0  0.00   1.4   7.6   12:40    NE
11  34.7  38.4   13:56  32.3   00:00  30.3   0.0  0.48   1.0   9.8   23:13    NE
12  38.0  46.8   22:11  33.0   05:54  27.0   0.0  0.90   8.5  30.4   22:57     S
13  29.0  35.1   00:00  25.6   10:31  36.0   0.0  0.11  10.9  31.1   08:29    SW
14  35.3  46.5   20:19  24.5   06:10  26.5   0.0  0.00   4.7  18.3   00:18     S
15  48.4  51.9   17:49  45.2   00:56  10.0   0.0  0.00   7.1  16.8   17:31     S
16  49.6  51.9   00:34  47.4   18:07  10.0   0.0  0.00   9.2  22.1   10:45   SSW
17  49.3  53.0   15:38  45.8   05:13  10.4   0.0  0.12  10.6  23.5   14:15    SW
18  40.6  51.0   00:00  31.5   23:42  16.4   0.0  0.00   5.4  18.3   00:47     S
19  28.3  33.3   00:00  25.8   23:18  23.6   0.0  0.00   2.8   7.6   20:51   ESE
20  25.7  26.7   07:41  24.5   16:55  26.7   0.0  0.00   3.4   7.6   00:52     N
21  29.2  31.2   13:53  25.1   00:00  22.3   0.0  0.00   4.5   9.8   07:46     N
22  29.6  31.2   00:29  28.1   23:52  24.8   0.0  0.00   2.2   6.9   01:59     N
----------------------------------------------------------------------------------
    36.7  67.5     7     4.7     2   544.5   0.0  3.00   4.7  31.1    13     SSW

Max >=  80.0  0
Max <=  32.0  4
Min <=  32.0 12
Min <=   0.0  0
Max Rain: 0.90 on day 12
Days of Rain: 9 (>= 0.01 in)  7 (>= 0.10 in)  0 (>= 1.00 in)
Heat Base: 65.0  Cool Base: 65.0  Method: Integration