nws-alerts: Checking more than four warning/county codes can delay the loading of your pages. You should use a cron job to get the data.

NOAA-Style Climate Reports


Report for 2019 July
                   Monthly Climatological Summary for Jul 2019

Name: Westmoreland Weather   City: Export   State: Pennsylvania
Elevation: 1286 ft  Lat: N 40 26 44   Lon: W 079 35 30

                  Temperature (°F), Rain (in), Wind Speed (mph)

                                      Heat  Cool        Avg
    Mean                              Deg   Deg         Wind                 Dom
Day Temp  High   Time   Low    Time   Days  Days  Rain  Speed High   Time    Dir
----------------------------------------------------------------------------------
01  70.5  85.7   17:07  55.5   06:03   2.2   7.7  0.00   1.6   9.8   12:50     S
02  74.9  88.8   13:49  66.1   02:44   0.0   9.9  0.38   3.6  17.4   15:09     S
03  73.2  85.7   16:15  65.9   05:01   0.0   8.2  0.78   2.5  15.9   17:47     S
04  76.7  87.9   13:25  67.9   05:06   0.0  11.7  0.00   1.4   9.2   11:53     S
05  76.4  88.6   12:50  70.4   05:49   0.0  11.4  0.00   1.5   9.8   12:27     S
06  75.3  89.1   14:53  69.9   04:53   0.0  10.3  0.97   2.1  13.0   16:28     S
07  74.2  83.9   14:38  69.9   02:23   0.0   9.2  0.01   1.3   9.8   18:42     S
08  73.9  83.2   16:26  67.5   06:46   0.0   8.9  0.00   1.6   8.3   15:24    NW
09  75.6  88.4   15:10  63.4   06:38   0.1  10.8  0.00   1.1   6.9   13:54    NE
10  79.0  91.1   15:44  67.9   06:29   0.0  14.0  0.04   2.3  10.7   09:34     S
11  70.5  74.9   00:00  65.9   08:41   0.0   5.5  1.59   2.2  12.1   10:53     S
12  72.0  81.9   16:11  65.2   02:58   0.0   7.0  0.01   1.9  11.4   15:18   SSE
13  73.3  85.7   15:38  60.2   06:17   0.9   9.2  0.00   2.4  15.2   15:18     S
14  74.2  85.4   16:37  65.0   23:59   0.0   9.2  0.00   1.4   8.3   12:48   SSE
15  73.3  87.3   15:50  58.7   05:34   1.3   9.6  0.01   1.1   7.6   12:53     S
16  76.9  87.5   15:16  68.1   02:09   0.0  11.9  0.00   2.8  14.5   15:36     S
17  75.4  82.3   14:28  69.3   06:24   0.0  10.4  0.11   2.8  15.2   15:23     S
18  77.1  88.4   15:56  71.5   07:37   0.0  12.1  0.01   1.3   9.2   14:53   SSE
19  78.8  87.5   15:55  71.9   03:31   0.0  13.8  0.00   3.4  13.0   10:05     S
20  81.7  91.8   16:44  73.7   03:32   0.0  16.7  0.04   2.8  18.3   11:25     S
21  80.4  91.7   12:48  73.5   06:03   0.0  15.4  0.67   2.2   9.8   12:33     S
22  69.2  75.8   00:00  64.8   21:10   0.0   4.2  0.44   3.0  13.6   09:44     S
23  68.7  79.4   15:22  59.8   23:52   0.8   4.5  0.00   1.8   9.2   10:53   SSE
24  67.1  81.6   14:40  54.4   06:37   3.2   5.3  0.00   1.3   8.3   13:44     W
25  69.0  83.7   15:42  56.6   06:45   2.2   6.2  0.00   1.0   6.0   11:41    NE
----------------------------------------------------------------------------------
    74.3  91.8    20    54.4    24    10.7 243.1  5.06   2.0  18.3    20       S

Max >=  80.0 22
Max <=  32.0  0
Min <=  32.0  0
Min <=   0.0  0
Max Rain: 1.59 on day 11
Days of Rain: 13 (>= 0.01 in)  7 (>= 0.10 in)  1 (>= 1.00 in)
Heat Base: 65.0  Cool Base: 65.0  Method: Integration