nws-alerts: Checking more than four warning/county codes can delay the loading of your pages. You should use a cron job to get the data.

NOAA-Style Climate Reports

Select a Year or Month report
2018: Jan Feb Mar Apr May Jun Jul Aug Sep Oct Nov Dec
2017: Jan Feb Mar Apr May Jun Jul Aug Sep Oct Nov Dec
2016: Jan Feb Mar Apr May Jun Jul Aug Sep Oct Nov Dec
2015: Jan Feb Mar Apr May Jun Jul Aug Sep Oct Nov Dec
2014: Jan Feb Mar Apr May Jun Jul Aug Sep Oct Nov Dec
2013: Jan Feb Mar Apr May Jun Jul Aug Sep Oct Nov Dec
2012: Jan Feb Mar Apr May Jun Jul Aug Sep Oct Nov Dec
2011: Jan Feb Mar Apr May Jun Jul Aug Sep Oct Nov Dec

Report for 2018 June
                   Monthly Climatological Summary for Jun 2018

Name: Westmoreland Weather   City: Export   State: Pennsylvania
Elevation: 1286 ft  Lat: N 40 26 44   Lon: W 079 35 30

                  Temperature (°F), Rain (in), Wind Speed (mph)

                                      Heat  Cool        Avg
    Mean                              Deg   Deg         Wind                 Dom
Day Temp  High   Time   Low    Time   Days  Days  Rain  Speed High   Time    Dir
----------------------------------------------------------------------------------
01  71.2  76.9   17:28  66.5   06:09   0.0   6.2  0.18   3.5  12.1   03:28     S
02  73.3  83.2   15:34  67.5   04:26   0.0   8.3  0.01   1.2   8.3   14:46   NNW
03  69.2  77.3   14:58  63.2   23:33   0.1   4.3  0.32   2.4  13.6   14:39   SSW
04  64.1  72.2   15:47  56.0   23:57   2.3   1.4  0.01   3.2  13.6   14:17     S
05  58.5  68.6   15:17  51.5   04:52   7.0   0.5  0.39   2.2  16.8   15:31     S
06  54.1  61.8   15:29  46.1   04:19  10.9   0.0  0.01   1.1   6.0   16:49   SSE
07  61.8  75.8   16:49  46.8   06:08   6.0   2.9  0.00   1.6   9.8   14:34     S
08  69.0  81.0   14:27  56.2   06:07   2.5   6.4  0.00   1.1   8.3   15:11     S
09  71.5  82.7   11:49  62.9   05:30   0.3   6.8  0.02   1.0   6.0   10:37    NE
10  68.1  79.6   15:40  61.2   08:46   0.8   3.9  0.92   2.0   8.3   02:18     N
11  63.4  69.5   13:18  57.5   05:46   2.7   1.2  0.05   3.3  10.7   14:34   ENE
12  68.6  80.0   14:34  55.3   06:25   2.1   5.7  0.00   3.5  15.2   08:50     S
13  70.3  78.2   17:28  65.6   06:29   0.0   5.3  0.24   5.2  17.4   16:31     S
14  68.9  82.3   14:34  55.1   06:05   2.3   6.2  0.01   2.5  13.0   13:51   SSE
15  67.6  82.3   15:16  52.6   06:11   3.3   5.9  0.00   1.2  12.1   14:12    NE
16  69.5  85.4   16:46  53.7   05:54   3.2   7.7  0.00   1.4   9.8   18:36     S
17  77.8  89.1   14:54  68.8   04:53   0.0  12.8  0.00   1.5   9.2   13:58     S
18  80.8  90.9   16:00  71.5   05:04   0.0  15.8  0.00   3.8  19.7   12:31     S
19  77.0  83.6   16:16  68.3   23:49   0.0  12.0  0.01   1.8   8.3   00:52    SE
20  71.4  80.7   13:19  65.4   04:42   0.0   6.4  1.20   1.0   8.3   13:34     S
21  70.4  77.4   16:24  63.9   04:36   0.0   5.4  0.00   1.6   7.6   15:24    NE
22  67.9  73.1   12:25  62.0   07:10   0.3   3.1  0.22   4.9  16.8   11:55    SW
23  69.4  78.3   16:22  64.1   04:16   0.1   4.5  0.56   3.8  15.2   13:16     S
24  71.1  80.7   16:31  63.9   23:58   0.0   6.2  0.06   3.3  13.6   10:43     S
----------------------------------------------------------------------------------
    69.0  90.9    18    46.1     6    43.9 138.9  4.21   2.4  19.7    18       S

Max >=  80.0 12
Max <=  32.0  0
Min <=  32.0  0
Min <=   0.0  0
Max Rain: 1.20 on day 20
Days of Rain: 16 (>= 0.01 in)  8 (>= 0.10 in)  1 (>= 1.00 in)
Heat Base: 65.0  Cool Base: 65.0  Method: Integration