NOAA-Style Climate Reports

Select a Year or Month report
2017: Jan Feb Mar Apr May Jun Jul Aug Sep Oct Nov Dec
2016: Jan Feb Mar Apr May Jun Jul Aug Sep Oct Nov Dec
2015: Jan Feb Mar Apr May Jun Jul Aug Sep Oct Nov Dec
2014: Jan Feb Mar Apr May Jun Jul Aug Sep Oct Nov Dec
2013: Jan Feb Mar Apr May Jun Jul Aug Sep Oct Nov Dec
2012: Jan Feb Mar Apr May Jun Jul Aug Sep Oct Nov Dec
2011: Jan Feb Mar Apr May Jun Jul Aug Sep Oct Nov Dec

Report for 2017 April
                   Monthly Climatological Summary for Apr 2017

Name: Westmoreland Weather   City: Export   State: Pennsylvania
Elevation: 1286 ft  Lat: N 40 26 44   Lon: W 079 35 30

                  Temperature (°F), Rain (in), Wind Speed (mph)

                                      Heat  Cool        Avg
    Mean                              Deg   Deg         Wind                 Dom
Day Temp  High   Time   Low    Time   Days  Days  Rain  Speed High   Time    Dir
----------------------------------------------------------------------------------
01  41.2  47.2   00:45  38.7   22:10  23.8   0.0  0.05   3.4  13.0   02:14    SE
02  46.5  60.7   14:42  31.5   07:07  18.5   0.0  0.00   2.5  12.1   15:20     S
03  58.6  74.0   12:43  44.7   05:37   8.1   1.7  0.01   4.5  20.6   19:20    SE
04  59.4  64.5   14:13  51.9   23:55   5.6   0.0  0.08   9.0  30.4   12:27   SSW
05  56.7  74.0   17:07  42.5   07:07   9.7   1.4  0.00   5.2  23.5   19:41    SE
06  50.9  62.3   00:46  36.0   23:49  14.1   0.0  0.96   6.2  20.6   21:24   SSW
07  33.8  36.8   12:06  31.9   08:32  31.2   0.0  0.19   5.6  22.1   01:21     S
08  43.4  61.2   15:37  27.9   06:18  21.6   0.0  0.00   3.3  13.6   14:26   WNW
09  53.7  71.9   16:49  32.1   06:30  12.6   1.3  0.01   4.0  19.7   13:16   SSW
10  66.9  78.7   15:50  53.3   02:26   3.0   4.9  0.07   7.1  30.4   12:06   SSW
11  63.7  72.4   11:30  55.7   23:21   2.9   1.6  0.15   4.2  16.8   11:21   SSW
12  56.8  69.3   15:22  47.7   23:57   8.4   0.2  0.01   3.1  15.2   11:39     S
13  52.6  62.9   12:40  41.8   04:09  12.3   0.0  0.00   2.4  10.7   12:02    NE
14  60.4  77.3   15:21  45.2   06:54   7.3   2.8  0.00   2.3   9.8   13:21    NE
15  65.5  81.9   15:36  48.6   06:48   4.3   4.9  0.00   4.1  21.3   14:10   SSW
16  65.7  76.2   13:30  58.9   06:51   1.9   2.6  0.47   8.4  32.0   13:42   SSW
17  62.4  73.8   15:29  51.2   23:54   4.3   1.6  0.19   3.3  14.5   16:53   NNE
18  59.5  75.1   14:18  43.1   06:29   7.8   2.3  0.00   2.7  12.1   15:27   ESE
19  64.0  73.1   16:28  56.7   06:07   2.9   1.9  0.19   7.1  19.0   14:30     S
20  65.2  75.1   12:53  58.0   07:25   2.3   2.5  0.45   6.2  15.9   12:26   SSW
21  62.5  71.3   14:53  51.3   23:55   3.5   1.0  0.04   4.5  15.2   14:21     S
22  50.1  56.0   16:02  44.1   08:11  14.9   0.0  0.04   2.5  10.7   12:42   NNE
23  54.9  72.4   15:54  36.4   06:35  11.3   1.2  0.00   2.8  11.4   14:23     E
24  53.0  62.0   12:51  41.3   05:07  12.0   0.0  0.02   4.2  20.6   10:26     E
25  56.5  66.8   13:10  49.2   06:07   8.6   0.1  0.06   4.2  15.9   02:41     E
26  63.7  77.1   15:18  53.0   03:31   4.7   3.4  0.00   2.0  10.7   16:26     S
27  68.4  83.9   14:14  54.6   05:50   2.8   6.2  0.20   5.2  22.1   15:44     S
28  61.7  72.6   16:49  49.5   06:25   5.1   1.7  0.07   2.1  12.1   12:50   SSE
----------------------------------------------------------------------------------
    57.1  83.9    27    27.9     8   265.5  43.3  3.26   4.4  32.0    16       S

Max >=  80.0  2
Max <=  32.0  0
Min <=  32.0  3
Min <=   0.0  0
Max Rain: 0.96 on day 6
Days of Rain: 19 (>= 0.01 in)  8 (>= 0.10 in)  0 (>= 1.00 in)
Heat Base: 65.0  Cool Base: 65.0  Method: Integration