NOAA-Style Climate Reports

Select a Year or Month report
2017: Jan Feb Mar Apr May Jun Jul Aug Sep Oct Nov Dec
2016: Jan Feb Mar Apr May Jun Jul Aug Sep Oct Nov Dec
2015: Jan Feb Mar Apr May Jun Jul Aug Sep Oct Nov Dec
2014: Jan Feb Mar Apr May Jun Jul Aug Sep Oct Nov Dec
2013: Jan Feb Mar Apr May Jun Jul Aug Sep Oct Nov Dec
2012: Jan Feb Mar Apr May Jun Jul Aug Sep Oct Nov Dec
2011: Jan Feb Mar Apr May Jun Jul Aug Sep Oct Nov Dec

Report for 2017 June
                   Monthly Climatological Summary for Jun 2017

Name: Westmoreland Weather   City: Export   State: Pennsylvania
Elevation: 1286 ft  Lat: N 40 26 44   Lon: W 079 35 30

                  Temperature (°F), Rain (in), Wind Speed (mph)

                                      Heat  Cool        Avg
    Mean                              Deg   Deg         Wind                 Dom
Day Temp  High   Time   Low    Time   Days  Days  Rain  Speed High   Time    Dir
----------------------------------------------------------------------------------
01  63.0  75.3   16:03  51.7   04:42   4.7   2.7  0.01   2.8  13.0   10:28   SSE
02  64.2  77.3   16:39  50.6   03:25   4.8   4.0  0.00   2.2  18.3   12:31    SE
03  67.3  81.2   14:51  54.4   06:17   3.5   5.8  0.00   1.9  12.1   13:44     E
04  65.0  79.4   13:24  56.0   04:56   2.4   2.4  0.11   2.9  14.5   12:24     S
05  64.9  74.6   15:14  58.4   22:51   1.8   1.7  0.54   2.8  13.0   08:34     S
06  59.8  66.1   11:14  53.5   04:08   5.2   0.0  0.00   3.0  13.6   13:59   SSE
07  58.0  65.7   18:09  52.1   07:30   7.0   0.0  0.04   1.8   9.2   11:53     N
08  60.6  71.7   15:34  49.4   06:32   6.0   1.6  0.00   1.6   9.2   12:35   ESE
09  65.1  78.5   15:18  50.6   06:07   4.0   4.0  0.00   2.7  15.2   14:56     S
10  71.1  83.0   16:28  61.1   03:35   0.6   6.7  0.01   5.4  17.4   12:57     S
11  74.1  86.1   16:16  62.1   05:16   0.4   9.5  0.00   4.1  19.0   11:56     S
12  76.4  87.9   15:12  64.5   04:53   0.0  11.4  0.00   2.8  15.2   16:42     S
13  75.7  90.9   15:27  68.3   23:55   0.0  10.7  0.00   3.2  15.2   11:52     S
14  73.9  86.3   14:43  67.0   05:22   0.0   8.9  0.00   2.2   9.2   09:26   SSE
15  74.5  87.3   15:37  67.9   23:46   0.0   9.6  0.91   3.9  19.0   16:29     S
16  71.0  81.9   12:34  64.5   15:56   0.0   6.0  0.99   2.4  28.2   15:18     S
17  74.4  86.6   15:28  61.4   04:07   0.8  10.2  0.01   2.2   9.8   13:37     S
18  76.1  87.5   15:04  58.9   20:24   0.0  11.1  0.30   7.2  25.1   15:41     S
19  69.3  78.3   17:08  61.4   23:54   0.2   4.5  0.85   4.0  14.5   16:48     S
20  66.5  77.3   15:25  56.0   06:13   2.3   3.7  0.01   4.1  15.2   13:09     S
21  69.1  78.5   12:09  57.8   04:47   1.5   5.3  0.21   2.1   9.8   10:38     S
22  72.3  82.5   14:55  61.6   05:25   0.5   7.9  0.07   3.5  16.8   16:44     S
23  70.4  76.2   13:55  67.4   22:29   0.0   5.4  0.85   5.0  18.3   13:43     S
24  71.1  79.1   15:32  62.9   23:39   0.1   6.2  0.25   4.4  17.4   12:45     S
25  65.5  75.1   14:30  58.2   05:20   2.4   2.9  0.04   3.3  22.8   14:12     S
26  63.1  74.0   16:28  51.5   06:11   4.3   2.5  0.00   3.5  19.0   15:32     S
----------------------------------------------------------------------------------
    68.6  90.9    13    49.4     8    52.5 144.7  5.20   3.3  28.2    16       S

Max >=  80.0 11
Max <=  32.0  0
Min <=  32.0  0
Min <=   0.0  0
Max Rain: 0.99 on day 16
Days of Rain: 16 (>= 0.01 in)  9 (>= 0.10 in)  0 (>= 1.00 in)
Heat Base: 65.0  Cool Base: 65.0  Method: Integration