nws-alerts: Checking more than four warning/county codes can delay the loading of your pages. You should use a cron job to get the data.

NOAA-Style Climate Reports


Report for 2019 June
                   Monthly Climatological Summary for Jun 2019

Name: Westmoreland Weather   City: Export   State: Pennsylvania
Elevation: 1286 ft  Lat: N 40 26 44   Lon: W 079 35 30

                  Temperature (°F), Rain (in), Wind Speed (mph)

                                      Heat  Cool        Avg
    Mean                              Deg   Deg         Wind                 Dom
Day Temp  High   Time   Low    Time   Days  Days  Rain  Speed High   Time    Dir
----------------------------------------------------------------------------------
01  66.6  81.0   16:16  54.6   04:41   2.8   4.4  0.00   4.1  15.2   15:26     S
02  62.7  73.7   14:44  51.3   23:53   4.0   1.7  0.38   3.0  13.0   11:13     S
03  56.3  66.8   14:09  47.6   06:19   8.8   0.1  0.00   2.7  13.0   13:38    SE
04  59.5  74.7   16:15  40.7   05:56   8.2   2.7  0.00   3.0  14.5   12:30     S
05  65.9  71.7   11:59  60.0   05:39   1.2   2.1  0.01   5.0  19.7   15:26     S
06  70.3  80.9   16:26  63.0   23:51   0.1   5.4  0.00   2.1   8.3   13:30   SSE
07  68.6  79.4   15:46  59.3   05:42   1.6   5.2  0.00   2.1  10.7   12:45    NW
08  70.9  83.0   15:57  59.4   05:42   1.2   7.1  0.00   3.7  14.5   13:34   ENE
09  72.0  79.8   14:36  65.9   21:55   0.0   7.0  0.00   6.0  22.8   11:10   SSW
10  68.2  79.4   14:06  59.1   23:42   1.0   4.1  0.32   4.0  15.2   16:58     S
11  63.0  76.7   15:59  50.4   06:10   5.0   3.0  0.01   2.7  13.6   15:16     E
12  62.8  75.6   12:54  47.0   05:14   5.4   3.2  0.00   4.1  17.4   14:58   SSW
13  60.7  68.6   14:23  55.7   23:59   4.5   0.2  0.20   5.9  22.8   14:51     S
14  60.2  71.0   16:40  49.0   03:19   6.0   1.3  0.12   5.5  20.6   00:08     S
15  63.9  73.1   14:56  52.8   04:38   3.5   2.3  0.00   4.1  19.0   17:31     S
16  68.3  74.9   18:08  62.9   05:11   0.3   3.6  0.34   4.4  19.0   08:07     S
17  69.6  77.3   16:30  65.2   02:55   0.0   4.6  0.25   3.3  15.9   02:35     S
18  70.5  77.8   13:15  66.8   08:40   0.0   5.5  0.14   2.9  12.1   16:45     S
19  71.3  77.6   13:35  66.6   02:25   0.0   6.3  0.19   1.1   6.9   08:25     S
20  69.5  74.7   15:15  65.6   23:46   0.0   4.5  0.52   4.1  13.6   15:45     S
21  66.8  76.5   13:18  56.7   23:58   1.7   3.5  0.06   3.9  12.1   15:45   SSE
22  64.7  79.4   16:14  49.4   06:11   4.7   4.4  0.00   1.4   7.6   12:50   NNE
23  67.9  81.9   16:48  51.9   06:26   3.6   6.6  0.00   1.5   9.2   14:22     S
24  72.3  83.4   17:04  60.7   02:56   1.0   8.4  0.14   3.4  15.9   14:23     S
----------------------------------------------------------------------------------
    66.4  83.4    24    40.7     4    64.6  97.2  2.68   3.5  22.8     9       S

Max >=  80.0  5
Max <=  32.0  0
Min <=  32.0  0
Min <=   0.0  0
Max Rain: 0.52 on day 20
Days of Rain: 13 (>= 0.01 in)  10 (>= 0.10 in)  0 (>= 1.00 in)
Heat Base: 65.0  Cool Base: 65.0  Method: Integration