nws-alerts: Checking more than four warning/county codes can delay the loading of your pages. You should use a cron job to get the data.

NOAA-Style Climate Reports


Report for 2011 October
                   Monthly Climatological Summary for Oct 2011

Name: Westmoreland Weather   City: Export   State: Pennsylvania
Elevation: 1286 ft  Lat: N 40° 26' 47"   Lon: W 079° 35' 30"

                  Temperature (°F), Rain (in), Wind Speed (mph)

                                      Heat  Cool        Avg
    Mean                              Deg   Deg         Wind                 Dom
Day Temp  High   Time   Low    Time   Days  Days  Rain  Speed High   Time    Dir
----------------------------------------------------------------------------------
10  58.9  64.9   20:05  56.3   23:59   1.0   0.0  0.00   0.1   1.6   20:34   NNW
11  63.7  76.5   11:22  48.9   07:29   4.7   3.4  0.00   1.4   9.2   11:23     E
12  58.9  63.3   00:00  55.0   08:05   6.1   0.0  0.33   1.7   9.8   08:51    NE
13  63.4  76.5   13:41  57.2   06:58   3.2   1.6  0.11   2.2  13.0   19:41    SE
14  57.6  62.1   14:38  50.9   23:53   7.5   0.0  0.00   6.3  21.3   15:54     S
15  53.4  60.8   15:42  48.2   01:35  11.6   0.0  0.09   8.9  32.7   13:39   SSW
16  56.6  68.7   15:52  48.4   04:30   8.7   0.3  0.15   5.0  24.4   16:08   SSW
17  55.1  65.5   15:14  45.7   07:33   9.9   0.0  0.04   5.3  22.8   12:18   SSW
18  59.4  75.2   15:41  51.6   06:50   7.1   1.5  0.00   1.5   9.2   12:15   SSW
19  61.2  69.3   11:08  50.3   23:59   4.4   0.6  0.18   6.0  24.4   21:29    SE
20  43.5  50.3   00:00  40.6   21:06  21.6   0.0  0.19  10.8  28.9   01:25   SSW
21  42.5  46.6   14:07  40.1   06:54  22.5   0.0  0.09   5.1  21.3   01:22   SSW
22  47.7  58.3   15:34  41.7   23:53  17.4   0.0  0.00   1.5  13.0   13:18     S
23  49.9  65.7   15:19  36.0   07:08  15.1   0.0  0.00   1.7  15.2   15:28   SSW
24  51.9  57.0   11:53  46.7   23:55  13.1   0.0  0.05   3.1  14.5   09:32   SSW
25  51.9  65.6   14:55  40.7   07:53  13.1   0.0  0.01   3.5  15.2   15:02   SSW
26  55.0  62.5   14:57  50.1   07:47  10.0   0.0  0.22   5.6  19.7   13:48   SSW
27  45.7  56.5   02:37  34.3   22:10  19.3   0.0  0.76   2.1  10.7   00:45   SSE
28  36.9  42.8   15:25  29.8   07:55  28.1   0.0  0.01   1.6  13.6   20:06   ENE
29  34.9  38.1   15:18  32.0   23:49  30.1   0.0  0.58   0.5   4.5   00:22    NE
30  35.9  49.1   15:26  28.9   02:34  29.1   0.0  0.22   0.8   6.9   14:17   SSE
31  41.5  50.3   15:43  33.8   00:46  23.5   0.0  0.05   2.7  15.2   16:44   SSW
----------------------------------------------------------------------------------
    51.2  76.5    11    28.9    30   307.1   7.4  3.08   3.6  32.7    15       S

Max >=  80.0:  0
Max <=  32.0:  0
Min <=  32.0:  3
Min <=   0.0:  0
Max Rain: 0.76 on day 27
Days of Rain: 16 (> 0.01 in)  9 (> 0.10 in)  0 (> 1.00 in)
Heat Base: 65.0  Cool Base: 65.0  Method: Integration