nws-alerts: Checking more than four warning/county codes can delay the loading of your pages. You should use a cron job to get the data.

NOAA-Style Climate Reports


Report for 2011 November
                   Monthly Climatological Summary for Nov 2011

Name: Westmoreland Weather   City: Export   State: Pennsylvania
Elevation: 1286 ft  Lat: N 40° 26' 47"   Lon: W 079° 35' 30"

                  Temperature (°F), Rain (in), Wind Speed (mph)

                                      Heat  Cool        Avg
    Mean                              Deg   Deg         Wind                 Dom
Day Temp  High   Time   Low    Time   Days  Days  Rain  Speed High   Time    Dir
----------------------------------------------------------------------------------
 1  44.4  60.8   15:39  32.0   07:57  20.6   0.0  0.02   1.1   9.8   13:25     S
 2  47.4  63.3   14:36  33.1   06:22  17.6   0.0  0.00   1.6  12.1   13:31   SSW
 3  51.4  64.4   13:44  39.5   06:57  13.6   0.0  0.00   2.0  12.1   10:32   SSW
 4  48.1  62.8   14:37  36.7   23:54  16.9   0.0  0.00   3.0  13.0   08:51    NE
 5  43.1  60.6   16:00  30.7   06:55  22.0   0.0  0.00   3.5  14.5   15:05   ESE
 6  45.3  62.9   14:38  30.0   06:58  20.6   0.0  0.00   2.1  14.5   11:24     S
 7  50.4  66.9   13:33  33.6   02:27  14.6   0.1  0.00   3.2  15.2   09:08   SSW
 8  53.3  69.8   14:04  39.0   07:14  12.5   0.8  0.00   1.5  13.0   11:57   SSW
 9  54.4  70.3   13:42  37.9   05:54  11.3   0.7  0.14   3.9  22.8   19:54   SSW
10  41.1  54.3   00:00  32.9   23:54  23.9   0.0  0.00   3.9  15.2   02:24    SW
11  34.6  39.9   15:22  30.4   23:27  30.4   0.0  0.02   4.5  19.0   08:28    SW
12  45.7  60.4   14:43  29.8   00:38  19.3   0.0  0.00   6.9  22.1   10:36   SSW
13  56.2  63.1   15:07  49.3   06:17   8.8   0.0  0.00  10.8  25.9   09:00   SSW
14  60.4  68.2   15:58  51.8   07:08   5.4   0.8  0.70   8.6  24.4   14:29   SSW
15  51.7  53.9   02:07  50.2   11:57  13.3   0.0  0.48   3.3  13.0   11:09    SW
16  49.2  53.6   12:11  36.5   23:54  15.8   0.0  0.27   0.8   9.8   21:29   SSE
17  33.6  38.3   13:46  27.3   23:56  31.4   0.0  0.00   3.1  19.7   20:40   SSW
18  31.9  42.2   14:47  23.9   07:43  33.1   0.0  0.00   3.2  14.5   13:09   SSW
19  46.2  55.7   13:09  30.5   00:31  18.8   0.0  0.00   6.4  23.5   11:54   SSW
20  55.1  58.6   09:42  48.4   23:59   9.9   0.0  0.21   6.9  25.9   01:15    SW
21  44.0  48.4   00:00  42.2   10:25  21.0   0.0  0.13   1.5   6.0   09:45    NE
22  46.7  55.0   22:54  43.0   06:43  18.3   0.0  1.02   3.6  11.4   22:29   ESE
23  43.5  55.7   02:39  33.4   23:12  21.5   0.0  0.18   4.7  20.6   07:44   SSW
24  37.1  50.3   15:25  31.3   06:47  27.9   0.0  0.01   4.8  15.9   21:56    SW
25  44.9  58.4   15:20  35.0   01:58  20.1   0.0  0.00   5.6  17.4   12:37   SSW
26  49.8  58.6   15:28  41.3   07:48  15.2   0.0  0.00   4.1  15.2   10:59   SSW
27  53.9  64.0   13:05  49.1   02:07  11.1   0.0  0.18   4.4  17.4   13:02   SSW
28  56.2  64.0   13:03  51.2   04:10   8.8   0.0  0.07   2.1  11.4   21:30   ESE
29  50.8  61.3   12:53  36.3   22:51  14.2   0.0  0.44   6.2  30.4   13:28     S
30  33.8  36.8   00:47  30.5   23:41  31.4   0.0  0.04   5.8  20.6   04:22   SSW
----------------------------------------------------------------------------------
    46.8  70.3     9    23.9    18   549.3   2.4  3.91   4.1  30.4    29     SSW

Max >=  80.0:  0
Max <=  32.0:  0
Min <=  32.0: 10
Min <=   0.0:  0
Max Rain: 1.02 on day 22
Days of Rain: 15 (> 0.01 in)  10 (> 0.10 in)  1 (> 1.00 in)
Heat Base: 65.0  Cool Base: 65.0  Method: Integration