nws-alerts: Checking more than four warning/county codes can delay the loading of your pages. You should use a cron job to get the data.

NOAA-Style Climate Reports


Report for 2011 December
                   Monthly Climatological Summary for Dec 2011

Name: Westmoreland Weather   City: Export   State: Pennsylvania
Elevation: 1286 ft  Lat: N 40° 26' 47"   Lon: W 079° 35' 30"

                  Temperature (°F), Rain (in), Wind Speed (mph)

                                      Heat  Cool        Avg
    Mean                              Deg   Deg         Wind                 Dom
Day Temp  High   Time   Low    Time   Days  Days  Rain  Speed High   Time    Dir
----------------------------------------------------------------------------------
 1  33.5  45.1   14:23  26.0   07:27  31.5   0.0  0.00   1.5  10.7   10:11   SSW
 2  34.0  45.7   13:18  25.9   03:07  31.0   0.0  0.01   2.1  11.4   12:41    SW
 3  38.9  55.9   14:54  25.5   06:32  26.1   0.0  0.00   1.8   9.2   12:23   ESE
 4  47.7  60.4   14:59  35.0   03:29  17.3   0.0  0.00   2.7  19.0   11:59   SSW
 5  52.8  59.3   16:18  46.9   01:48  12.2   0.0  0.09   2.8  16.8   11:46   SSW
 6  45.4  53.0   03:12  40.4   23:11  19.6   0.0  0.07   1.4  12.1   03:11   SSW
 7  36.4  40.6   00:00  28.2   23:39  28.6   0.0  0.33   0.8   6.0   15:04    SE
 8  28.2  31.8   14:10  25.3   04:09  36.8   0.0  0.00   2.0  16.8   13:22   SSW
 9  34.8  42.4   14:59  27.1   07:08  30.2   0.0  0.07   2.8  15.9   12:22   SSW
10  30.3  37.9   13:04  22.8   23:44  34.7   0.0  0.00   2.0  11.4   13:16   SSW
11  28.0  43.7   15:18  17.9   07:42  37.0   0.0  0.00   1.2   9.8   11:06     S
12  31.1  48.0   14:41  19.4   06:53  33.9   0.0  0.00   0.9   9.2   13:11     S
13  34.9  48.7   13:51  22.8   07:02  30.1   0.0  0.00   1.1   9.8   14:32   SSW
14  42.0  49.8   23:13  36.3   03:38  23.1   0.0  0.01   2.1  13.0   19:15     S
15  51.8  54.7   10:07  41.9   23:55  13.2   0.0  0.30   9.5  26.6   10:22    SW
16  34.6  41.9   00:00  31.6   23:32  30.4   0.0  0.00   3.2  19.7   01:09    SW
17  29.4  32.0   00:30  27.3   19:18  35.6   0.0  0.00   2.3   9.2   16:09    SW
18  29.3  33.8   14:01  26.0   07:21  35.7   0.0  0.04   2.9  13.0   23:45   SSW
19  37.1  42.6   13:01  29.5   00:21  27.9   0.0  0.07   8.3  19.7   09:15    SW
20  41.1  43.0   00:25  39.0   08:35  23.9   0.0  0.21   1.5  12.1   00:54    SW
21  49.5  57.9   14:59  41.5   01:14  15.5   0.0  0.67   5.0  22.1   18:42   SSW
22  45.6  49.4   14:58  41.9   23:59  19.4   0.0  0.26   2.0  10.7   12:47   SSW
23  35.3  41.9   00:00  30.5   23:54  29.7   0.0  0.05   1.8   8.3   03:47     S
24  32.2  40.1   11:55  28.4   04:13  32.7   0.0  0.00   1.4   7.6   11:00   SSW
25  35.5  44.0   14:06  28.0   06:31  29.5   0.0  0.01   6.9  22.1   16:42   SSW
26  35.6  41.7   13:43  32.0   22:51  29.4   0.0  0.00   2.9  11.4   13:05   SSW
27  36.6  40.3   17:44  32.5   23:55  28.4   0.0  0.70   3.8  19.0   22:37   SSW
28  27.8  33.1   01:33  21.5   22:54  37.2   0.0  0.00   1.6  15.2   02:10   WSW
29  30.6  41.0   23:12  20.5   04:54  34.4   0.0  0.02   3.5  16.8   14:20   SSW
30  43.9  52.1   15:02  35.6   06:14  21.1   0.0  0.00   5.7  18.3   11:08     S
31  40.8  44.9   00:00  38.1   23:46  24.2   0.0  0.01   3.9  13.6   09:58    SW
----------------------------------------------------------------------------------
    37.2  60.4     4    17.9    11   860.3   0.0  2.92   3.0  26.6    15     SSW

Max >=  80.0:  0
Max <=  32.0:  2
Min <=  32.0: 20
Min <=   0.0:  0
Max Rain: 0.70 on day 27
Days of Rain: 17 (> 0.01 in)  6 (> 0.10 in)  0 (> 1.00 in)
Heat Base: 65.0  Cool Base: 65.0  Method: Integration