nws-alerts: Checking more than four warning/county codes can delay the loading of your pages. You should use a cron job to get the data.

NOAA-Style Climate Reports


Report for 2012
                   Annual Climatological Summary for 2012

Name: Westmoreland Weather   City: Export   State: Pennsylvania
Elevation: 1286 ft  Lat: N 40° 26' 47"   Lon: W 079° 35' 30"

                  Temperature (°F), Heat Base: 65.0  Cool Base: 65.0
                          Dep.  Heat  Cool                       Max  Max  Min  Min
        Mean  Mean        From  Deg   Deg                        >=   <=   <=   <=
 YR MO  Max   Min   Mean  Norm  Days  Days  Hi  Date  Low  Date 80.0 32.0 32.0   0.0
------------------------------------------------------------------------------------
 12  1  42.2  24.0  32.3   4.8  1014     0  59.0  23   7.9   20    0    7   24    0
 12  2  44.6  27.0  34.9   4.4   872     0  61.5  29  12.0   12    0    4   23    0
 12  3  62.6  39.4  50.7  10.9   480    35  85.6  20  19.4    6    4    0   11    0
 12  4  62.0  37.0  49.0  -0.9   500    19  82.0  16  28.7   24    2    0   10    0
 12  5  77.7  54.1  65.3   5.3   126   135  89.6  27  37.0   11   14    0    0    0
 12  6  80.0  56.1  68.0  -0.4    88   179  95.7  29  46.2    5   18    0    0    0
 12  7  85.4  63.8  73.5   0.9    11   275  96.2   7  55.0   25   27    0    0    0
 12  8  82.8  59.1  69.6  -1.4    51   193  91.9   3  50.5   30   22    0    0    0
 12  9  73.4  52.9  62.1  -1.9   179    92  89.2   6  40.4   20    9    0    0    0
 12 10  63.0  43.6  52.4  -0.1   419    27  83.1  25  30.9   30    2    0    3    0
 12 11  50.3  29.5  38.8  -3.5   788     1  71.0  11  23.2    8    0    1   23    0
 12 12  45.6  30.8  37.9   5.4   841     0  66.7   4  18.3   31    0    4   21    0
------------------------------------------------------------------------------------
        64.1  43.1  52.9   1.9  5373   961  96.2 Jul   7.9  Jan   98   16  115    0

                                Precipitation (in)

              Dep.   Max        Days of Rain
              From   Obs.           >=
 YR MO Total  Norm   Day Date 0.01 0.10 1.00
---------------------------------------------
 12  1  3.39  0.69  0.63  11    15    9    0
 12  2  2.51  0.14  0.85  24    17    4    0
 12  3  3.53  0.36  0.99   8    16    9    0
 12  4  1.87 -1.14  0.87  23    13    5    0
 12  5  4.00  0.20  1.04  27    14    9    1
 12  6  1.49 -2.63  0.41   1    14    4    0
 12  7  5.94  1.98  1.18  26    18   11    3
 12  8  1.58 -1.80  0.48   5    10    5    0
 12  9  3.54  0.33  0.98  18    16    6    0
 12 10  5.82  3.57  2.70  29    17    8    1
 12 11  0.67 -2.35  0.25  12    11    2    0
 12 12  4.18  1.32  0.97  20    19    7    0
---------------------------------------------
       38.52  0.67  2.70  Oct  180   79    5

                                Wind Speed (mph)
                          Dom
 YR MO   Avg.  Hi   Date  Dir
------------------------------
 12  1   4.8  31.1    1   SSW
 12  2   3.7  36.5   24   SSW
 12  3   4.3  33.6    3   SSW
 12  4   3.4  28.2   16     S
 12  5   2.6  22.8   29     S
 12  6   2.9  22.8    2     S
 12  7   2.7  25.1   15     S
 12  8   2.2  19.0    5     S
 12  9   2.6  24.4    8     S
 12 10   3.4  22.1   14     S
 12 11   2.7  23.5   12     S
 12 12   3.7  31.1    2   SSW
------------------------------
         3.2  36.5  Feb     S