nws-alerts: Checking more than four warning/county codes can delay the loading of your pages. You should use a cron job to get the data.

NOAA-Style Climate Reports


Report for 2012 January
                   Monthly Climatological Summary for Jan 2012

Name: Westmoreland Weather   City: Export   State: Pennsylvania
Elevation: 1286 ft  Lat: N 40° 26' 47"   Lon: W 079° 35' 30"

                  Temperature (°F), Rain (in), Wind Speed (mph)

                                      Heat  Cool        Avg
    Mean                              Deg   Deg         Wind                 Dom
Day Temp  High   Time   Low    Time   Days  Days  Rain  Speed High   Time    Dir
----------------------------------------------------------------------------------
 1  40.8  55.7   14:59  30.2   23:59  24.2   0.0  0.37   7.0  31.1   16:53   SSW
 2  25.7  30.2   00:00  21.0   23:53  39.3   0.0  0.00   7.5  21.3   00:12    SW
 3  16.7  23.0   10:41   9.8   23:47  48.3   0.0  0.00   3.8  19.0   11:33     S
 4  18.6  27.8   14:38   8.6   03:45  46.4   0.0  0.00   6.5  22.8   11:50    SW
 5  30.8  38.1   15:14  24.4   00:00  34.3   0.0  0.00   4.8  15.9   11:07    SW
 6  42.9  55.9   15:04  32.2   00:00  22.1   0.0  0.00   7.6  26.6   12:54   SSW
 7  43.6  55.2   14:26  33.4   22:48  21.4   0.0  0.00   4.8  17.4   11:07    SW
 8  34.4  44.0   15:18  28.9   22:35  30.6   0.0  0.00   1.2   9.8   14:51   ESE
 9  35.9  49.6   13:46  27.8   08:00  29.1   0.0  0.00   1.9  10.7   14:17   SSE
10  36.8  49.1   13:35  29.6   07:38  28.2   0.0  0.00   3.1  15.9   13:57    SW
11  35.6  45.8   11:20  26.2   05:42  29.4   0.0  0.63   4.4  22.1   22:35    SE
12  41.5  43.3   15:45  33.4   23:59  23.5   0.0  0.34   5.0  22.1   23:40   SSW
13  18.5  33.4   00:00  14.3   09:53  46.5   0.0  0.14   0.9  20.6   00:12    SW
14  18.2  22.1   13:57  15.2   03:18  46.8   0.0  0.00   3.9  13.0   00:17    SW
15  20.7  30.5   11:57  11.5   08:09  44.3   0.0  0.00   1.1   9.2   11:36   SSW
16  32.0  46.4   12:37  17.8   03:07  33.0   0.0  0.05   4.8  19.0   22:31   SSW
17  45.1  51.2   17:32  35.2   23:59  19.9   0.0  0.38  11.6  30.4   17:46   SSW
18  26.2  35.2   00:00  19.6   23:54  38.8   0.0  0.00   4.4  21.3   00:59   SSW
19  23.9  30.9   14:54  17.9   04:19  41.1   0.0  0.01   5.4  25.9   15:35   SSW
20  20.2  34.3   12:05   7.9   08:26  44.8   0.0  0.00   1.6   8.3   13:56   ENE
21  25.2  31.6   14:51  16.0   23:54  39.8   0.0  0.00   0.2   7.6   00:43    NE
22  27.0  42.1   15:17  12.2   02:36  38.0   0.0  0.25   3.0  13.6   12:48    SE
23  44.3  59.0   15:00  33.2   00:00  20.7   0.0  0.28   6.3  29.8   17:33   SSE
24  36.8  43.5   00:00  30.9   22:49  28.2   0.0  0.01   6.7  25.9   02:38    SW
25  33.0  39.2   15:24  29.1   05:22  32.0   0.0  0.00   1.8   7.6   12:58    SE
26  41.3  55.0   22:08  32.9   00:58  23.7   0.0  0.38   3.1  15.9   20:20   SSE
27  41.2  54.1   03:24  31.3   19:14  23.9   0.0  0.45   6.3  24.4   03:35    SW
28  32.9  41.3   11:32  27.7   23:58  32.1   0.0  0.07   7.1  26.6   11:27    SW
29  30.5  40.1   14:47  23.7   07:19  34.5   0.0  0.02   8.2  28.2   12:32   SSW
30  30.3  43.3   22:41  20.6   07:39  34.7   0.0  0.01   5.5  18.3   22:21   SSW
31  49.8  58.4   14:51  41.2   05:59  15.2   0.0  0.00   9.2  25.9   23:55   SSW
----------------------------------------------------------------------------------
    32.3  59.0    23     7.9    20  1014.8   0.0  3.39   4.8  31.1     1     SSW

Max >=  80.0:  0
Max <=  32.0:  7
Min <=  32.0: 24
Min <=   0.0:  0
Max Rain: 0.63 on day 11
Days of Rain: 15 (> 0.01 in)  9 (> 0.10 in)  0 (> 1.00 in)
Heat Base: 65.0  Cool Base: 65.0  Method: Integration