nws-alerts: Checking more than four warning/county codes can delay the loading of your pages. You should use a cron job to get the data.

NOAA-Style Climate Reports


Report for 2012 February
                   Monthly Climatological Summary for Feb 2012

Name: Westmoreland Weather   City: Export   State: Pennsylvania
Elevation: 1286 ft  Lat: N 40° 26' 47"   Lon: W 079° 35' 30"

                  Temperature (°F), Rain (in), Wind Speed (mph)

                                      Heat  Cool        Avg
    Mean                              Deg   Deg         Wind                 Dom
Day Temp  High   Time   Low    Time   Days  Days  Rain  Speed High   Time    Dir
----------------------------------------------------------------------------------
 1  47.4  55.6   14:06  39.5   23:56  17.6   0.0  0.07   5.9  21.3   04:31    SW
 2  35.5  39.5   00:00  32.5   22:36  29.5   0.0  0.00   2.2  14.5   14:59     S
 3  37.3  50.2   15:20  28.9   07:40  27.7   0.0  0.00   1.4   9.8   12:31   SSE
 4  33.3  36.7   10:57  27.5   02:21  31.7   0.0  0.09   0.8   3.8   10:14    NE
 5  37.6  51.1   13:38  28.9   23:53  27.4   0.0  0.02   1.5   9.2   11:07   ENE
 6  35.1  49.1   15:02  24.4   07:07  29.9   0.0  0.00   3.1  15.2   12:16    SW
 7  35.2  47.8   14:07  28.7   05:59  29.8   0.0  0.00   1.5  10.7   11:58    SE
 8  30.5  35.0   13:22  26.0   23:41  34.5   0.0  0.05   0.6   4.5   14:09    NE
 9  27.7  37.2   15:02  21.2   05:56  37.3   0.0  0.07   2.8  15.2   15:59     S
10  28.9  31.8   15:59  26.0   00:15  36.1   0.0  0.00   4.2  13.6   11:11   SSW
11  21.8  28.2   09:28  14.2   23:32  43.2   0.0  0.01   4.4  22.8   15:18   SSW
12  16.7  21.4   15:11  12.0   04:54  48.3   0.0  0.04   6.6  19.0   12:00    SW
13  24.9  37.9   13:53  12.9   04:52  40.1   0.0  0.01   5.4  19.7   12:32    SW
14  33.3  40.3   10:24  28.7   00:00  31.7   0.0  0.09   3.2  15.9   11:56   SSW
15  34.4  39.5   14:33  31.8   04:56  30.6   0.0  0.01   2.6  11.4   12:06    SW
16  40.7  46.7   13:45  34.3   00:36  24.2   0.0  0.24   2.9   9.8   09:40   SSW
17  37.6  46.4   14:21  29.8   23:24  27.4   0.0  0.01   3.7  19.0   12:41    SW
18  34.3  46.6   14:48  27.1   23:26  30.7   0.0  0.00   4.2  18.3   12:20   SSW
19  32.9  46.4   15:04  26.2   05:53  32.1   0.0  0.00   2.4  13.0   13:25    NE
20  32.8  50.5   14:53  21.2   07:23  32.2   0.0  0.00   1.7  11.4   12:30   ENE
21  37.7  48.4   15:55  25.5   05:24  27.3   0.0  0.00   3.9  20.6   23:54   SSW
22  44.0  52.5   13:17  33.8   07:07  21.0   0.0  0.02   6.5  25.9   12:55   SSW
23  45.3  52.9   14:23  37.0   07:21  19.7   0.0  0.11   4.4  15.9   14:24   SSW
24  43.0  55.9   11:28  29.1   23:23  22.0   0.0  0.85   8.3  36.5   16:37    SW
25  27.2  30.0   00:13  25.0   07:51  37.8   0.0  0.00   7.3  20.6   00:20    SW
26  32.1  42.8   15:51  23.9   07:10  32.9   0.0  0.00   3.1  13.0   11:50   SSW
27  40.8  56.6   13:04  25.7   03:35  24.2   0.0  0.04   6.7  26.6   12:17   SSW
28  37.4  53.9   15:08  23.9   07:04  27.6   0.0  0.00   2.0  11.4   11:52     E
29  47.2  61.5   15:11  37.9   02:20  17.8   0.0  0.78   4.8  20.6   23:19     S
----------------------------------------------------------------------------------
    34.9  61.5    29    12.0    12   872.3   0.0  2.51   3.7  36.5    24     SSW

Max >=  80.0:  0
Max <=  32.0:  4
Min <=  32.0: 23
Min <=   0.0:  0
Max Rain: 0.85 on day 24
Days of Rain: 17 (>= 0.01 in)  4 (>= 0.10 in)  0 (>= 1.00 in)
Heat Base: 65.0  Cool Base: 65.0  Method: Integration