nws-alerts: Checking more than four warning/county codes can delay the loading of your pages. You should use a cron job to get the data.

NOAA-Style Climate Reports


Report for 2012 March
                   Monthly Climatological Summary for Mar 2012

Name: Westmoreland Weather   City: Export   State: Pennsylvania
Elevation: 1286 ft  Lat: N 40° 26' 47"   Lon: W 079° 35' 30"

                  Temperature (°F), Rain (in), Wind Speed (mph)

                                      Heat  Cool        Avg
    Mean                              Deg   Deg         Wind                 Dom
Day Temp  High   Time   Low    Time   Days  Days  Rain  Speed High   Time    Dir
----------------------------------------------------------------------------------
 1  42.3  54.5   00:43  32.2   23:48  22.7   0.0  0.06   6.1  27.3   11:42   WSW
 2  43.7  60.1   12:27  30.0   01:48  21.3   0.0  0.12   5.7  21.3   21:36   SSE
 3  40.8  56.1   00:44  30.9   23:58  24.3   0.0  0.04   9.3  33.6   11:33    SW
 4  29.7  34.1   11:09  26.6   21:56  35.3   0.0  0.00   4.9  22.8   11:12    SW
 5  27.9  33.1   12:53  24.2   23:46  37.1   0.0  0.08   3.0  13.6   14:15     S
 6  33.4  48.0   17:42  19.4   05:23  31.6   0.0  0.01   3.4  15.2   10:13     S
 7  54.1  65.5   14:07  43.1   06:38  10.9   0.0  0.01   9.1  24.4   14:32   SSW
 8  51.6  61.1   10:27  36.3   23:58  13.5   0.0  0.99  10.9  30.4   10:21   SSW
 9  34.0  42.2   14:25  26.8   23:58  31.0   0.0  0.00   4.6  20.6   11:30    SW
10  32.3  42.6   14:47  21.5   06:35  32.7   0.0  0.00   2.7  13.0   10:35     S
11  47.3  65.6   16:00  27.3   07:32  17.0   0.0  0.00   3.3  15.2   15:25   SSW
12  49.0  59.9   12:22  39.4   06:40  16.0   0.0  0.30   3.4  20.6   23:23   SSW
13  60.1  70.9   16:35  53.4   03:55   5.9   0.9  0.00   7.0  19.0   00:00    SW
14  58.7  75.2   16:16  42.2   07:58   8.3   2.0  0.00   2.5  14.5   14:49   SSW
15  61.1  71.9   13:32  48.9   04:13   5.6   1.7  0.00   4.3  19.0   16:40    SW
16  60.8  69.8   17:09  53.4   04:32   4.9   0.7  0.20   3.9  15.9   06:20    SW
17  63.3  81.3   15:16  45.8   07:20   6.2   4.5  0.00   2.7  12.1   16:58   SSE
18  64.6  70.9   15:10  59.9   08:28   2.0   1.6  0.00   3.5  20.6   10:42   SSW
19  62.1  74.5   16:46  54.8   05:56   4.5   1.6  0.21   2.4  13.0   04:33    SE
20  66.3  85.6   15:53  49.4   06:39   5.0   6.3  0.00   2.5   8.3   14:53     E
21  64.4  78.8   15:15  51.8   07:26   4.1   3.5  0.00   3.8  15.2   16:53    SE
22  65.4  82.9   15:44  48.5   07:22   5.0   5.4  0.00   2.1  13.0   13:59    NE
23  66.8  84.2   14:23  49.8   05:27   4.6   6.5  0.17   3.0  23.5   21:15   SSE
24  59.8  64.6   16:34  56.1   23:50   5.2   0.0  0.57   2.7  11.4   13:34    SE
25  54.6  59.5   17:22  48.5   23:59  10.4   0.0  0.00   1.9   9.2   18:09     E
26  42.0  51.8   13:38  29.3   23:56  23.0   0.0  0.01   3.6  15.9   14:43    SE
27  38.2  53.0   16:45  23.5   07:26  26.8   0.0  0.00   2.1  12.1   14:08   SSE
28  57.9  71.6   17:36  43.1   00:34   8.1   1.1  0.38   7.8  22.1   19:19    SW
29  43.8  52.7   16:51  33.6   23:45  21.2   0.0  0.00   3.5  11.4   12:26    SE
30  46.9  62.8   16:15  29.1   03:46  18.1   0.0  0.37   3.2  13.6   16:18   SSE
31  47.3  54.8   01:59  41.3   23:37  17.7   0.0  0.01   3.4  13.6   02:57     S
----------------------------------------------------------------------------------
    50.7  85.6    20    19.4     6   480.0  35.8  3.53   4.3  33.6     3     SSW

Max >=  80.0:  4
Max <=  32.0:  0
Min <=  32.0: 11
Min <=   0.0:  0
Max Rain: 0.99 on day 8
Days of Rain: 16 (>= 0.01 in)  9 (>= 0.10 in)  0 (>= 1.00 in)
Heat Base: 65.0  Cool Base: 65.0  Method: Integration