nws-alerts: Checking more than four warning/county codes can delay the loading of your pages. You should use a cron job to get the data.

NOAA-Style Climate Reports


Report for 2012 April
                   Monthly Climatological Summary for Apr 2012

Name: Westmoreland Weather   City: Export   State: Pennsylvania
Elevation: 1286 ft  Lat: N 40° 26' 47"   Lon: W 079° 35' 30"

                  Temperature (°F), Rain (in), Wind Speed (mph)

                                      Heat  Cool        Avg
    Mean                              Deg   Deg         Wind                 Dom
Day Temp  High   Time   Low    Time   Days  Days  Rain  Speed High   Time    Dir
----------------------------------------------------------------------------------
 1  48.9  61.7   16:57  39.7   06:53  16.1   0.0  0.04   3.8  14.5   13:53   SSW
 2  49.0  62.6   15:58  39.9   06:53  16.0   0.0  0.00   3.2  12.1   13:25     E
 3  50.3  68.2   13:38  29.6   07:34  14.9   0.2  0.00   2.0  12.1   16:48   SSE
 4  54.7  69.8   15:49  39.7   23:55  10.7   0.4  0.00   2.9  16.8   13:33    SE
 5  45.5  62.0   16:17  32.3   06:52  19.5   0.0  0.00   2.8  15.9   12:12   ENE
 6  44.5  62.0   16:03  29.5   07:07  20.5   0.0  0.00   3.4  15.2   14:05   ENE
 7  45.9  62.6   15:10  29.6   07:16  19.1   0.0  0.00   2.3  16.8   13:05   ESE
 8  46.7  61.3   12:14  35.0   03:46  18.3   0.0  0.00   3.8  21.3   17:53   SSW
 9  46.3  56.6   13:57  37.9   23:57  18.7   0.0  0.14   5.6  19.7   13:59   SSW
10  39.9  48.2   11:07  34.9   23:51  25.1   0.0  0.01   3.8  18.3   10:22   SSW
11  37.1  46.6   17:52  30.0   07:16  27.9   0.0  0.05   3.9  13.0   14:30     S
12  41.7  55.0   16:18  29.5   06:30  23.3   0.0  0.00   2.1  10.7   11:15   ESE
13  47.8  64.0   15:21  30.9   07:18  17.2   0.0  0.00   2.2  14.5   13:22   ESE
14  49.2  63.1   12:39  35.6   06:55  15.8   0.0  0.20   3.6  17.4   13:23   SSW
15  62.9  77.2   16:56  51.4   00:00   5.2   3.1  0.02   5.4  23.5   13:37    SW
16  70.6  82.0   16:20  60.1   05:59   1.2   6.8  0.00   8.9  28.2   15:27    SW
17  55.0  63.7   15:41  44.4   06:49  10.0   0.0  0.00   3.3  14.5   00:17   SSW
18  52.1  64.9   16:24  41.5   05:47  12.9   0.0  0.00   2.5  11.4   13:16   SSE
19  57.1  74.6   15:25  44.0   07:29   9.4   1.5  0.01   2.5  13.0   13:33   SSW
20  62.7  76.3   16:09  45.7   07:07   5.7   3.4  0.00   3.9  16.8   14:09   SSW
21  49.9  63.8   00:14  41.0   23:52  15.1   0.0  0.25   2.0   8.3   09:18   SSE
22  41.1  44.4   15:12  36.5   23:56  23.9   0.0  0.02   2.7   8.3   11:57     E
23  34.0  36.8   15:07  31.3   04:48  31.0   0.0  0.87   2.9  15.9   18:36     S
24  41.3  52.7   14:11  28.7   06:16  23.7   0.0  0.06   4.2  26.6   14:48     S
25  50.4  63.8   14:37  35.2   06:23  14.6   0.0  0.00   3.0  16.8   12:31     S
26  53.8  66.9   15:28  39.9   23:58  11.3   0.0  0.15   4.1  19.0   15:29     S
27  41.7  52.0   17:14  34.3   23:59  23.3   0.0  0.00   3.9  15.2   12:12     S
28  38.1  45.8   13:25  29.1   03:48  26.9   0.0  0.05   1.9   9.8   12:07   ENE
29  50.2  69.8   15:47  30.2   06:27  15.1   0.3  0.00   2.3  11.4   17:57     E
30  61.2  82.0   15:55  42.1   02:39   8.0   4.2  0.00   3.7  13.0   09:12    SE
----------------------------------------------------------------------------------
    49.0  82.0    16    28.7    24   500.4  19.9  1.87   3.4  28.2    16       S

Max >=  80.0:  2
Max <=  32.0:  0
Min <=  32.0: 10
Min <=   0.0:  0
Max Rain: 0.87 on day 23
Days of Rain: 13 (>= 0.01 in)  5 (>= 0.10 in)  0 (>= 1.00 in)
Heat Base: 65.0  Cool Base: 65.0  Method: Integration