nws-alerts: Checking more than four warning/county codes can delay the loading of your pages. You should use a cron job to get the data.

NOAA-Style Climate Reports


Report for 2012 May
                   Monthly Climatological Summary for May 2012

Name: Westmoreland Weather   City: Export   State: Pennsylvania
Elevation: 1286 ft  Lat: N 40° 26' 47"   Lon: W 079° 35' 30"

                  Temperature (°F), Rain (in), Wind Speed (mph)

                                      Heat  Cool        Avg
    Mean                              Deg   Deg         Wind                 Dom
Day Temp  High   Time   Low    Time   Days  Days  Rain  Speed High   Time    Dir
----------------------------------------------------------------------------------
 1  65.8  74.3   17:15  59.5   03:07   2.0   2.8  0.17   4.0  15.9   13:54   SSW
 2  67.5  80.8   16:28  58.1   01:27   2.4   4.9  0.11   4.8  19.7   16:49   SSW
 3  72.8  85.4   16:21  62.2   06:49   0.3   8.1  0.24   3.2  15.2   15:06   SSW
 4  71.4  82.2   14:35  61.9   07:06   0.3   6.6  0.00   3.5  19.0   09:36   SSW
 5  69.2  81.1   14:25  60.8   06:19   0.7   4.9  0.00   2.2  10.7   13:47    NE
 6  68.0  83.1   15:59  55.6   06:28   2.4   5.4  0.00   1.8  10.7   11:29    SE
 7  68.4  79.9   15:59  57.7   05:07   1.7   5.1  0.28   3.9  15.9   13:40     S
 8  62.9  70.3   16:43  56.3   08:12   2.8   0.6  0.96   3.9  13.0   05:11     S
 9  56.6  63.1   15:51  48.2   23:58   8.4   0.0  0.04   1.5  11.4   16:48     S
10  49.9  59.0   14:32  42.1   23:56  15.1   0.0  0.02   3.3  13.6   11:48   SSE
11  53.6  68.9   16:27  37.0   05:19  11.9   0.5  0.00   2.9  14.5   11:25   SSE
12  58.9  72.7   16:59  41.9   05:58   8.0   1.9  0.00   2.4  13.0   13:16     S
13  56.3  62.4   10:45  52.7   04:38   8.7   0.0  0.30   0.5   4.5   12:33    SE
14  58.4  64.4   14:01  53.6   05:45   6.6   0.0  0.11   1.2   5.4   11:03     N
15  63.3  75.4   15:07  56.1   04:54   3.8   2.1  0.00   1.7   9.2   16:51   SSE
16  62.4  77.2   13:42  48.7   23:46   5.3   2.7  0.00   4.4  19.7   12:50     S
17  54.9  71.4   16:52  38.1   06:34  11.0   0.9  0.00   2.0   9.2   09:59   ENE
18  61.4  80.0   15:11  41.3   05:42   8.0   4.5  0.00   1.9   9.8   14:04     E
19  66.1  83.6   15:59  47.1   06:21   5.3   6.4  0.00   1.4   9.2   13:43     E
20  70.6  86.3   15:45  53.0   06:14   3.1   8.7  0.00   2.1  14.5   16:44     E
21  66.3  77.3   15:07  53.4   06:36   2.7   4.0  0.00   2.1   9.8   13:12     E
22  65.4  84.0   14:26  55.0   06:18   3.1   3.5  0.05   1.2   7.6   10:34     E
23  65.5  78.2   16:37  54.3   06:10   3.2   3.6  0.02   1.7   9.2   15:53   ENE
24  68.4  78.8   15:48  59.2   03:10   1.4   4.9  0.07   3.2  13.6   18:06   SSE
25  73.3  85.3   16:17  60.8   06:18   0.6   8.9  0.00   3.5  15.2   10:01     S
26  76.4  88.7   13:33  66.7   06:44   0.0  11.4  0.00   1.9   9.8   11:56   SSE
27  73.2  89.6   14:44  63.1   06:14   0.2   8.4  1.04   2.2  18.3   17:05   SSE
28  73.8  86.7   15:48  60.8   06:14   0.9   9.7  0.00   2.8  13.0   10:14   SSW
29  71.3  83.1   12:39  64.6   23:54   0.0   6.3  0.59   3.6  22.8   13:23   SSW
30  67.3  79.5   13:42  57.5   05:55   2.2   4.6  0.00   2.8  12.1   11:45     S
31  64.1  77.3   16:07  49.4   06:30   4.5   3.6  0.00   1.6   6.9   11:57     E
----------------------------------------------------------------------------------
    65.3  89.6    27    37.0    11   126.6 135.0  4.00   2.6  22.8    29     SSE

Max >=  80.0: 14
Max <=  32.0:  0
Min <=  32.0:  0
Min <=   0.0:  0
Max Rain: 1.04 on day 27
Days of Rain: 14 (>= 0.01 in)  9 (>= 0.10 in)  1 (>= 1.00 in)
Heat Base: 65.0  Cool Base: 65.0  Method: Integration