nws-alerts: Checking more than four warning/county codes can delay the loading of your pages. You should use a cron job to get the data.

NOAA-Style Climate Reports


Report for 2012 June
                   Monthly Climatological Summary for Jun 2012

Name: Westmoreland Weather   City: Export   State: Pennsylvania
Elevation: 1286 ft  Lat: N 40° 26' 47"   Lon: W 079° 35' 30"

                  Temperature (°F), Rain (in), Wind Speed (mph)

                                      Heat  Cool        Avg
    Mean                              Deg   Deg         Wind                 Dom
Day Temp  High   Time   Low    Time   Days  Days  Rain  Speed High   Time    Dir
----------------------------------------------------------------------------------
 1  63.0  69.8   11:41  53.9   23:46   2.6   0.6  0.41   4.9  19.0   17:01     S
 2  57.4  65.3   16:01  49.4   06:12   7.6   0.0  0.00   6.0  22.8   17:34     S
 3  58.5  71.8   15:08  48.9   05:45   7.4   0.9  0.13   4.5  21.3   17:25     S
 4  58.2  66.0   14:53  50.0   06:07   6.9   0.0  0.01   2.2  10.7   11:10    SE
 5  54.7  64.6   14:31  46.2   05:56  10.3   0.0  0.00   1.7   7.6   17:37    NE
 6  60.4  74.3   16:29  46.2   06:07   6.9   2.3  0.01   1.9   9.8   17:24     E
 7  61.0  76.3   15:25  50.2   05:58   6.7   2.7 -0.01   2.4  10.7   14:17   SSE
 8  64.5  79.1   13:28  51.4   06:18   4.8   4.3  0.01   2.3  11.4   11:59     S
 9  69.9  84.0   14:50  56.1   05:37   2.5   7.4  0.00   3.1  15.9   13:45     S
10  73.7  88.0   15:20  56.8   06:18   1.2   9.9  0.00   1.9   8.3   08:33     S
11  71.2  77.7   10:39  63.7   06:25   0.0   6.2  0.06   3.6  14.5   15:35     S
12  70.4  80.8   15:10  63.1   23:55   0.0   5.5  0.35   3.0  10.7   14:13     S
13  63.5  74.8   16:38  52.3   06:34   4.0   2.5  0.01   2.0   9.2   11:59     E
14  65.5  80.0   15:40  52.0   05:39   4.3   4.8  0.00   2.5  13.6   14:43     E
15  68.7  81.8   15:51  54.1   06:07   2.6   6.3  0.00   2.3   9.8   13:07    SE
16  68.8  80.9   16:27  53.8   06:20   2.5   6.3  0.00   2.6  12.1   16:15   SSE
17  70.4  80.2   15:45  57.5   06:07   1.0   6.4  0.01   4.3  13.6   11:07     S
18  70.2  81.5   16:53  64.6   01:59   0.0   5.2  0.34   4.0  19.0   17:30     S
19  76.3  87.2   14:33  65.6   05:45   0.0  11.3  0.01   3.4  13.0   14:28   SSW
20  78.1  90.3   15:07  66.2   05:47   0.0  13.2  0.00   1.6  10.7   13:23     S
21  78.4  89.8   15:10  67.8   04:37   0.0  13.5  0.00   2.3  13.6   13:41     S
22  72.5  81.3   17:24  63.1   23:59   0.0   7.6  0.00   1.6  10.7   17:24    SE
23  69.4  83.8   14:46  55.4   06:31   2.2   6.6  0.00   1.6  10.7   12:10   ESE
24  70.1  81.7   15:34  55.9   06:23   2.1   7.2  0.00   1.2   6.9   11:05   ESE
25  66.2  75.0   13:10  52.7   23:57   1.6   2.9  0.05   3.8  11.4   13:31   SSE
26  62.3  75.9   16:54  47.5   06:03   5.9   3.2  0.00   2.8  13.0   11:43    SE
27  68.3  84.5   16:15  52.0   06:07   3.7   7.0  0.00   2.5  13.6   12:23   SSE
28  76.0  91.4   16:35  60.1   06:12   0.9  11.9  0.00   4.1  15.9   11:41     S
29  81.9  95.7   15:50  66.5   23:56   0.0  16.9  0.09   3.5  21.3   21:39     S
30  71.6  85.4   17:11  59.5   05:46   0.5   7.1  0.01   3.2  13.6   15:11     S
----------------------------------------------------------------------------------
    68.0  95.7    29    46.2     5    88.2 179.7  1.49   2.9  22.8     2     SSE

Max >=  80.0: 18
Max <=  32.0:  0
Min <=  32.0:  0
Min <=   0.0:  0
Max Rain: 0.41 on day 1
Days of Rain: 14 (>= 0.01 in)  4 (>= 0.10 in)  0 (>= 1.00 in)
Heat Base: 65.0  Cool Base: 65.0  Method: Integration