nws-alerts: Checking more than four warning/county codes can delay the loading of your pages. You should use a cron job to get the data.

NOAA-Style Climate Reports


Report for 2012 July
                   Monthly Climatological Summary for Jul 2012

Name: Westmoreland Weather   City: Export   State: Pennsylvania
Elevation: 1286 ft  Lat: N 40° 26' 47"   Lon: W 079° 35' 30"

                  Temperature (°F), Rain (in), Wind Speed (mph)

                                      Heat  Cool        Avg
    Mean                              Deg   Deg         Wind                 Dom
Day Temp  High   Time   Low    Time   Days  Days  Rain  Speed High   Time    Dir
----------------------------------------------------------------------------------
 1  78.8  91.6   16:15  68.5   06:23   0.0  13.8  0.00   3.0  14.5   13:36     S
 2  76.5  90.7   16:18  63.1   05:46   0.1  11.6  0.00   2.1  13.6   13:43   SSE
 3  72.2  87.8   12:51  60.4   06:30   0.6   7.8  0.18   2.2  11.4   12:18     S
 4  74.1  90.3   15:24  63.5   05:46   0.3   9.4  1.05   3.4  15.9   18:10     S
 5  76.6  89.9   15:39  65.3   06:05   0.0  11.6  0.02   2.6  20.6   00:22     S
 6  79.6  92.3   17:10  68.5   05:41   0.0  14.6  0.01   2.1  11.4   12:22     S
 7  79.9  96.2   14:10  66.5   06:55   0.0  14.9  0.01   2.2  15.2   12:39     S
 8  77.4  86.7   14:59  69.1   23:56   0.0  12.4  0.00   1.6   7.6   14:26    SE
 9  73.5  85.6   14:55  62.8   06:11   0.2   8.7  0.00   1.8   8.3   15:37     E
10  72.0  86.3   16:51  57.4   05:16   1.5   8.5  0.00   1.4   6.9   10:18    NE
11  74.4  90.3   16:37  57.4   06:08   1.3  10.7  0.01   1.9   9.2   20:51     E
12  75.8  87.4   15:09  62.8   06:21   0.2  11.0  0.00   2.6  11.4   18:56     S
13  70.7  76.1   11:20  66.5   06:07   0.0   5.7  0.00   3.1  15.2   13:20     S
14  71.0  80.6   17:17  64.9   02:47   0.0   6.0  0.08   1.4   6.9   23:56   ESE
15  73.1  82.0   14:51  67.3   01:21   0.0   8.1  0.56   4.0  25.1   00:24     S
16  76.1  89.4   16:08  68.0   23:56   0.0  11.1  0.00   3.3  13.0   14:38     S
17  78.4  93.4   16:11  64.7   03:33   0.0  13.5  0.00   3.5  20.6   14:16   SSW
18  74.9  89.8   13:45  67.6   23:57   0.0   9.9  0.19   3.8  16.8   14:41     S
19  70.6  80.8   14:21  65.3   06:56   0.0   5.6  0.64   3.2  13.0   14:41     S
20  68.0  72.5   14:09  63.8   23:57   0.0   3.1  0.31   2.8   9.8   04:42     S
21  65.3  71.4   18:24  61.1   06:10   1.3   1.6  0.01   1.5   6.0   01:53   NNE
22  71.2  83.5   14:34  59.3   05:39   1.5   7.6  0.01   2.2  11.4   11:59     S
23  74.1  83.8   18:17  66.7   04:38   0.0   9.1  0.00   4.4  18.3   14:56     S
24  73.9  83.5   16:08  63.8   23:51   0.0   8.9  0.18   3.5  18.3   14:08     S
25  69.4  81.8   16:29  55.0   06:09   2.3   6.7  0.00   2.2  10.7   14:59   SSW
26  75.0  89.2   15:19  65.3   21:46   0.0  10.0  1.18   6.0  20.6   14:36     S
27  71.7  82.6   16:56  65.6   23:57   0.0   6.7  1.04   4.1  14.5   13:54     S
28  67.7  77.0   15:07  64.0   22:58   0.1   2.8  0.13   2.5  11.4   11:45     S
29  71.1  83.6   16:40  59.3   06:30   1.0   7.1  0.00   1.3   7.6   13:35   ENE
30  73.7  87.8   12:47  59.5   06:30   0.9   9.7  0.00   1.6   9.8   15:44   ESE
31  71.8  84.5   14:32  65.5   06:37   0.0   6.8  0.33   2.2  13.6   17:38   SSW
----------------------------------------------------------------------------------
    73.5  96.2     7    55.0    25    11.3 275.0  5.94   2.7  25.1    15       S

Max >=  80.0: 27
Max <=  32.0:  0
Min <=  32.0:  0
Min <=   0.0:  0
Max Rain: 1.18 on day 26
Days of Rain: 18 (>= 0.01 in)  11 (>= 0.10 in)  3 (>= 1.00 in)
Heat Base: 65.0  Cool Base: 65.0  Method: Integration