nws-alerts: Checking more than four warning/county codes can delay the loading of your pages. You should use a cron job to get the data.

NOAA-Style Climate Reports


Report for 2012 August
                   Monthly Climatological Summary for Aug 2012

Name: Westmoreland Weather   City: Export   State: Pennsylvania
Elevation: 1286 ft  Lat: N 40° 26' 47"   Lon: W 079° 35' 30"

                  Temperature (°F), Rain (in), Wind Speed (mph)

                                      Heat  Cool        Avg
    Mean                              Deg   Deg         Wind                 Dom
Day Temp  High   Time   Low    Time   Days  Days  Rain  Speed High   Time    Dir
----------------------------------------------------------------------------------
 1  72.7  86.3   14:58  63.8   06:34   0.1   7.8  0.00   1.9   8.3   14:29     S
 2  73.1  91.4   16:20  60.1   06:10   0.9   9.0  0.00   1.6  10.7   12:32     S
 3  75.7  91.9   17:39  63.5   05:48   0.1  10.8  0.00   1.6   7.6   17:23   ENE
 4  78.3  90.3   14:12  67.4   06:28   0.0  13.3  0.01   3.2  15.2   17:43     S
 5  73.5  78.8   09:17  68.5   18:47   0.0   8.5  0.48   6.1  19.0   14:50     S
 6  73.0  83.5   16:19  63.8   23:49   0.0   8.0  0.01   1.9   8.3   14:15    SE
 7  71.6  85.4   15:55  58.6   07:22   1.5   8.2  0.00   1.5  11.4   12:36     S
 8  73.1  88.7   12:21  59.5   06:30   1.0   9.1  0.43   2.1  15.9   22:10     S
 9  72.7  84.9   14:44  62.9   06:35   0.2   7.9  0.18   2.6  12.1   17:05     S
10  68.8  78.1   15:30  60.8   01:15   0.5   4.4  0.25   4.3  19.0   15:23     S
11  61.9  66.2   16:42  57.9   07:26   3.2   0.0  0.00   4.4  15.9   08:44     S
12  66.0  75.2   16:35  60.2   01:53   1.6   2.7  0.00   2.4  10.7   10:04     S
13  68.7  81.3   14:53  59.0   05:18   1.8   5.5  0.00   1.8  10.7   12:09     S
14  70.1  81.8   13:43  61.9   06:49   0.5   5.6  0.00   1.6  11.4   13:57     S
15  68.1  78.2   15:55  61.3   23:58   0.5   3.7  0.00   1.8   9.2   14:56   SSE
16  68.9  83.5   15:54  56.6   06:52   2.4   6.3  0.00   2.1  11.4   11:58   SSW
17  66.5  71.9   11:10  62.8   15:27   0.4   1.9  0.01   2.3   7.6   06:08     S
18  64.8  78.6   15:30  55.7   06:42   3.1   2.9  0.00   1.3   7.6   13:46     E
19  65.3  79.3   17:35  54.7   03:07   3.7   4.0  0.00   1.5   9.2   13:26   NNE
20  66.2  80.4   12:58  57.0   23:59   2.2   3.4  0.00   1.6   8.3   14:03    SE
21  64.6  81.8   14:59  51.1   06:37   4.8   4.4  0.00   1.7  11.4   13:57    SE
22  66.2  83.1   15:29  52.3   06:45   4.0   5.2  0.00   1.2   9.2   13:39    SE
23  68.9  86.3   15:33  55.6   06:28   2.8   6.6  0.00   1.3  10.7   13:34     S
24  71.0  86.9   14:40  57.0   06:49   2.0   8.0  0.00   1.3   7.6   14:43    SE
25  72.1  87.1   13:59  60.2   04:39   1.1   8.2  0.00   2.2  13.6   17:40   ESE
26  70.1  83.6   14:55  60.2   03:22   1.3   6.5  0.00   2.6  15.9   16:39     E
27  72.0  85.1   12:43  61.9   04:33   0.5   7.5  0.00   2.6  13.0   12:54   SSW
28  71.8  83.8   15:36  61.0   23:54   0.2   7.0  0.08   2.3  10.7   15:21   SSE
29  64.6  79.0   15:28  54.3   07:07   3.7   3.4  0.12   1.4   9.8   14:26   SSE
30  66.3  84.4   15:32  50.5   07:13   4.5   5.8  0.01   1.3   8.3   14:10   SSE
31  70.1  90.1   15:58  53.2   05:56   3.2   8.3  0.00   3.2  14.5   14:17     S
----------------------------------------------------------------------------------
    69.6  91.9     3    50.5    30    51.8 193.9  1.58   2.2  19.0     5       S

Max >=  80.0: 22
Max <=  32.0:  0
Min <=  32.0:  0
Min <=   0.0:  0
Max Rain: 0.48 on day 5
Days of Rain: 10 (>= 0.01 in)  5 (>= 0.10 in)  0 (>= 1.00 in)
Heat Base: 65.0  Cool Base: 65.0  Method: Integration