nws-alerts: Checking more than four warning/county codes can delay the loading of your pages. You should use a cron job to get the data.

NOAA-Style Climate Reports


Report for 2012 September
                   Monthly Climatological Summary for Sep 2012

Name: Westmoreland Weather   City: Export   State: Pennsylvania
Elevation: 1286 ft  Lat: N 40° 26' 47"   Lon: W 079° 35' 30"

                  Temperature (°F), Rain (in), Wind Speed (mph)

                                      Heat  Cool        Avg
    Mean                              Deg   Deg         Wind                 Dom
Day Temp  High   Time   Low    Time   Days  Days  Rain  Speed High   Time    Dir
----------------------------------------------------------------------------------
 1  74.4  85.8   14:30  69.6   06:43   0.0   9.4  0.01   2.0  10.7   12:18     S
 2  72.3  79.5   17:17  68.0   03:56   0.0   7.3  0.00   1.3   6.9   15:14     S
 3  74.6  84.5   15:15  67.6   06:08   0.0   9.6  0.00   2.9  13.0   11:18    SE
 4  74.1  86.5   16:46  68.5   05:54   0.0   9.1  0.00   3.1  15.9   15:19     S
 5  74.6  86.0   15:29  68.3   23:59   0.0   9.6  0.01   1.8   8.3   12:16    SE
 6  75.5  89.2   15:28  65.5   06:52   0.0  10.5  0.00   2.0  14.5   13:12     S
 7  73.1  83.6   16:05  64.2   07:15   0.0   8.1  0.00   3.4  16.8   13:50     S
 8  64.2  73.4   06:40  55.2   23:58   2.6   1.8  0.56   4.6  24.4   06:47     S
 9  57.9  68.2   12:46  52.7   03:56   7.2   0.1  0.31   2.3  11.4   10:32     S
10  58.1  71.4   14:47  46.7   06:55   8.0   1.1  0.00   1.8  11.4   14:32   ESE
11  58.1  75.4   15:10  42.4   07:30   8.9   1.9  0.00   1.4  12.1   12:27     S
12  63.2  81.1   14:52  47.5   06:47   6.1   4.3  0.00   1.7   9.8   13:12     S
13  67.2  83.8   14:41  53.4   06:34   3.4   5.6  0.00   1.7  10.7   15:29   SSE
14  65.3  80.9   14:52  55.6   07:26   3.7   4.0  0.08   3.1  15.2   14:54     S
15  57.9  68.9   13:20  51.6   23:54   7.6   0.5  0.02   1.7   9.8   12:18   SSE
16  58.2  75.5   15:18  44.4   07:30   8.6   1.8  0.00   1.4  11.4   12:52   ESE
17  61.3  77.9   14:23  44.9   06:17   7.0   3.4  0.02   1.5   9.8   13:22     S
18  60.5  65.6   13:58  50.9   23:51   4.5   0.0  0.98   3.0  14.5   08:22     S
19  52.8  64.7   15:27  43.1   07:14  12.2   0.0  0.01   1.9  13.0   14:26   SSE
20  57.4  72.1   15:41  40.4   07:14   9.0   1.4  0.00   3.4  17.4   15:15   SSW
21  65.4  75.0   14:50  60.6   02:58   1.8   2.2  0.00   4.5  16.8   11:09     S
22  62.0  70.1   14:09  47.6   23:59   3.9   0.9  0.07   6.4  20.6   03:27     S
23  50.5  62.9   14:03  45.1   07:29  14.5   0.0  0.00   2.9  15.2   13:36     S
24  50.0  60.1   14:33  41.5   07:39  15.0   0.0  0.00   2.6  14.5   14:43     S
25  54.1  66.0   15:34  41.2   01:41  11.0   0.1  0.02   4.2  18.3   10:27   SSW
26  59.7  62.6   13:43  56.1   02:10   5.3   0.0  0.59   4.9  17.4   10:44     S
27  61.6  69.1   14:52  58.6   19:31   3.4   0.0  0.72   1.7  15.2   18:24   SSE
28  56.3  61.3   12:09  48.5   05:10   8.7   0.0  0.01   2.8  11.4   11:44     S
29  51.5  62.0   16:12  41.0   07:59  13.5   0.0  0.01   1.1  10.7   13:40     S
30  51.3  58.1   16:13  47.3   23:56  13.7   0.0  0.12   1.3   6.9   04:50     S
----------------------------------------------------------------------------------
    62.1  89.2     6    40.4    20   179.6  92.7  3.54   2.6  24.4     8       S

Max >=  80.0:  9
Max <=  32.0:  0
Min <=  32.0:  0
Min <=   0.0:  0
Max Rain: 0.98 on day 18
Days of Rain: 16 (>= 0.01 in)  6 (>= 0.10 in)  0 (>= 1.00 in)
Heat Base: 65.0  Cool Base: 65.0  Method: Integration