nws-alerts: Checking more than four warning/county codes can delay the loading of your pages. You should use a cron job to get the data.

NOAA-Style Climate Reports


Report for 2012 October
                   Monthly Climatological Summary for Oct 2012

Name: Westmoreland Weather   City: Export   State: Pennsylvania
Elevation: 1286 ft  Lat: N 40° 26' 47"   Lon: W 079° 35' 30"

                  Temperature (°F), Rain (in), Wind Speed (mph)

                                      Heat  Cool        Avg
    Mean                              Deg   Deg         Wind                 Dom
Day Temp  High   Time   Low    Time   Days  Days  Rain  Speed High   Time    Dir
----------------------------------------------------------------------------------
 1  53.8  69.4   13:59  41.7   05:20  11.6   0.4  0.01   1.5   7.6   12:26    NE
 2  63.8  74.8   15:44  56.1   00:38   3.2   2.0  0.24   2.2   9.8   15:29     E
 3  66.4  70.9   15:16  62.2   23:15   0.6   1.9  0.02   2.5   9.8   09:29     S
 4  63.4  72.5   15:17  57.2   23:08   3.1   1.5  0.00   2.2  15.2   13:13     S
 5  62.7  74.1   14:59  53.4   07:16   4.4   2.1  0.00   3.3  15.2   14:29     S
 6  51.7  62.8   01:40  43.3   22:10  13.3   0.0  0.18   4.1  15.9   13:00     S
 7  43.4  48.5   12:20  37.6   23:33  21.6   0.0  0.02   1.2   7.6   16:24     S
 8  41.1  47.5   14:20  32.9   04:22  23.9   0.0  0.01   0.8   4.5   14:22   SSE
 9  46.8  60.1   15:11  33.8   07:46  18.1   0.0  0.00   2.5  12.1   13:36     S
10  46.4  53.2   11:19  41.2   23:59  18.6   0.0  0.02   4.7  17.4   09:14     S
11  43.6  57.4   14:17  32.3   07:36  21.4   0.0  0.00   3.1  20.6   12:22     S
12  44.3  57.9   14:23  34.9   22:51  20.7   0.0  0.00   2.0  11.4   15:42    SE
13  48.7  65.1   15:27  31.8   05:07  16.3   0.0  0.00   3.6  15.2   13:22     S
14  65.8  75.0   16:01  57.4   06:11   2.5   3.2  0.00   9.3  22.1   23:15   SSW
15  55.5  68.7   00:00  45.5   22:41   9.9   0.3  0.26   5.7  22.1   00:53     S
16  46.6  54.3   16:03  40.4   23:59  18.4   0.0  0.01   2.8  13.6   15:12     S
17  53.1  71.2   14:08  37.4   05:54  12.8   0.9  0.01   2.3  11.4   11:47   SSE
18  54.5  69.4   14:51  46.2   23:12  10.8   0.3  0.63   3.6  20.6   13:15   SSE
19  54.0  66.9   14:17  44.0   05:23  11.1   0.1  0.00   3.8  19.7   23:58     S
20  47.4  51.4   12:33  44.4   23:54  17.6   0.0  0.02   6.0  19.7   10:22   SSW
21  47.8  59.0   15:18  41.2   04:42  17.2   0.0  0.00   2.5  16.8   14:46   SSW
22  54.5  72.3   15:35  38.8   03:47  11.4   0.9  0.00   2.4  11.4   12:46     S
23  64.4  75.2   14:55  58.1   01:50   2.9   2.3  0.00   3.7  21.3   15:15   SSW
24  63.4  76.6   15:46  54.1   03:18   3.7   2.2  0.00   2.3  11.4   10:42   SSW
25  65.8  83.1   15:52  50.5   07:07   4.7   5.5  0.00   2.4  15.2   13:41     S
26  65.4  81.5   15:27  54.1   23:59   3.4   3.8  0.00   2.8  13.0   11:15     S
27  51.8  57.9   11:29  45.3   23:26  13.2   0.0  0.06   1.8   6.9   10:50   SSE
28  43.9  45.7   13:23  41.0   23:58  21.1   0.0  0.25   2.4   9.2   17:12   ESE
29  39.9  41.9   12:25  34.0   22:14  25.1   0.0  2.70   4.7  19.7   21:22   SSE
30  37.9  44.9   11:06  30.9   19:13  27.1   0.0  0.80   5.0  16.8   01:50     S
31  35.5  43.9   20:37  31.1   00:37  29.5   0.0  0.58   6.7  19.0   05:23    SW
----------------------------------------------------------------------------------
    52.4  83.1    25    30.9    30   419.2  27.4  5.82   3.4  22.1    14       S

Max >=  80.0:  2
Max <=  32.0:  0
Min <=  32.0:  3
Min <=   0.0:  0
Max Rain: 2.70 on day 29
Days of Rain: 17 (>= 0.01 in)  8 (>= 0.10 in)  1 (>= 1.00 in)
Heat Base: 65.0  Cool Base: 65.0  Method: Integration