nws-alerts: Checking more than four warning/county codes can delay the loading of your pages. You should use a cron job to get the data.

NOAA-Style Climate Reports


Report for 2012 November
                   Monthly Climatological Summary for Nov 2012

Name: Westmoreland Weather   City: Export   State: Pennsylvania
Elevation: 1286 ft  Lat: N 40° 26' 47"   Lon: W 079° 35' 30"

                  Temperature (°F), Rain (in), Wind Speed (mph)

                                      Heat  Cool        Avg
    Mean                              Deg   Deg         Wind                 Dom
Day Temp  High   Time   Low    Time   Days  Days  Rain  Speed High   Time    Dir
----------------------------------------------------------------------------------
 1  37.5  43.9   11:37  33.6   08:30  27.5   0.0  0.24   5.7  17.4   12:40    SW
 2  36.3  44.0   13:45  34.5   09:43  28.7   0.0  0.04   3.6  11.4   12:58   SSW
 3  36.7  42.4   14:55  31.8   01:33  28.3   0.0  0.01   2.7   9.8   14:15     S
 4  36.0  40.1   12:30  34.1   23:10  30.2   0.0  0.00   1.5   8.3   12:31   SSE
 5  36.1  39.7   15:39  33.8   04:08  29.0   0.0  0.00   1.3   7.6   10:16   SSE
 6  37.6  54.1   15:08  26.6   06:37  27.4   0.0  0.05   2.4  12.1   11:26   ESE
 7  34.0  41.9   12:46  28.2   06:34  31.0   0.0  0.00   1.6   7.6   00:12    NE
 8  34.6  48.9   14:25  23.2   07:24  30.4   0.0  0.00   1.8  12.1   11:47     S
 9  39.2  53.6   15:09  27.7   04:46  25.8   0.0  0.01   2.3  14.5   13:18   SSW
10  49.7  64.9   14:02  35.4   01:17  15.3   0.0  0.02   2.2  15.9   12:55   SSW
11  57.5  71.0   14:25  40.6   06:56   8.4   0.9  0.00   3.0  13.6   11:23     S
12  57.0  69.8   13:36  36.3   23:51   8.8   0.8  0.25   7.3  23.5   12:37     S
13  33.3  36.5   00:26  30.2   06:56  31.7   0.0  0.01   1.9   9.8   01:49   SSW
14  34.0  42.4   15:12  28.6   21:45  31.0   0.0  0.00   2.2  11.4   08:49   ENE
15  36.8  53.0   13:08  25.1   07:49  28.2   0.0  0.00   1.3   8.3   11:17   ESE
16  38.1  57.4   14:15  26.2   07:24  26.9   0.0  0.00   1.1  10.7   13:44   ENE
17  41.6  63.8   13:07  26.0   05:33  23.4   0.0  0.00   1.8   9.2   13:26    NE
18  43.0  60.4   13:58  28.2   07:07  22.0   0.0  0.00   2.6  12.1   14:54   ESE
19  41.2  59.0   11:58  27.3   07:23  23.8   0.0  0.00   1.2   6.9   11:20   ENE
20  42.0  57.5   12:07  31.4   07:23  23.0   0.0  0.00   0.9   9.8   13:10    SE
21  43.2  63.8   13:45  28.7   07:12  21.8   0.0  0.00   0.9   6.0   12:50   ENE
22  43.2  60.6   14:11  29.3   05:18  21.8   0.0  0.00   2.0  11.4   12:19   SSW
23  43.4  50.0   09:10  29.3   23:51  21.6   0.0  0.01   8.1  22.1   18:47   SSW
24  28.4  30.9   12:46  25.9   07:32  36.6   0.0  0.01   5.7  15.9   05:08    SW
25  30.0  37.4   15:18  24.8   08:50  35.0   0.0  0.00   5.0  19.7   14:46    SW
26  36.6  48.7   15:02  29.6   00:53  28.4   0.0  0.00   1.6  11.4   12:24    SW
27  33.7  37.0   13:18  31.3   23:12  31.3   0.0  0.02   0.5   3.8   11:40   ESE
28  32.2  40.1   13:07  27.1   22:54  32.8   0.0  0.00   3.1  19.0   12:38   SSW
29  31.8  43.1   14:20  23.7   07:40  33.2   0.0  0.00   2.9  15.2   13:11   SSW
30  40.0  51.6   15:10  26.0   01:52  25.0   0.0  0.00   2.6  13.6   12:18   SSW
----------------------------------------------------------------------------------
    38.8  71.0    11    23.2     8   788.3   1.7  0.67   2.7  23.5    12       S

Max >=  80.0:  0
Max <=  32.0:  1
Min <=  32.0: 23
Min <=   0.0:  0
Max Rain: 0.25 on day 12
Days of Rain: 11 (>= 0.01 in)  2 (>= 0.10 in)  0 (>= 1.00 in)
Heat Base: 65.0  Cool Base: 65.0  Method: Integration