nws-alerts: Checking more than four warning/county codes can delay the loading of your pages. You should use a cron job to get the data.

NOAA-Style Climate Reports


Report for 2012 December
                   Monthly Climatological Summary for Dec 2012

Name: Westmoreland Weather   City: Export   State: Pennsylvania
Elevation: 1286 ft  Lat: N 40° 26' 47"   Lon: W 079° 35' 30"

                  Temperature (°F), Rain (in), Wind Speed (mph)

                                      Heat  Cool        Avg
    Mean                              Deg   Deg         Wind                 Dom
Day Temp  High   Time   Low    Time   Days  Days  Rain  Speed High   Time    Dir
----------------------------------------------------------------------------------
 1  44.8  57.4   14:07  31.4   06:36  20.2   0.0  0.00   2.5  15.9   13:29   SSW
 2  52.0  59.5   10:53  45.8   00:00  13.0   0.0  0.04   8.0  31.1   10:45   SSW
 3  55.0  59.7   20:26  52.5   00:00  10.0   0.0  0.01   3.3  12.1   14:48   SSW
 4  57.9  66.7   13:43  45.3   23:55   7.2   0.1  0.21   8.1  26.6   16:12   SSW
 5  37.1  45.3   00:00  28.9   23:53  27.9   0.0  0.02   2.2  15.2   10:54     S
 6  36.1  52.0   14:55  23.2   04:52  28.9   0.0  0.00   1.4   7.6   10:12   ESE
 7  45.3  52.3   23:58  37.4   00:07  19.7   0.0  0.85   1.6  13.0   13:12   SSW
 8  50.2  54.7   11:03  43.1   23:53  14.8   0.0  0.18   4.3  15.2   05:59   SSW
 9  44.6  53.9   21:28  35.9   07:31  20.4   0.0  0.07   4.4  14.5   21:41    SE
10  48.2  57.2   12:47  33.1   22:33  16.8   0.0  0.46   6.0  20.6   04:34   SSW
11  34.0  39.2   12:37  31.3   23:57  31.0   0.0  0.02   2.7  11.4   12:51   SSW
12  31.7  44.4   15:24  24.6   23:53  33.3   0.0  0.00   1.2  10.7   13:51   SSW
13  31.6  49.3   14:23  20.6   06:16  33.3   0.0  0.00   1.3  10.7   12:45   SSE
14  34.8  48.0   15:26  24.1   03:11  30.2   0.0  0.00   3.0  13.6   09:21   SSW
15  40.4  54.3   13:33  29.3   05:07  24.6   0.0  0.00   2.3  11.4   17:12    SE
16  51.8  56.3   12:36  45.1   00:00  13.2   0.0  0.01   5.7  15.2   22:58     S
17  49.8  55.0   13:38  43.5   22:51  15.2   0.0  0.87   3.7  13.6   13:07     S
18  38.2  44.0   03:24  32.5   20:43  26.8   0.0  0.07   4.4  15.9   06:41   SSW
19  37.0  42.1   15:52  30.9   23:59  28.0   0.0  0.04   1.4   9.8   00:22   SSW
20  38.1  42.4   11:14  29.8   00:40  26.9   0.0  0.97   6.3  19.0   11:30    SE
21  30.1  38.8   00:08  26.8   19:39  34.9   0.0  0.18   9.5  28.9   08:40    SW
22  27.8  31.1   10:39  24.4   23:27  37.2   0.0  0.00   7.2  20.6   22:13   SSW
23  28.9  39.9   15:11  19.9   06:27  36.1   0.0  0.00   4.3  15.9   14:11   SSW
24  31.5  43.7   14:40  22.3   04:48  33.5   0.0  0.04   2.5  13.6   15:24   ESE
25  33.0  34.9   00:00  31.3   23:22  32.0   0.0  0.01   1.7   9.2   02:19     S
26  28.2  31.4   00:00  25.1   12:41  36.8   0.0  0.00   0.0   0.0   00:00     E
27  27.6  29.3   19:33  24.2   07:56  37.4   0.0  0.00   0.0   0.0   00:00     E
28  28.1  37.7   14:35  25.1   03:43  36.9   0.0  0.05   1.4   8.3   11:42   ENE
29  29.0  32.7   10:50  26.4   00:00  36.0   0.0  0.00   0.9   7.6   04:58   ESE
30  25.1  27.5   00:00  23.0   22:16  39.9   0.0  0.08   3.9  15.9   12:55    SW
31  25.8  32.5   15:06  18.3   05:34  39.2   0.0  0.00   8.1  22.1   13:35   SSW
----------------------------------------------------------------------------------
    37.9  66.7     4    18.3    31   841.3   0.1  4.18   3.7  31.1     2     SSW

Max >=  80.0:  0
Max <=  32.0:  4
Min <=  32.0: 21
Min <=   0.0:  0
Max Rain: 0.97 on day 20
Days of Rain: 19 (>= 0.01 in)  7 (>= 0.10 in)  0 (>= 1.00 in)
Heat Base: 65.0  Cool Base: 65.0  Method: Integration