nws-alerts: Checking more than four warning/county codes can delay the loading of your pages. You should use a cron job to get the data.

NOAA-Style Climate Reports


Report for 2013
                   Annual Climatological Summary for 2013

Name: Westmoreland Weather   City: Export   State: Pennsylvania
Elevation: 1286 ft  Lat: N 40° 26' 47"   Lon: W 079° 35' 30"

                  Temperature (°F), Heat Base: 65.0  Cool Base: 65.0
                          Dep.  Heat  Cool                       Max  Max  Min  Min
        Mean  Mean        From  Deg   Deg                        >=   <=   <=   <=
 YR MO  Max   Min   Mean  Norm  Days  Days  Hi  Date  Low  Date 80.0 32.0 32.0   0.0
------------------------------------------------------------------------------------
 13  1  39.0  23.4  31.1   3.6  1050     0  69.8  30   2.5   22    0    9   26    0
 13  2  36.5  20.5  28.2  -2.3  1030     0  61.0  11   5.9    2    0   10   26    0
 13  3  42.9  27.4  34.1  -5.7   957     0  74.6  10  17.0   21    0    4   25    0
 13  4  63.6  40.4  51.9   2.0   422    29  82.0  18  16.7    4    1    0    8    0
 13  5  72.7  49.7  61.1   1.1   217    96  85.8  30  28.9   14    9    0    1    0
 13  6  77.9  58.3  67.8  -0.6    61   144  88.0  23  40.8    4   13    0    0    0
 13  7  81.7  63.0  71.2  -1.4    29   222  91.6  16  51.4   30   20    0    0    0
 13  8  79.1  58.9  68.1  -2.9    57   152  86.2  21  46.0   15   16    0    0    0
 13  9  74.0  51.9  61.6  -2.4   178    76  86.3  10  38.8   24    3    0    0    0
 13 10  64.1  45.6  53.7   1.2   379    29  82.6   6  29.3   26    2    0    4    0
 13 11  47.6  29.4  38.4  -3.9   798     1  70.5   6  11.8   25    0    2   18    0
 13 12  41.0  26.1  33.2   0.7   987     0  67.3  22  10.0   12    0    8   23    0
------------------------------------------------------------------------------------
        60.0  41.2  50.0  -0.9  6170   752  91.6 Jul   2.5  Jan   64   33  131    0

                                Precipitation (in)

              Dep.   Max        Days of Rain
              From   Obs.           >=
 YR MO Total  Norm   Day Date 0.01 0.10 1.00
---------------------------------------------
 13  1  2.52 -0.18  1.05  30    17    7    1
 13  2  2.52  0.15  0.73  11    14    6    0
 13  3  2.09 -1.08  0.50  19    16    7    0
 13  4  2.17 -0.84  0.50  10    11    7    0
 13  5  2.45 -1.35  0.66  23    15    6    0
 13  6  6.01  1.89  1.43   6    15   11    2
 13  7  4.61  0.65  1.42  22    20    9    2
 13  8  4.89  1.51  2.43  28    16    7    1
 13  9  3.23  0.02  0.93  11    14    5    0
 13 10  2.60  0.35  0.72   5    14    8    0
 13 11  2.81 -0.21  0.92  26    14    5    0
 13 12  3.39  0.53  0.85   5    15    9    0
---------------------------------------------
       39.29  1.44  2.43  Aug  181   87    6

                                Wind Speed (mph)
                          Dom
 YR MO   Avg.  Hi   Date  Dir
------------------------------
 13  1   4.5  31.1   20   SSW
 13  2   3.8  35.8   11     S
 13  3   3.6  32.7   19     S
 13  4   5.0  33.6   19     S
 13  5   4.1  27.3   15   SSE
 13  6   2.9  22.1    2     S
 13  7   2.5  38.0   10     S
 13  8   2.2  16.8   26     S
 13  9   2.1  19.0   12     S
 13 10   2.9  25.1   26     S
 13 11   4.0  31.1   17     S
 13 12   3.3  32.0   22   SSW
------------------------------
         3.4  38.0  Jul     S