nws-alerts: Checking more than four warning/county codes can delay the loading of your pages. You should use a cron job to get the data.

NOAA-Style Climate Reports


Report for 2013 January
                   Monthly Climatological Summary for Jan 2013

Name: Westmoreland Weather   City: Export   State: Pennsylvania
Elevation: 1286 ft  Lat: N 40° 26' 47"   Lon: W 079° 35' 30"

                  Temperature (°F), Rain (in), Wind Speed (mph)

                                      Heat  Cool        Avg
    Mean                              Deg   Deg         Wind                 Dom
Day Temp  High   Time   Low    Time   Days  Days  Rain  Speed High   Time    Dir
----------------------------------------------------------------------------------
 1  28.2  30.9   11:44  21.4   23:59  36.8   0.0  0.00   3.0  13.0   00:56   SSW
 2  20.7  27.1   13:55  15.8   23:59  44.3   0.0  0.00   2.1  13.0   12:10   SSW
 3  21.9  34.3   15:33   9.7   07:25  43.1   0.0  0.01   4.6  20.6   16:25    SW
 4  27.2  32.9   13:38  25.0   05:19  37.8   0.0  0.02   8.7  25.9   09:53    SW
 5  28.3  35.0   14:44  23.5   02:22  36.7   0.0  0.01   4.9  15.9   01:29   SSW
 6  32.8  36.5   14:54  29.6   06:48  32.2   0.0  0.00   4.8  15.2   11:53   SSW
 7  29.2  32.9   15:01  22.4   23:49  35.8   0.0  0.00   3.2  11.4   12:33   SSW
 8  29.5  45.1   12:57  17.0   07:27  35.5   0.0  0.00   1.9  14.5   14:41   SSW
 9  36.3  44.8   15:24  24.6   04:48  28.7   0.0  0.01   4.8  22.1   13:55    SW
10  35.5  41.2   11:12  27.3   07:38  29.5   0.0  0.00   1.7   6.0   13:17   ENE
11  45.0  49.8   11:14  39.0   00:00  20.0   0.0  0.26   3.6  14.5   16:53    SE
12  53.1  60.8   14:07  44.2   02:08  11.9   0.0  0.00   2.1  13.6   13:18   SSW
13  60.2  67.1   14:09  53.8   05:56   4.9   0.1  0.18   6.1  23.5   14:20   SSW
14  39.2  55.9   00:06  30.9   22:17  25.8   0.0  0.05   3.1  14.5   02:17   SSE
15  29.5  33.6   14:17  23.3   07:12  35.5   0.0  0.00   2.0   8.3   11:17    NE
16  31.4  32.5   10:08  30.2   22:41  33.6   0.0  0.09   2.9  15.2   18:49   SSW
17  30.6  32.2   14:09  29.1   23:09  34.4   0.0  0.01   3.4  20.6   01:29   SSW
18  25.5  31.3   12:26  17.0   08:18  39.5   0.0  0.01   6.4  15.9   00:18   SSW
19  40.7  51.2   15:02  28.7   00:00  24.3   0.0  0.17  11.2  25.9   12:40   SSW
20  34.5  45.3   00:00  21.5   21:50  30.5   0.0  0.13   8.3  31.1   04:48   SSW
21  19.7  24.2   11:25   7.5   22:49  45.3   0.0  0.00   4.5  19.0   17:24   SSW
22   7.7  12.9   11:58   2.5   07:14  57.3   0.0  0.00   6.0  20.6   11:45    SW
23   9.5  16.5   15:30   3.2   07:54  55.5   0.0  0.00   3.8  19.0   11:23   SSW
24  14.8  25.3   15:23   8.9   21:23  50.2   0.0  0.00   1.9  12.1   16:53    SE
25  14.6  20.5   16:03   8.2   00:16  50.4   0.0  0.00   1.7  10.7   08:32     E
26  20.1  26.6   14:14  14.7   23:59  44.9   0.0  0.00   2.4   9.2   16:00   SSW
27  22.7  35.6   14:16   6.4   07:43  42.3   0.0  0.09   1.3   6.9   11:34     E
28  38.7  47.8   23:07  29.5   00:21  26.3   0.0  0.24   4.9  19.0   09:45    SW
29  53.4  62.0   16:22  44.2   03:50  11.6   0.0  0.02   5.6  19.0   12:11   SSW
30  57.3  69.8   10:22  46.7   22:35   7.8   0.1  1.05   9.2  29.8   23:42   SSW
31  27.0  47.6   01:09  20.3   23:21  38.0   0.0  0.17  10.7  31.1   13:51    SW
----------------------------------------------------------------------------------
    31.1  69.8    30     2.5    22  1050.4   0.2  2.52   4.5  31.1    20     SSW

Max >=  80.0:  0
Max <=  32.0:  9
Min <=  32.0: 26
Min <=   0.0:  0
Max Rain: 1.05 on day 30
Days of Rain: 17 (>= 0.01 in)  7 (>= 0.10 in)  1 (>= 1.00 in)
Heat Base: 65.0  Cool Base: 65.0  Method: Integration