nws-alerts: Checking more than four warning/county codes can delay the loading of your pages. You should use a cron job to get the data.

NOAA-Style Climate Reports


Report for 2013 February
                   Monthly Climatological Summary for Feb 2013

Name: Westmoreland Weather   City: Export   State: Pennsylvania
Elevation: 1286 ft  Lat: N 40° 26' 47"   Lon: W 079° 35' 30"

                  Temperature (°F), Rain (in), Wind Speed (mph)

                                      Heat  Cool        Avg
    Mean                              Deg   Deg         Wind                 Dom
Day Temp  High   Time   Low    Time   Days  Days  Rain  Speed High   Time    Dir
----------------------------------------------------------------------------------
 1  14.1  20.8   00:10   8.0   23:39  50.9   0.0  0.00   6.5  21.3   12:21    SW
 2  14.4  21.5   23:40   5.9   05:38  50.5   0.0  0.00   5.5  19.7   10:30   SSW
 3  21.3  25.5   14:10  15.4   23:52  43.7   0.0  0.00   3.1  15.9   23:32   SSW
 4  20.3  26.0   12:27  14.9   01:56  44.7   0.0  0.00   4.3  16.8   11:44    SW
 5  27.1  30.5   13:43  25.1   03:17  37.9   0.0  0.00   0.3   7.6   21:21    SW
 6  26.6  34.7   13:38  16.0   23:50  38.4   0.0  0.07   2.4  12.1   12:58   SSW
 7  29.6  44.2   14:11  15.1   00:34  35.4   0.0  0.02   4.0  13.6   19:10   ESE
 8  31.1  37.9   09:54  23.5   22:51  33.9   0.0  0.14   3.3  14.5   13:42   SSE
 9  25.5  39.2   15:07  17.9   23:55  39.5   0.0  0.00   0.9   9.8   14:09   SSE
10  33.6  55.0   13:51  16.0   03:42  31.4   0.0  0.00   3.1  14.5   23:39    SE
11  46.7  61.0   13:41  35.4   23:52  18.3   0.0  0.73   9.5  35.8   14:44    SW
12  33.9  42.8   14:20  26.8   23:49  31.1   0.0  0.00   4.1  19.0   00:11    SW
13  30.4  40.8   12:46  21.7   06:35  34.6   0.0  0.00   0.8   6.9   10:09   ENE
14  32.1  39.2   15:34  25.3   04:58  32.9   0.0  0.17   3.9  18.3   22:07   SSW
15  33.7  38.5   11:28  27.5   23:58  31.3   0.0  0.01   3.9  15.9   12:10    SW
16  24.3  32.0   10:22  16.5   23:18  40.7   0.0  0.04   1.2   8.3   11:54     S
17  17.9  24.6   13:55  13.4   23:59  47.1   0.0  0.00   3.8  15.9   14:41   SSW
18  25.6  41.5   23:36   6.4   07:07  39.4   0.0  0.04   2.9  13.6   14:06     S
19  35.1  44.4   03:37  22.8   23:56  29.9   0.0  0.30   9.7  28.2   13:35   SSW
20  18.1  22.8   00:00  16.0   07:09  46.9   0.0  0.04   6.3  20.6   04:25    SW
21  19.4  27.1   16:01  14.7   22:02  45.6   0.0  0.00   3.1  12.1   12:10   SSW
22  28.7  34.0   18:39  18.3   00:00  36.3   0.0  0.01   4.3  18.3   07:46   ESE
23  35.6  45.7   15:34  31.1   22:57  29.4   0.0  0.00   1.6   7.6   14:24   ESE
24  28.2  31.6   00:00  26.2   04:29  36.8   0.0  0.00   2.5  12.1   16:40   SSW
25  33.3  47.1   14:59  21.9   07:07  31.7   0.0  0.00   1.9  13.6   13:47   ENE
26  34.8  39.7   11:51  30.0   00:19  30.2   0.0  0.67   6.9  25.1   23:28   ESE
27  36.9  41.7   16:41  32.2   23:44  28.1   0.0  0.20   5.1  19.7   10:26   SSW
28  31.0  32.5   12:27  30.2   11:31  34.0   0.0  0.08   2.5  12.1   01:53    SW
----------------------------------------------------------------------------------
    28.2  61.0    11     5.9     2  1030.6   0.0  2.52   3.8  35.8    11     SSW

Max >=  80.0:  0
Max <=  32.0: 10
Min <=  32.0: 26
Min <=   0.0:  0
Max Rain: 0.73 on day 11
Days of Rain: 14 (>= 0.01 in)  6 (>= 0.10 in)  0 (>= 1.00 in)
Heat Base: 65.0  Cool Base: 65.0  Method: Integration