nws-alerts: Checking more than four warning/county codes can delay the loading of your pages. You should use a cron job to get the data.

NOAA-Style Climate Reports


Report for 2013 March
                   Monthly Climatological Summary for Mar 2013

Name: Westmoreland Weather   City: Export   State: Pennsylvania
Elevation: 1286 ft  Lat: N 40° 26' 47"   Lon: W 079° 35' 30"

                  Temperature (°F), Rain (in), Wind Speed (mph)

                                      Heat  Cool        Avg
    Mean                              Deg   Deg         Wind                 Dom
Day Temp  High   Time   Low    Time   Days  Days  Rain  Speed High   Time    Dir
----------------------------------------------------------------------------------
 1  28.9  31.1   12:07  25.1   22:38  36.1   0.0  0.00   0.3   8.3   12:15     S
 2  24.8  29.5   15:25  22.6   04:23  40.2   0.0  0.01   0.0   4.5   15:21   NNE
 3  23.7  26.8   10:54  21.4   06:42  41.3   0.0  0.00   2.2  12.1   11:10   SSW
 4  26.1  37.7   15:28  19.4   06:11  38.9   0.0  0.01   3.4  15.9   14:41   SSW
 5  32.8  50.3   15:27  17.8   04:39  32.2   0.0  0.00   3.8  21.3   23:55   ENE
 6  35.6  46.4   13:15  30.4   02:23  29.4   0.0  0.18   2.5  22.1   00:16     E
 7  34.8  42.2   15:54  30.9   21:53  30.2   0.0  0.00   2.2   9.8   16:25   SSE
 8  32.1  40.8   15:38  27.3   23:58  32.9   0.0  0.00   3.0   9.8   12:52   SSE
 9  38.3  55.0   15:00  21.4   06:39  26.6   0.0  0.00   1.7   8.3   10:35    SE
10  53.0  74.6   15:18  36.1   04:07  11.9   0.4  0.00   4.1  16.8   17:42   SSE
11  53.9  62.0   15:03  47.3   06:53  11.1   0.0  0.13   6.3  28.2   21:14   SSE
12  38.1  50.3   00:30  34.0   23:55  26.9   0.0  0.22   4.6  15.9   14:01    SW
13  30.2  34.9   13:41  25.0   23:51  34.8   0.0  0.07   5.4  20.6   17:24    SW
14  28.0  36.3   15:56  22.4   07:46  37.0   0.0  0.02   5.4  18.3   09:37   SSW
15  35.4  47.5   17:24  23.5   01:30  29.6   0.0  0.01   4.3  23.5   14:37    SW
16  35.3  39.0   16:27  32.7   23:59  29.7   0.0  0.08   2.1   9.8   13:27   ENE
17  31.8  37.2   15:55  27.3   06:07  33.2   0.0  0.00   2.0   9.8   12:07   ENE
18  31.8  37.7   23:55  27.8   01:12  33.2   0.0  0.25   5.6  22.1   11:32    SE
19  35.9  43.7   13:24  27.8   23:28  29.1   0.0  0.50   8.3  32.7   12:24    SW
20  30.1  38.3   15:32  24.8   22:55  34.9   0.0  0.00   5.6  24.4   14:00    SW
21  22.7  26.9   15:54  17.0   07:44  42.3   0.0  0.00   4.9  17.4   11:31   SSW
22  26.6  33.1   16:02  23.2   06:21  38.4   0.0  0.00   4.7  15.9   02:08    SW
23  32.0  46.6   16:08  21.2   07:22  33.0   0.0  0.00   2.2  13.6   14:12     S
24  32.6  43.5   15:42  24.4   06:59  32.4   0.0  0.00   5.1  17.4   20:53     E
25  32.1  35.8   13:09  29.3   06:15  32.9   0.0  0.37   2.9  14.5   00:47    SE
26  34.7  42.4   13:39  28.4   05:44  30.3   0.0  0.12   2.3  15.2   15:23   SSW
27  34.1  40.8   13:45  30.5   06:31  30.9   0.0  0.04   4.1  13.6   13:30   SSW
28  35.5  41.0   15:52  31.1   08:07  29.5   0.0  0.02   2.9   9.8   01:16   SSW
29  40.9  53.6   15:13  33.8   07:21  24.1   0.0  0.00   2.4  15.2   16:40   SSW
30  41.5  55.2   16:10  26.8   06:48  23.5   0.0  0.00   2.4  13.0   14:48     S
31  44.3  49.1   13:36  38.5   00:43  20.7   0.0  0.06   3.4  13.6   09:06     S
----------------------------------------------------------------------------------
    34.1  74.6    10    17.0    21   957.2   0.4  2.09   3.6  32.7    19       S

Max >=  80.0:  0
Max <=  32.0:  4
Min <=  32.0: 25
Min <=   0.0:  0
Max Rain: 0.50 on day 19
Days of Rain: 16 (>= 0.01 in)  7 (>= 0.10 in)  0 (>= 1.00 in)
Heat Base: 65.0  Cool Base: 65.0  Method: Integration