nws-alerts: Checking more than four warning/county codes can delay the loading of your pages. You should use a cron job to get the data.

NOAA-Style Climate Reports


Report for 2013 April
                   Monthly Climatological Summary for Apr 2013

Name: Westmoreland Weather   City: Export   State: Pennsylvania
Elevation: 1286 ft  Lat: N 40° 26' 47"   Lon: W 079° 35' 30"

                  Temperature (°F), Rain (in), Wind Speed (mph)

                                      Heat  Cool        Avg
    Mean                              Deg   Deg         Wind                 Dom
Day Temp  High   Time   Low    Time   Days  Days  Rain  Speed High   Time    Dir
----------------------------------------------------------------------------------
 1  38.5  44.0   16:00  30.5   23:32  26.5   0.0  0.08   4.8  14.5   07:31   SSW
 2  30.4  39.5   16:26  23.2   06:32  34.6   0.0  0.00   3.6  27.3   16:11    SW
 3  30.5  40.3   14:40  22.8   07:01  34.5   0.0  0.00   3.0  14.5   13:24   SSE
 4  36.6  55.4   16:11  16.7   07:18  28.4   0.0  0.00   2.8  11.4   12:37    SE
 5  43.2  57.7   14:40  30.4   23:56  21.8   0.0  0.00   3.2  19.7   14:41    SE
 6  42.0  59.9   16:52  23.3   07:22  23.0   0.0  0.00   3.2  14.5   14:35    SE
 7  59.2  70.7   15:52  47.8   03:10   6.4   0.6  0.01   9.2  29.8   09:10   SSW
 8  60.6  72.1   13:50  46.0   05:44   6.6   2.2  0.00   5.7  22.8   17:26   SSW
 9  67.5  77.5   15:49  56.1   07:25   1.7   4.2  0.00   5.1  19.0   13:11   SSW
10  66.2  77.9   13:47  57.9   23:54   1.7   2.9  0.50   3.8  22.8   13:44   SSW
11  62.7  75.0   18:21  54.1   07:23   4.8   2.5  0.00   4.0  16.8   13:26     S
12  56.4  64.4   11:29  43.3   23:27   8.6   0.0  0.37   7.0  22.8   10:50   SSW
13  43.8  52.5   16:12  37.0   07:14  21.2   0.0  0.00   5.4  20.6   12:51    SW
14  47.6  63.1   15:31  32.0   06:31  17.4   0.0  0.00   3.1  14.5   09:47     S
15  59.2  65.8   11:04  53.6   00:00   5.8   0.0  0.00   8.1  23.5   11:23     S
16  63.3  77.2   17:29  53.4   06:30   4.7   3.0  0.40   5.6  22.8   14:38   SSW
17  59.5  69.1   15:31  51.2   07:10   6.1   0.6  0.00   2.7  11.4   23:23   ESE
18  70.4  82.0   15:26  59.0   02:50   1.8   7.2  0.00   9.4  22.8   10:40     S
19  58.6  70.7   13:34  42.2   23:54   7.8   1.3  0.17  10.1  33.6   13:26   SSW
20  39.6  47.8   14:46  32.2   23:47  25.4   0.0  0.00   6.5  22.1   00:59    SW
21  41.6  57.4   15:51  25.9   06:39  23.4   0.0  0.00   2.9  13.0   12:31     E
22  49.8  62.4   14:50  40.4   04:07  15.2   0.0  0.00   5.9  17.4   09:21    SE
23  54.7  70.3   15:59  38.1   06:43  11.0   0.7  0.00   3.8  13.0   14:43   SSE
24  55.1  69.1   11:27  38.5   23:47  10.4   0.5  0.25   7.5  27.3   17:43   SSW
25  44.4  56.1   16:43  33.6   06:56  20.6   0.0  0.00   5.1  20.6   16:45   SSW
26  47.9  62.2   16:20  34.0   07:09  17.1   0.0  0.01   2.0  14.5   13:24    SE
27  56.1  75.0   15:52  33.6   06:34  11.1   2.2  0.00   3.4  15.2   14:38    SE
28  54.3  58.4   00:00  50.9   13:45  10.7   0.0  0.20   5.2  15.9   18:03    SE
29  56.3  62.4   16:23  51.6   01:13   8.7   0.0  0.17   3.0  13.0   12:28   SSE
30  60.5  73.2   16:00  52.7   03:44   5.8   1.3  0.01   4.9  16.8   19:24    SE
----------------------------------------------------------------------------------
    51.9  82.0    18    16.7     4   422.8  29.2  2.17   5.0  33.6    19       S

Max >=  80.0:  1
Max <=  32.0:  0
Min <=  32.0:  8
Min <=   0.0:  0
Max Rain: 0.50 on day 10
Days of Rain: 11 (>= 0.01 in)  7 (>= 0.10 in)  0 (>= 1.00 in)
Heat Base: 65.0  Cool Base: 65.0  Method: Integration