nws-alerts: Checking more than four warning/county codes can delay the loading of your pages. You should use a cron job to get the data.

NOAA-Style Climate Reports


Report for 2013 May
                   Monthly Climatological Summary for May 2013

Name: Westmoreland Weather   City: Export   State: Pennsylvania
Elevation: 1286 ft  Lat: N 40° 26' 47"   Lon: W 079° 35' 30"

                  Temperature (°F), Rain (in), Wind Speed (mph)

                                      Heat  Cool        Avg
    Mean                              Deg   Deg         Wind                 Dom
Day Temp  High   Time   Low    Time   Days  Days  Rain  Speed High   Time    Dir
----------------------------------------------------------------------------------
 1  62.7  76.1   15:31  50.7   06:25   5.1   2.8  0.00   4.6  15.9   16:12    SE
 2  63.3  78.4   14:14  46.9   06:48   5.2   3.5  0.00   4.6  15.2   15:17   ESE
 3  61.0  72.3   15:38  45.3   06:49   5.8   1.8  0.00   5.8  22.1   15:50    SE
 4  59.0  71.0   14:50  43.3   06:30   7.2   1.2  0.00   5.4  20.6   15:26    SE
 5  60.2  73.7   14:37  47.6   06:35   6.6   1.8  0.00   5.6  19.7   14:38    SE
 6  58.9  69.6   13:16  45.8   06:18   7.1   1.0  0.00   6.6  19.7   16:30   SSE
 7  60.5  68.9   14:37  55.2   05:23   4.7   0.2  0.07   4.1  22.1   14:52   ENE
 8  62.6  76.1   15:28  51.6   06:11   4.7   2.3  0.24   2.8  10.7   09:10     E
 9  61.6  75.2   17:08  51.6   06:42   5.6   2.2  0.05   2.3  13.6   13:58     S
10  61.8  73.7   15:07  56.1   05:18   4.4   1.2  0.37   4.7  15.9   18:05   SSW
11  55.3  58.6   00:48  49.3   23:32   9.7   0.0  0.18   3.3  19.0   00:19     S
12  45.8  51.2   15:11  36.8   06:39  19.2   0.0  0.07   6.4  23.5   14:19     S
13  41.9  50.9   16:35  33.1   06:17  23.1   0.0  0.00   3.5  17.4   11:13     S
14  44.6  56.6   19:09  28.9   06:30  20.4   0.0  0.00   2.3  13.0   12:17   SSE
15  67.4  84.5   15:47  50.0   03:54   4.0   6.4  0.06   6.6  27.3   17:40   SSW
16  67.8  77.9   16:43  59.7   06:22   1.2   4.1  0.28   3.6  15.9   10:51     S
17  66.4  80.2   15:21  53.2   03:16   3.2   4.6  0.00   2.3  12.1   12:43     S
18  67.5  83.6   14:51  53.2   06:22   3.2   5.7  0.00   2.9  11.4   22:15   ESE
19  66.3  76.3   13:58  57.2   05:55   2.1   3.4  0.05   3.6  12.1   18:14   ESE
20  71.5  84.4   16:19  59.7   04:13   1.2   7.7  0.01   2.8  13.6   14:18     S
21  74.3  84.2   15:34  64.7   04:42   0.0   9.3  0.06   5.2  18.3   15:40     S
22  70.4  84.5   14:37  62.4   06:17   0.3   5.7  0.02   5.3  17.4   17:10     S
23  63.1  74.6   14:24  51.2   23:56   3.2   1.3  0.66   5.0  15.9   13:33     S
24  43.6  51.2   00:00  37.9   23:57  21.4   0.0  0.06   4.8  14.5   11:52   SSE
25  46.7  60.8   14:34  32.3   05:49  18.3   0.0  0.00   4.1  16.8   13:35   SSE
26  51.4  65.6   16:53  36.3   06:07  13.7   0.0  0.00   3.0  18.3   14:41   SSE
27  52.8  63.7   11:47  37.4   06:37  12.2   0.0  0.00   1.6   6.0   10:57   SSE
28  63.6  75.7   15:35  52.3   03:22   4.6   3.2  0.27   3.9  16.8   16:37     S
29  73.0  83.3   15:50  64.4   06:05   0.0   8.0  0.00   5.8  22.8   15:21     S
30  74.2  85.8   16:45  61.9   03:45   0.4   9.6  0.00   2.4  14.5   15:01     S
31  74.7  85.6   14:44  63.5   03:09   0.1   9.9  0.00   3.5  14.5   16:17     S
----------------------------------------------------------------------------------
    61.1  85.8    30    28.9    14   217.9  96.9  2.45   4.1  27.3    15     SSE

Max >=  80.0:  9
Max <=  32.0:  0
Min <=  32.0:  1
Min <=   0.0:  0
Max Rain: 0.66 on day 23
Days of Rain: 15 (>= 0.01 in)  6 (>= 0.10 in)  0 (>= 1.00 in)
Heat Base: 65.0  Cool Base: 65.0  Method: Integration