nws-alerts: Checking more than four warning/county codes can delay the loading of your pages. You should use a cron job to get the data.

NOAA-Style Climate Reports


Report for 2013 June
                   Monthly Climatological Summary for Jun 2013

Name: Westmoreland Weather   City: Export   State: Pennsylvania
Elevation: 1286 ft  Lat: N 40° 26' 47"   Lon: W 079° 35' 30"

                  Temperature (°F), Rain (in), Wind Speed (mph)

                                      Heat  Cool        Avg
    Mean                              Deg   Deg         Wind                 Dom
Day Temp  High   Time   Low    Time   Days  Days  Rain  Speed High   Time    Dir
----------------------------------------------------------------------------------
 1  75.0  84.5   16:20  65.8   05:42   0.0  10.0  0.00   5.3  21.3   11:20     S
 2  71.8  77.7   13:26  64.9   23:44   0.0   6.8  0.18   5.7  22.1   13:31   SSW
 3  61.0  65.8   00:47  48.4   23:59   4.0   0.0  0.00   1.9   8.3   13:51    SE
 4  58.0  73.7   16:13  40.8   06:16   8.8   1.9  0.00   1.7   9.8   12:30     E
 5  66.2  81.8   15:21  50.3   03:25   4.6   5.9  0.00   2.7  11.4   18:25    SE
 6  63.2  67.6   02:07  60.4   19:42   2.1   0.3  1.43   2.7  11.4   17:07     S
 7  62.6  66.5   14:29  57.9   23:56   2.6   0.1  0.06   2.0   8.3   18:28   SSE
 8  60.2  70.0   17:22  52.3   04:54   5.5   0.7  0.00   2.3   9.2   15:24     S
 9  69.3  82.7   14:32  54.3   03:24   3.0   7.3  0.00   2.2   9.8   18:06     E
10  67.7  74.3   13:41  62.8   22:52   0.1   2.8  0.44   3.6  13.6   19:09     S
11  66.2  74.3   16:21  62.2   03:42   0.9   2.2  0.17   3.5  13.0   15:11     S
12  71.2  80.8   14:17  61.9   05:32   0.7   6.9  0.00   1.8   9.8   14:16     S
13  64.7  71.6   01:45  55.7   23:31   1.6   1.3  0.71   5.3  21.3   02:52     S
14  61.6  72.5   16:17  54.1   05:28   4.7   1.3  0.00   2.4  12.1   15:13   SSE
15  64.6  77.9   16:39  50.7   06:32   4.1   3.7  0.00   2.0  13.0   12:34   SSE
16  65.4  71.8   17:24  59.9   06:34   1.1   1.5  0.34   4.0  16.8   10:56   SSW
17  72.1  82.4   16:32  65.1   05:53   0.0   7.1  0.00   2.8  12.1   12:50     S
18  67.2  76.4   15:07  61.3   06:07   0.8   3.0  0.02   1.2   6.9   18:45     W
19  64.9  77.0   15:50  54.3   06:13   3.5   3.4  0.01   2.3  13.0   07:55   NNE
20  66.4  82.2   15:25  48.7   06:16   4.7   6.1  0.00   1.4  12.1   12:44   SSE
21  70.3  85.4   16:24  53.9   05:47   2.8   8.1  0.00   1.5   8.3   14:15     S
22  73.3  85.4   14:39  59.3   05:15   1.1   9.4  0.00   2.8  12.1   12:37     S
23  76.0  88.0   15:52  64.2   06:15   0.0  11.0  0.00   2.8  15.2   15:33   SSW
24  76.9  87.6   14:07  67.1   06:07   0.0  11.9  0.00   3.0  13.0   14:21     S
25  74.1  86.5   15:43  64.0   23:58   0.1   9.2  0.35   4.7  19.7   17:15     S
26  71.0  80.8   16:12  63.5   03:37   0.4   6.4  1.31   3.2  13.0   11:31     S
27  68.7  74.1   16:17  65.3   23:55   0.0   3.7  0.37   2.6  15.9   17:09     S
28  66.5  75.2   15:56  61.0   23:58   1.1   2.7  0.31   3.1  14.5   14:07     S
29  66.6  77.9   17:15  59.5   06:40   1.6   3.1  0.30   3.6  16.8   18:08     S
30  70.0  84.4   14:37  59.7   06:30   1.2   6.3  0.01   2.0  19.0   15:08   ESE
----------------------------------------------------------------------------------
    67.8  88.0    23    40.8     4    61.1 144.1  6.01   2.9  22.1     2       S

Max >=  80.0: 13
Max <=  32.0:  0
Min <=  32.0:  0
Min <=   0.0:  0
Max Rain: 1.43 on day 6
Days of Rain: 15 (>= 0.01 in)  11 (>= 0.10 in)  2 (>= 1.00 in)
Heat Base: 65.0  Cool Base: 65.0  Method: Integration