nws-alerts: Checking more than four warning/county codes can delay the loading of your pages. You should use a cron job to get the data.

NOAA-Style Climate Reports


Report for 2013 July
                   Monthly Climatological Summary for Jul 2013

Name: Westmoreland Weather   City: Export   State: Pennsylvania
Elevation: 1286 ft  Lat: N 40° 26' 47"   Lon: W 079° 35' 30"

                  Temperature (°F), Rain (in), Wind Speed (mph)

                                      Heat  Cool        Avg
    Mean                              Deg   Deg         Wind                 Dom
Day Temp  High   Time   Low    Time   Days  Days  Rain  Speed High   Time    Dir
----------------------------------------------------------------------------------
 1  69.5  80.4   15:48  64.2   03:10   0.0   4.5  0.38   1.9   8.3   15:26   ENE
 2  73.3  81.7   17:08  65.5   05:26   0.0   8.3  0.06   2.1   9.8   17:34     S
 3  75.4  85.1   15:59  67.8   05:07   0.0  10.4  0.00   2.8  12.1   18:37   SSW
 4  74.6  86.2   16:54  68.5   05:23   0.0   9.6  0.06   2.3  13.0   14:26     S
 5  74.8  85.1   15:41  67.4   04:25   0.0   9.8  0.01   3.6  18.3   15:20     S
 6  77.4  88.3   15:56  67.8   04:37   0.0  12.4  0.02   2.5  11.4   12:58     S
 7  72.0  77.5   12:19  68.2   06:43   0.0   7.0  0.05   3.2  10.7   08:43     S
 8  72.6  82.2   15:09  64.7   06:56   0.0   7.6  0.00   3.3  11.4   11:07     S
 9  71.6  79.5   16:42  66.4   02:53   0.0   6.6  0.21   4.9  15.2   20:41     S
10  70.4  82.7   16:02  63.8   23:58   0.1   5.5  1.06   4.7  38.0   18:40     S
11  68.3  78.6   13:21  60.4   23:57   0.7   4.0  0.01   1.9   9.2   13:25    SE
12  65.8  74.8   13:16  56.8   04:41   2.4   3.2  0.01   1.7   7.6   08:56     N
13  71.6  82.0   13:50  61.5   06:08   0.6   7.2  0.00   2.0   8.3   11:21    NE
14  77.7  87.8   16:20  66.9   06:30   0.0  12.7  0.00   2.8  14.5   09:48   SSW
15  78.3  89.8   15:13  67.6   03:58   0.0  13.3  0.00   1.6   9.8   09:25     S
16  77.8  91.6   12:42  69.2   06:24   0.0  12.8  0.00   1.7  13.0   16:32    SE
17  76.6  90.7   15:49  69.1   03:56   0.0  11.6  0.01   1.7   8.3   11:33     S
18  78.5  91.0   14:11  68.0   07:00   0.0  13.5  0.08   2.0  10.7   15:37     S
19  78.1  89.0   13:59  71.4   23:51   0.0  13.1  0.02   4.6  19.0   18:11     S
20  73.1  80.0   12:59  68.3   23:51   0.0   8.1  0.11   4.2  16.8   12:13     S
21  72.0  83.8   16:09  66.5   06:15   0.0   7.0  0.19   2.0  10.7   15:51   SSW
22  70.2  81.1   14:35  64.2   06:53   0.0   5.3  1.42   1.5  22.1   15:06   SSE
23  70.0  80.6   16:49  62.9   23:38   0.2   5.1  0.05   3.0  11.4   13:31     S
24  64.8  73.2   15:36  55.9   23:50   2.0   1.9  0.18   2.3   9.8   10:59    SE
25  63.6  77.0   15:35  52.5   06:27   4.6   3.2  0.00   2.0  11.4   14:42    NE
26  66.2  79.5   16:30  52.1   06:18   3.8   5.0  0.00   1.6   9.8   12:21     S
27  64.2  70.9   14:24  58.1   06:07   2.0   1.2  0.50   1.5   8.3   16:25     S
28  66.0  74.3   16:33  57.5   23:58   1.5   2.4  0.18   3.6  14.5   10:40     S
29  62.2  72.3   15:18  53.0   06:08   4.5   1.7  0.00   2.5  15.2   11:40     S
30  64.4  76.8   15:34  51.4   06:07   4.2   3.6  0.00   1.3  13.0   12:28   SSE
31  67.1  80.6   13:50  56.6   05:57   2.4   4.5  0.00   1.6   9.2   14:23     S
----------------------------------------------------------------------------------
    71.2  91.6    16    51.4    30    29.0 222.1  4.61   2.5  38.0    10       S

Max >=  80.0: 20
Max <=  32.0:  0
Min <=  32.0:  0
Min <=   0.0:  0
Max Rain: 1.42 on day 22
Days of Rain: 20 (>= 0.01 in)  9 (>= 0.10 in)  2 (>= 1.00 in)
Heat Base: 65.0  Cool Base: 65.0  Method: Integration