nws-alerts: Checking more than four warning/county codes can delay the loading of your pages. You should use a cron job to get the data.

NOAA-Style Climate Reports


Report for 2013 August
                   Monthly Climatological Summary for Aug 2013

Name: Westmoreland Weather   City: Export   State: Pennsylvania
Elevation: 1286 ft  Lat: N 40° 26' 47"   Lon: W 079° 35' 30"

                  Temperature (°F), Rain (in), Wind Speed (mph)

                                      Heat  Cool        Avg
    Mean                              Deg   Deg         Wind                 Dom
Day Temp  High   Time   Low    Time   Days  Days  Rain  Speed High   Time    Dir
----------------------------------------------------------------------------------
 1  68.9  79.9   15:14  63.7   23:45   0.3   4.2  0.09   3.3  10.7   05:55     S
 2  66.8  75.5   13:26  58.6   06:07   1.7   3.6  0.00   2.8  15.2   12:54     S
 3  66.0  73.4   15:26  57.9   23:50   1.1   2.1  0.30   3.7  14.5   14:46     S
 4  62.6  75.0   16:11  52.7   05:57   4.7   2.2  0.08   1.7   8.3   12:10    SE
 5  62.4  75.4   16:07  51.2   06:30   4.5   1.9  0.00   1.4   9.8   10:55   SSE
 6  67.7  80.4   15:34  55.0   04:34   3.0   5.7  0.00   1.6   9.8   13:26   SSE
 7  69.6  82.4   15:50  61.0   06:08   0.7   5.3  0.74   2.3   9.8   17:50     S
 8  73.0  83.6   14:59  63.7   03:15   0.1   8.2  0.00   3.2  12.1   14:19     S
 9  71.5  75.9   14:42  64.7   23:58   0.0   6.5  0.34   3.0  11.4   08:29     S
10  69.6  81.5   13:17  61.1   05:41   1.0   5.6  0.00   1.2   7.6   13:43   SSE
11  70.1  82.2   15:56  60.1   06:11   0.9   6.0  0.02   1.5   6.9   09:39     N
12  71.2  80.8   14:14  63.1   05:52   0.2   6.3  0.01   2.1  13.0   11:38     S
13  68.1  78.2   13:49  54.3   23:57   0.9   4.0  0.21   4.3  14.5   03:47     S
14  56.7  66.0   17:07  48.2   06:26   8.4   0.0  0.00   2.4  12.1   16:09     S
15  59.7  74.6   15:36  46.0   06:49   7.2   1.9  0.00   1.3   6.0   12:19   SSE
16  64.4  79.3   16:36  51.4   06:34   4.7   4.0  0.00   1.3   6.9   12:22   ENE
17  64.7  78.8   13:51  53.6   06:52   4.1   3.8  0.00   2.0  12.1   14:12   ESE
18  64.6  72.5   16:36  59.0   03:19   2.2   1.8  0.02   1.3   7.6   12:24   ESE
19  67.2  76.1   15:25  62.8   01:56   0.7   3.0  0.38   1.0   6.9   16:32    NE
20  68.6  83.1   15:28  57.2   07:08   2.0   5.7  0.01   1.2   7.6   16:19     S
21  71.1  86.2   14:42  57.0   06:39   1.9   8.0  0.00   1.4   7.6   23:21   SSE
22  70.4  80.9   14:14  63.7   07:10   0.1   5.5  0.17   4.2  16.8   15:29     S
23  69.1  80.8   14:29  60.8   23:40   0.2   4.3  0.02   1.3   6.9   13:47   NNE
24  67.4  81.1   14:24  55.7   06:52   2.6   5.0  0.00   1.7   7.6   12:09   NNE
25  67.5  80.8   13:58  55.4   06:12   2.6   5.1  0.00   2.0  12.1   12:48   SSW
26  70.2  84.0   14:32  59.3   06:40   1.3   6.5  0.00   3.5  16.8   15:16     S
27  72.1  78.1   15:44  67.3   05:29   0.0   7.1  0.06   2.7  10.7   09:39   SSW
28  69.2  71.9   14:17  66.5   15:20   0.0   4.2  2.43   1.9  12.1   14:28     S
29  72.8  84.4   15:39  66.7   06:36   0.0   7.8  0.00   1.4   7.6   06:21     N
30  72.7  83.5   15:39  61.5   06:55   0.5   8.2  0.00   2.6  13.0   11:59     S
31  73.8  84.4   14:24  67.8   08:24   0.0   8.8  0.01   3.8  13.0   13:25     S
----------------------------------------------------------------------------------
    68.1  86.2    21    46.0    15    57.6 152.3  4.89   2.2  16.8    22       S

Max >=  80.0: 16
Max <=  32.0:  0
Min <=  32.0:  0
Min <=   0.0:  0
Max Rain: 2.43 on day 28
Days of Rain: 16 (>= 0.01 in)  7 (>= 0.10 in)  1 (>= 1.00 in)
Heat Base: 65.0  Cool Base: 65.0  Method: Integration