nws-alerts: Checking more than four warning/county codes can delay the loading of your pages. You should use a cron job to get the data.

NOAA-Style Climate Reports


Report for 2013 September
                   Monthly Climatological Summary for Sep 2013

Name: Westmoreland Weather   City: Export   State: Pennsylvania
Elevation: 1286 ft  Lat: N 40° 26' 47"   Lon: W 079° 35' 30"

                  Temperature (°F), Rain (in), Wind Speed (mph)

                                      Heat  Cool        Avg
    Mean                              Deg   Deg         Wind                 Dom
Day Temp  High   Time   Low    Time   Days  Days  Rain  Speed High   Time    Dir
----------------------------------------------------------------------------------
 1  71.5  77.0   13:53  68.3   04:00   0.0   6.5  0.08   2.4  10.7   12:56     S
 2  72.1  82.6   14:36  65.5   05:18   0.0   7.1  0.04   3.3  13.0   13:30     S
 3  63.9  72.7   13:48  56.6   23:53   2.5   1.3  0.02   2.2  11.4   12:44   SSE
 4  61.9  75.7   15:59  51.8   06:39   5.2   2.1  0.00   2.4  15.2   13:45     S
 5  62.3  74.8   13:34  51.4   23:53   4.5   1.8  0.00   2.6  12.1   11:18     S
 6  58.0  74.3   14:57  43.5   06:34   8.7   1.7  0.00   1.4   7.6   10:47   NNE
 7  61.8  79.3   15:40  46.2   07:22   6.2   3.0  0.00   1.8  10.7   12:14     S
 8  66.5  78.1   15:20  59.3   23:59   1.9   3.4  0.06   1.7   8.3   09:56     S
 9  66.3  78.6   15:22  55.2   06:48   3.0   4.3  0.40   2.0   9.8   12:03     S
10  74.8  86.3   15:36  66.4   01:41   0.0   9.8  0.01   4.6  17.4   16:46     S
11  73.6  85.6   13:16  69.6   23:50   0.0   8.6  0.93   2.6  13.6   16:11   SSW
12  68.4  74.5   12:14  59.9   23:55   0.3   3.6  0.53   3.4  19.0   12:19     S
13  57.0  66.9   13:39  48.5   23:07   8.1   0.1  0.09   2.6  10.7   12:19   SSE
14  53.3  65.3   15:36  47.5   23:56  11.7   0.0  0.00   1.6   9.8   11:42   SSE
15  56.2  67.6   13:40  42.6   07:13   9.3   0.4  0.00   1.5  11.4   14:48     S
16  58.8  69.6   15:21  50.3   23:55   6.5   0.3  0.20   1.9   9.2   15:23     S
17  55.3  70.9   15:45  43.5   07:12  10.3   0.6  0.01   2.5  10.7   16:09    NE
18  57.4  75.0   14:32  42.8   07:07   9.3   1.7  0.00   1.3  11.4   13:51   SSE
19  63.7  76.3   15:11  55.9   00:00   3.7   2.3  0.00   1.5   9.8   14:12     S
20  67.1  78.8   15:27  54.5   03:37   2.9   5.0  0.00   2.7  11.4   12:32     S
21  63.0  69.1   09:36  56.5   23:48   3.2   1.1  0.81   3.1  12.1   09:26     S
22  55.1  62.8   15:08  50.2   23:48   9.9   0.0  0.04   1.8  12.1   11:18   SSE
23  50.1  57.0   16:17  42.2   23:56  14.9   0.0  0.00   1.3   8.3   15:57     E
24  52.5  71.0   15:32  38.8   03:23  13.0   0.5  0.01   1.4   8.3   14:48   NNE
25  57.8  78.1   15:22  44.9   02:56   9.5   2.3  0.00   1.3   7.6   10:55     E
26  59.9  78.6   15:00  46.4   07:07   7.8   2.7  0.00   1.2   6.9   13:20    NE
27  60.6  75.7   13:07  50.0   06:44   6.5   2.0  0.00   1.8   6.9   12:09     N
28  59.6  74.6   14:32  49.8   06:58   7.0   1.6  0.00   2.9  13.6   15:46   ESE
29  60.1  75.2   13:45  47.3   04:14   6.9   2.0  0.00   1.5   9.2   11:50     S
30  59.6  68.7   13:13  50.5   06:44   6.0   0.6  0.00   1.6  11.4   13:07     S
----------------------------------------------------------------------------------
    61.6  86.3    10    38.8    24   178.8  76.4  3.23   2.1  19.0    12     SSE

Max >=  80.0:  3
Max <=  32.0:  0
Min <=  32.0:  0
Min <=   0.0:  0
Max Rain: 0.93 on day 11
Days of Rain: 14 (>= 0.01 in)  5 (>= 0.10 in)  0 (>= 1.00 in)
Heat Base: 65.0  Cool Base: 65.0  Method: Integration