nws-alerts: Checking more than four warning/county codes can delay the loading of your pages. You should use a cron job to get the data.

NOAA-Style Climate Reports


Report for 2013 October
                   Monthly Climatological Summary for Oct 2013

Name: Westmoreland Weather   City: Export   State: Pennsylvania
Elevation: 1286 ft  Lat: N 40° 26' 47"   Lon: W 079° 35' 30"

                  Temperature (°F), Rain (in), Wind Speed (mph)

                                      Heat  Cool        Avg
    Mean                              Deg   Deg         Wind                 Dom
Day Temp  High   Time   Low    Time   Days  Days  Rain  Speed High   Time    Dir
----------------------------------------------------------------------------------
 1  64.4  76.3   15:07  57.7   05:23   3.1   2.5  0.00   2.3  13.6   13:55     S
 2  65.6  78.4   15:10  56.8   07:16   2.8   3.4  0.00   2.2  14.5   12:43     S
 3  66.0  76.8   12:07  56.6   05:51   2.6   3.6  0.05   2.0  13.6   12:46     S
 4  68.7  79.9   15:55  62.8   06:12   0.5   4.2  0.00   2.6  13.6   15:35     S
 5  68.1  80.2   15:52  63.7   07:21   0.2   3.2  0.72   1.9  10.7   19:14     S
 6  72.0  82.6   15:15  63.8   07:28   0.1   7.1  0.01   4.0  18.3   14:20   SSW
 7  56.4  71.0   00:00  46.4   23:37   9.6   1.0  0.26   5.6  16.8   12:39     S
 8  52.7  69.6   15:39  40.4   07:35  12.6   0.3  0.00   1.3   8.3   12:53   ENE
 9  53.8  69.1   14:36  42.1   03:51  11.6   0.5  0.00   1.6  10.7   13:54   ENE
10  55.4  69.1   14:07  45.8   07:44  10.0   0.4  0.00   1.6   8.3   21:35   NNE
11  53.6  57.5   15:57  50.5   04:53  11.4   0.0  0.22   1.6   6.9   10:54     N
12  61.2  74.3   15:35  52.0   04:07   5.6   1.8  0.00   2.0  10.7   16:51   ENE
13  61.2  70.5   13:59  55.9   03:57   4.6   0.8  0.01   2.1  10.7   13:47   ESE
14  58.0  60.1   14:36  55.9   03:25   7.0   0.0  0.00   1.1   5.4   10:23   ENE
15  60.6  70.1   14:55  49.3   07:43   5.5   1.1  0.01   1.6   9.8   11:55   SSE
16  58.0  61.7   16:59  53.9   09:01   7.0   0.0  0.12   3.6  13.0   14:35     S
17  54.1  60.8   00:00  47.5   23:22  10.9   0.0  0.72   2.5  15.9   16:47   SSE
18  50.7  60.4   14:03  43.9   08:06  14.3   0.0  0.00   4.6  20.6   15:48     S
19  45.1  52.1   11:24  37.4   07:58  19.9   0.0  0.04   3.2  13.6   17:58     S
20  44.9  55.9   14:24  34.9   07:31  20.1   0.0  0.06   4.3  22.1   14:26     S
21  51.4  64.6   15:07  38.1   06:29  13.6   0.0  0.00   4.1  16.8   13:14   SSW
22  46.5  53.9   00:07  39.5   23:38  18.5   0.0  0.12   3.5  15.2   11:48     S
23  38.7  40.8   14:37  34.3   23:46  26.3   0.0  0.11   1.6  13.6   17:35     S
24  36.4  43.0   14:28  31.8   23:53  28.6   0.0  0.00   3.7  14.5   13:04     S
25  36.7  45.7   14:35  29.8   03:39  28.3   0.0  0.00   3.2  16.8   13:50     S
26  39.2  48.7   13:57  29.3   07:34  25.8   0.0  0.00   8.2  25.1   11:23   SSW
27  41.7  51.6   14:40  34.1   23:57  23.3   0.0  0.00   2.8  15.9   00:57     S
28  43.8  63.1   15:16  29.6   06:28  21.2   0.0  0.00   1.3  10.7   16:20     S
29  47.8  65.1   15:01  34.0   08:12  17.1   0.0  0.00   1.2   9.2   15:04   ENE
30  52.3  68.7   15:08  41.9   00:59  12.7   0.0  0.00   2.0  10.7   13:41     S
31  60.2  65.6   12:00  55.4   00:00   4.8   0.0  0.15   7.0  22.8   23:54     S
----------------------------------------------------------------------------------
    53.7  82.6     6    29.3    26   379.6  29.9  2.60   2.9  25.1    26       S

Max >=  80.0:  2
Max <=  32.0:  0
Min <=  32.0:  4
Min <=   0.0:  0
Max Rain: 0.72 on day 5
Days of Rain: 14 (>= 0.01 in)  8 (>= 0.10 in)  0 (>= 1.00 in)
Heat Base: 65.0  Cool Base: 65.0  Method: Integration