nws-alerts: Checking more than four warning/county codes can delay the loading of your pages. You should use a cron job to get the data.

NOAA-Style Climate Reports


Report for 2013 November
                   Monthly Climatological Summary for Nov 2013

Name: Westmoreland Weather   City: Export   State: Pennsylvania
Elevation: 1286 ft  Lat: N 40° 26' 47"   Lon: W 079° 35' 30"

                  Temperature (°F), Rain (in), Wind Speed (mph)

                                      Heat  Cool        Avg
    Mean                              Deg   Deg         Wind                 Dom
Day Temp  High   Time   Low    Time   Days  Days  Rain  Speed High   Time    Dir
----------------------------------------------------------------------------------
 1  57.5  68.5   03:35  47.5   23:08   7.8   0.2  0.14   7.6  30.4   03:43   SSW
 2  47.1  51.1   09:52  42.2   21:40  17.9   0.0  0.05   3.6  18.3   09:42     S
 3  40.9  53.0   12:29  30.7   23:52  25.1   0.0  0.01   2.0  10.7   14:24    SE
 4  36.7  47.6   14:28  26.2   06:49  28.3   0.0  0.00   3.0  10.7   09:11   ESE
 5  45.6  57.9   13:52  36.5   06:14  19.4   0.0  0.00   2.3   9.8   13:35   ESE
 6  55.2  70.5   13:06  34.9   05:16  10.7   1.0  0.00   5.2  20.6   13:59   SSW
 7  44.8  58.4   00:00  37.4   23:46  20.2   0.0  0.63   4.2  15.2   03:11   SSW
 8  36.5  42.8   15:06  28.4   23:54  28.5   0.0  0.00   3.5  14.5   10:53   SSW
 9  41.0  53.6   15:09  26.6   03:26  24.0   0.0  0.00   5.5  23.5   15:34   SSW
10  43.1  50.3   00:07  34.5   23:56  21.9   0.0  0.00   6.5  22.1   08:53    SW
11  38.6  46.4   18:06  29.8   05:21  26.4   0.0  0.02   5.3  20.6   11:24   SSW
12  30.6  39.7   12:29  25.3   22:09  34.4   0.0  0.07   1.9  10.7   00:12    SE
13  28.5  37.2   11:19  22.3   07:28  36.5   0.0  0.00   4.9  18.3   15:54   SSW
14  34.9  46.9   14:53  24.8   04:34  30.1   0.0  0.00   8.4  19.7   08:40   SSW
15  45.1  54.3   14:23  36.7   02:56  19.9   0.0  0.00   5.8  19.7   13:25   SSW
16  51.4  61.1   11:26  37.2   07:19  13.6   0.0  0.00   2.7  15.2   00:22   SSE
17  56.3  60.4   22:12  51.1   04:07   8.7   0.0  0.58   6.7  31.1   22:11   SSW
18  47.4  55.7   00:16  36.8   23:57  17.6   0.0  0.08   9.5  30.4   12:04    SW
19  33.6  37.0   00:22  26.6   23:42  31.4   0.0  0.00   2.6  11.4   03:23   SSE
20  35.6  50.7   14:29  24.4   03:56  29.4   0.0  0.00   4.2  16.8   12:49   ESE
21  43.3  56.8   14:47  32.5   06:28  21.6   0.0  0.00   2.5   9.2   00:25   ESE
22  47.6  51.1   14:56  35.6   23:54  17.4   0.0  0.17   3.6  13.0   21:21     S
23  29.4  38.5   13:21  17.4   23:59  35.6   0.0  0.00   4.7  22.8   20:45     S
24  18.0  25.1   13:13  14.2   06:07  47.0   0.0  0.00   4.6  15.9   12:31   SSW
25  23.8  34.9   23:42  11.8   03:07  41.2   0.0  0.00   4.7  19.7   23:27   SSW
26  32.3  35.9   19:53  29.1   01:13  32.7   0.0  0.92   1.6  15.9   00:09     S
27  27.3  33.1   00:16  20.5   20:18  37.7   0.0  0.02   0.3   6.0   01:53   SSE
28  23.2  29.3   11:14  15.8   07:25  41.8   0.0  0.01   0.0   0.7   11:25     S
29  28.6  40.6   11:30  22.1   07:55  36.4   0.0  0.07   1.0   6.0   10:35    NE
30  29.5  39.7   12:50  22.3   03:26  35.5   0.0  0.04   2.8  10.7   12:38    SE
----------------------------------------------------------------------------------
    38.4  70.5     6    11.8    25   798.7   1.2  2.81   4.0  31.1    17       S

Max >=  80.0:  0
Max <=  32.0:  2
Min <=  32.0: 18
Min <=   0.0:  0
Max Rain: 0.92 on day 26
Days of Rain: 14 (>= 0.01 in)  5 (>= 0.10 in)  0 (>= 1.00 in)
Heat Base: 65.0  Cool Base: 65.0  Method: Integration