nws-alerts: Checking more than four warning/county codes can delay the loading of your pages. You should use a cron job to get the data.

NOAA-Style Climate Reports


Report for 2013 December
                   Monthly Climatological Summary for Dec 2013

Name: Westmoreland Weather   City: Export   State: Pennsylvania
Elevation: 1286 ft  Lat: N 40° 26' 47"   Lon: W 079° 35' 30"

                  Temperature (°F), Rain (in), Wind Speed (mph)

                                      Heat  Cool        Avg
    Mean                              Deg   Deg         Wind                 Dom
Day Temp  High   Time   Low    Time   Days  Days  Rain  Speed High   Time    Dir
----------------------------------------------------------------------------------
 1  37.1  42.6   12:19  25.3   01:07  27.8   0.0  0.01   2.9  18.3   11:48    SW
 2  41.1  50.7   14:23  35.8   07:52  23.9   0.0  0.00   1.4   9.2   12:40    SW
 3  43.1  56.3   12:31  35.9   05:07  21.9   0.0  0.02   1.4  11.4   13:47    SE
 4  47.8  62.2   13:35  35.2   07:55  17.2   0.0  0.00   1.8   7.6   12:41    SE
 5  55.4  63.3   10:08  40.3   23:52   9.6   0.0  0.85   5.3  16.8   09:15   SSW
 6  33.7  40.3   00:00  27.8   23:59  31.3   0.0  0.28   1.4   7.6   00:24   ESE
 7  26.1  35.8   13:08  18.3   23:57  38.9   0.0  0.05   0.0   0.0   00:00     E
 8  22.8  29.3   23:59  16.5   01:19  42.2   0.0  0.00   0.0   0.0   00:00     E
 9  32.9  37.0   09:37  28.0   23:19  32.1   0.0  0.11   5.0  19.0   11:59    SW
10  24.5  31.8   03:55  19.7   23:52  40.5   0.0  0.00   1.1  14.5   13:27    SW
11  22.1  30.0   13:59  15.8   07:11  42.9   0.0  0.00   2.3  18.3   12:12   SSW
12  17.1  21.0   13:26  10.0   08:10  47.9   0.0  0.00   6.0  18.3   20:56    SW
13  24.6  34.5   13:41  16.9   00:59  40.4   0.0  0.00   4.1  16.8   09:55    SW
14  30.9  34.7   22:28  26.6   00:09  34.1   0.0  0.14   2.1  15.9   14:29   ESE
15  28.0  36.8   01:34  18.1   23:56  37.0   0.0  0.13   1.8  15.9   02:28   SSW
16  20.4  24.2   14:03  16.0   07:52  44.6   0.0  0.00   0.0   0.0   00:00     E
17  29.2  33.1   14:46  23.5   00:32  35.8   0.0  0.05   2.5  13.0   06:08   SSW
18  24.6  33.4   12:55  21.4   20:48  40.4   0.0  0.00   5.1  19.0   12:36    SW
19  38.9  50.7   14:53  25.1   00:00  26.1   0.0  0.00   6.4  20.6   11:08    SW
20  48.7  53.8   12:23  40.1   00:00  16.3   0.0  0.02   7.4  21.3   19:56   SSW
21  55.8  59.3   21:07  52.0   00:00   9.2   0.0  0.67   7.2  16.8   20:59   SSW
22  58.4  67.3   03:11  52.7   23:56   6.7   0.1  0.21   9.6  32.0   10:11   SSW
23  37.9  52.7   00:00  28.9   23:32  27.2   0.0  0.13   2.7  11.4   00:25    SW
24  21.9  29.3   00:07  12.9   23:10  43.1   0.0  0.00   1.5  12.1   14:03     W
25  19.1  26.8   16:00  10.7   03:05  45.9   0.0  0.00   1.7   9.2   13:51     W
26  28.4  36.7   14:25  23.9   02:40  36.6   0.0  0.08   5.6  23.5   11:54   WSW
27  30.8  40.6   14:36  22.3   03:13  34.2   0.0  0.00   3.9  14.5   12:35    SW
28  39.5  52.5   14:08  30.9   02:57  25.5   0.0  0.00   7.4  17.4   11:28   SSW
29  39.6  42.4   05:08  37.9   09:21  25.4   0.0  0.64   3.5  12.1   23:12    SW
30  26.1  37.9   00:00  20.6   17:42  38.9   0.0  0.00   0.8  19.0   00:18    SW
31  21.6  23.2   11:35  19.9   17:58  43.4   0.0  0.00   0.0   0.0   00:00     E
----------------------------------------------------------------------------------
    33.2  67.3    22    10.0    12   987.0   0.1  3.39   3.3  32.0    22     SSW

Max >=  80.0:  0
Max <=  32.0:  8
Min <=  32.0: 23
Min <=   0.0:  0
Max Rain: 0.85 on day 5
Days of Rain: 15 (>= 0.01 in)  9 (>= 0.10 in)  0 (>= 1.00 in)
Heat Base: 65.0  Cool Base: 65.0  Method: Integration