nws-alerts: Checking more than four warning/county codes can delay the loading of your pages. You should use a cron job to get the data.

NOAA-Style Climate Reports


Report for 2014
                   Annual Climatological Summary for 2014

Name: Westmoreland Weather   City: Export   State: Pennsylvania
Elevation: 1286 ft  Lat: N 40° 26' 47"   Lon: W 079° 35' 30"

                  Temperature (°F), Heat Base: 65.0  Cool Base: 65.0
                          Dep.  Heat  Cool                       Max  Max  Min  Min
        Mean  Mean        From  Deg   Deg                        >=   <=   <=   <=
 YR MO  Max   Min   Mean  Norm  Days  Days  Hi  Date  Low  Date 80.0 32.0 32.0   0.0
------------------------------------------------------------------------------------
 14  1  31.1  11.5  21.7  -5.8  1342     0  56.5  13 -12.5    7    0   15   29    8
 14  2  34.7  15.9  25.4  -5.1  1108     0  56.8  21  -2.4   28    0   14   27    2
 14  3  46.0  22.4  33.9  -5.9   963     0  67.4  11   0.8    4    0    4   25    0
 14  4  63.3  39.3  50.9   1.0   441    18  80.6  13  21.7   16    1    0    6    0
 14  5  71.6  49.7  60.4   0.4   217    76  86.3  13  33.6    5    6    0    0    0
 14  6  79.5  59.0  68.5   0.1    55   160  86.5  28  45.1    6   15    0    0    0
 14  7  78.9  59.3  68.7  -3.9    58   172  88.3  22  48.2    5   15    0    0    0
 14  8  79.6  58.6  67.9  -3.1    59   149  85.8  30  46.6   16   18    0    0    0
 14  9  75.5  53.0  63.1  -0.9   152    95  86.5   4  38.1   23    8    0    0    0
 14 10  64.2  45.2  53.2   0.7   385    17  80.8  14  36.3    5    1    0    0    0
 14 11  47.3  29.7  38.1  -4.2   808     1  69.8  11  11.1   19    0    3   19    0
 14 12  42.8  28.4  34.8   2.3   936     0  59.3   1  17.6   31    0    5   22    0
------------------------------------------------------------------------------------
        59.5  39.3  48.9  -2.0  6529   692  88.3 Jul -12.5  Jan   64   41  128   10

                                Precipitation (in)

              Dep.   Max        Days of Rain
              From   Obs.           >=
 YR MO Total  Norm   Day Date 0.01 0.10 1.00
---------------------------------------------
 14  1  1.42 -1.28  0.47   6    12    4    0
 14  2  1.34 -1.03  0.35  21    11    6    0
 14  3  2.28 -0.89  0.69  12    14    5    0
 14  4  3.78  0.77  0.56  30    19   13    0
 14  5  3.38 -0.42  0.71  15    15    9    0
 14  6  3.96 -0.16  0.74  11    21   13    0
 14  7  1.95 -2.01  0.57  19    14    6    0
 14  8  4.85  1.47  1.09   2    13    8    1
 14  9  0.56 -2.65  0.11  11    10    2    0
 14 10  1.66 -0.59  0.48  15    17    6    0
 14 11  2.22 -0.80  0.79  24    14    5    0
 14 12  3.09  0.23  0.54   6    16    7    0
---------------------------------------------
       30.49 -7.36  1.09  Aug  176   84    1

                                Wind Speed (mph)
                          Dom
 YR MO   Avg.  Hi   Date  Dir
------------------------------
 14  1   4.8  43.4    6   SSW
 14  2   3.1  29.8   27     S
 14  3   4.0  35.8   14     S
 14  4   4.8  35.8    8   SSE
 14  5   3.3  33.6   14     S
 14  6   2.6  28.2   11     S
 14  7   3.1  29.8    8     S
 14  8   2.2  17.4   14     S
 14  9   2.5  21.3   11   SSE
 14 10   3.8  28.2   28     S
 14 11   4.6  41.2   24   SSW
 14 12   3.5  21.3    1   SSW
------------------------------
         3.5  43.4  Jan     S