nws-alerts: Checking more than four warning/county codes can delay the loading of your pages. You should use a cron job to get the data.

NOAA-Style Climate Reports


Report for 2014 January
                   Monthly Climatological Summary for Jan 2014

Name: Westmoreland Weather   City: Export   State: Pennsylvania
Elevation: 1286 ft  Lat: N 40° 26' 47"   Lon: W 079° 35' 30"

                  Temperature (°F), Rain (in), Wind Speed (mph)

                                      Heat  Cool        Avg
    Mean                              Deg   Deg         Wind                 Dom
Day Temp  High   Time   Low    Time   Days  Days  Rain  Speed High   Time    Dir
----------------------------------------------------------------------------------
 1  28.1  38.1   11:57  21.9   00:16  36.9   0.0  0.01   2.2   8.3   17:53    NE
 2  24.6  29.8   14:01  10.2   23:53  40.1   0.0  0.00   1.6  10.7   22:13     E
 3   9.9  19.9   12:57   1.9   07:47  54.9   0.0  0.00   3.1  11.4   12:28   SSE
 4  21.4  36.1   14:41   5.3   06:38  43.6   0.0  0.00   4.5  24.4   12:09   SSW
 5  38.9  48.7   22:27  22.4   06:07  26.0   0.0  0.04   2.5  12.1   23:59   SSE
 6  16.7  50.0   00:25  -9.4   23:50  48.2   0.0  0.47   7.1  43.4   02:16    SW
 7  -5.6   1.2   14:52 -12.5   05:24  70.6   0.0  0.02   9.3  25.1   11:08    SW
 8  11.4  21.7   19:25  -1.7   01:11  53.6   0.0  0.00   3.7  14.5   12:26   SSW
 9  28.7  39.9   14:49  19.0   07:39  36.4   0.0  0.06   1.5  13.6   23:40     E
10  37.5  44.9   15:36  30.7   00:07  27.5   0.0  0.01   2.4   8.3   09:50    SE
11  47.7  55.4   08:10  35.4   23:54  17.4   0.0  0.47   6.6  19.7   16:25   SSW
12  32.7  35.4   00:00  29.1   20:15  32.3   0.0  0.00   4.3  24.4   03:46    SW
13  44.6  56.5   14:46  31.8   00:00  20.4   0.0  0.19   8.3  24.4   11:50   SSW
14  39.5  45.3   08:35  32.2   21:48  25.5   0.0  0.12   3.0  15.2   01:34   SSW
15  31.3  36.8   04:12  23.0   23:59  33.7   0.0  0.00   4.4  20.6   09:20    SW
16  25.5  32.3   13:08  19.0   06:36  39.5   0.0  0.00   3.5  14.5   13:11     S
17  30.7  38.8   15:25  22.8   23:57  34.3   0.0  0.01   4.2  24.4   01:21   SSW
18  14.3  23.0   00:00   9.7   08:27  50.7   0.0  0.00   2.5   9.8   14:07    SW
19  23.3  28.9   22:28  14.9   00:00  41.7   0.0  0.00   6.4  22.1   14:26    SW
20  30.6  34.5   10:32  22.8   23:58  34.4   0.0  0.01   5.7  19.7   01:19    SW
21  16.0  22.8   00:00  -0.1   23:55  49.0   0.0  0.00   3.0  12.1   08:49     E
22   3.2  14.5   14:31  -6.5   07:50  61.8   0.0  0.00   2.2  12.1   11:50   SSW
23   7.6  13.8   11:50   3.4   23:50  57.4   0.0  0.00   5.1  18.3   13:50    SW
24   5.5  13.8   23:56  -1.5   08:12  59.5   0.0  0.00   9.4  22.8   14:56   SSW
25  17.9  22.4   15:55  11.1   23:51  47.1   0.0  0.00   9.7  24.4   12:43   SSW
26  15.0  28.9   20:05   5.2   06:37  50.0   0.0  0.00   6.8  19.7   14:14   SSW
27  19.6  40.4   04:48   1.4   23:58  45.4   0.0  0.01   8.3  25.1   04:43    SW
28  -0.3   6.2   15:16  -9.1   07:42  65.3   0.0  0.00   3.2  12.1   09:37   SSW
29   4.3  15.6   15:19  -7.4   07:27  60.7   0.0  0.00   5.7  22.1   12:46    SW
30  18.6  31.8   15:06   3.4   07:45  46.4   0.0  0.00   4.4  15.9   15:38     S
31  33.2  37.4   12:23  29.6   08:37  31.8   0.0  0.00   4.8  15.9   03:43    SW
----------------------------------------------------------------------------------
    21.7  56.5    13   -12.5     7  1342.1   0.0  1.42   4.8  43.4     6     SSW

Max >=  80.0:  0
Max <=  32.0: 15
Min <=  32.0: 29
Min <=   0.0:  8
Max Rain: 0.47 on day 6
Days of Rain: 12 (>= 0.01 in)  4 (>= 0.10 in)  0 (>= 1.00 in)
Heat Base: 65.0  Cool Base: 65.0  Method: Integration