nws-alerts: Checking more than four warning/county codes can delay the loading of your pages. You should use a cron job to get the data.

NOAA-Style Climate Reports


Report for 2014 February
                   Monthly Climatological Summary for Feb 2014

Name: Westmoreland Weather   City: Export   State: Pennsylvania
Elevation: 1286 ft  Lat: N 40° 26' 47"   Lon: W 079° 35' 30"

                  Temperature (°F), Rain (in), Wind Speed (mph)

                                      Heat  Cool        Avg
    Mean                              Deg   Deg         Wind                 Dom
Day Temp  High   Time   Low    Time   Days  Days  Rain  Speed High   Time    Dir
----------------------------------------------------------------------------------
 1  41.6  53.4   14:52  31.3   02:13  23.3   0.0  0.00   2.2  10.7   19:24     S
 2  37.1  46.9   00:17  27.5   23:56  27.9   0.0  0.25   0.9   8.3   15:32    SE
 3  25.9  32.2   14:31  15.8   23:59  39.1   0.0  0.00   0.0   0.0   00:00     E
 4  22.3  33.8   14:48   8.9   05:26  42.7   0.0  0.00   0.0   0.0   00:00     E
 5  28.0  37.2   10:44  19.9   23:56  37.0   0.0  0.01   1.7  21.3   13:11    SW
 6  19.7  29.1   13:38  12.7   07:55  45.3   0.0  0.00   0.0   0.0   00:00     E
 7  16.8  24.2   14:27  10.4   23:54  48.2   0.0  0.00   2.6  23.5   12:02    SW
 8  14.2  24.4   14:24   4.1   06:17  50.8   0.0  0.00   1.1   9.2   17:09     S
 9  20.7  27.8   15:10  14.7   23:11  44.3   0.0  0.00   2.6  11.4   19:46     S
10  14.6  20.6   13:53   8.2   23:59  50.4   0.0  0.00   1.6  10.7   14:31   SSW
11  13.4  25.9   10:56   1.0   07:48  51.6   0.0  0.00   1.3   6.9   11:56     E
12  16.3  32.2   14:53  -1.1   06:55  48.7   0.0  0.00   3.5  15.2   13:54   ESE
13  24.9  28.9   15:10  21.7   07:15  40.1   0.0  0.00   2.2   8.3   05:18    NE
14  27.7  32.9   12:09  21.7   03:16  37.3   0.0  0.02   4.3  20.6   10:55   SSW
15  23.5  31.4   12:21  11.8   23:56  41.5   0.0  0.00   2.5  10.7   14:56   SSE
16  17.7  25.3   13:21   9.7   01:48  47.3   0.0  0.00   2.2   9.8   15:35     S
17  21.6  37.4   14:46   1.7   07:17  43.4   0.0  0.01   4.9  28.2   21:51    SE
18  35.0  42.8   15:56  26.9   00:00  30.0   0.0  0.22   5.8  22.8   06:45   SSW
19  39.9  47.6   15:19  29.5   23:52  25.1   0.0  0.21   5.5  18.3   04:27   SSW
20  40.0  53.4   22:26  23.5   06:23  25.0   0.0  0.11   2.9  12.1   12:05   SSE
21  44.4  56.8   04:22  34.3   10:18  20.6   0.0  0.35   7.7  29.8   12:59   SSW
22  40.5  52.3   13:21  31.1   03:14  24.5   0.0  0.02   6.3  27.3   11:00    SW
23  35.0  46.2   12:36  28.6   23:55  30.0   0.0  0.01   1.4   9.8   23:27     S
24  24.9  30.4   15:12  20.3   06:56  40.1   0.0  0.00   5.5  19.0   09:24   SSE
25  21.7  25.3   14:02  18.5   07:48  43.3   0.0  0.00   4.5  15.2   12:32   SSW
26  17.4  22.8   14:47  12.7   07:33  47.6   0.0  0.00   4.3  16.8   13:38     S
27  13.3  22.6   12:31   3.4   23:57  51.7   0.0  0.13   7.9  29.8   09:56    SW
28  13.5  28.7   15:03  -2.4   06:22  51.5   0.0  0.00   2.1  11.4   13:28    SE
----------------------------------------------------------------------------------
    25.4  56.8    21    -2.4    28  1108.3   0.0  1.34   3.1  29.8    21       S

Max >=  80.0:  0
Max <=  32.0: 14
Min <=  32.0: 27
Min <=   0.0:  2
Max Rain: 0.35 on day 21
Days of Rain: 11 (>= 0.01 in)  6 (>= 0.10 in)  0 (>= 1.00 in)
Heat Base: 65.0  Cool Base: 65.0  Method: Integration