nws-alerts: Checking more than four warning/county codes can delay the loading of your pages. You should use a cron job to get the data.

NOAA-Style Climate Reports


Report for 2014 March
                   Monthly Climatological Summary for Mar 2014

Name: Westmoreland Weather   City: Export   State: Pennsylvania
Elevation: 1286 ft  Lat: N 40° 26' 47"   Lon: W 079° 35' 30"

                  Temperature (°F), Rain (in), Wind Speed (mph)

                                      Heat  Cool        Avg
    Mean                              Deg   Deg         Wind                 Dom
Day Temp  High   Time   Low    Time   Days  Days  Rain  Speed High   Time    Dir
----------------------------------------------------------------------------------
 1  31.4  44.6   15:42  14.5   06:05  33.7   0.0  0.00   3.5  14.5   09:08   SSW
 2  27.0  38.5   02:01  14.9   23:57  37.9   0.0  0.00   2.5  13.0   02:39   ESE
 3  13.8  30.4   15:00   5.7   23:57  51.2   0.0  0.00   2.7  11.4   04:28     E
 4  19.9  35.9   12:02   0.8   05:07  45.1   0.0  0.04   1.4   9.2   15:18     S
 5  25.8  38.6   14:43  15.4   06:29  39.2   0.0  0.00   2.1  10.7   23:28   ENE
 6  26.1  39.4   14:35  14.7   04:32  38.9   0.0  0.00   6.6  17.4   12:41   ESE
 7  37.6  55.0   14:05  25.0   04:58  27.3   0.0  0.00   3.1  11.4   01:38    SE
 8  38.0  50.2   14:10  29.1   23:59  27.0   0.0  0.01   2.9  15.2   13:24    SW
 9  29.7  39.7   16:09  19.0   07:32  33.8   0.0  0.06   2.2  13.6   14:36   SSW
10  43.0  57.0   16:06  31.6   00:41  22.0   0.0  0.00   7.3  21.3   16:31    SW
11  53.5  67.4   16:22  41.9   07:42  11.7   0.1  0.00   3.8  18.3   14:05    SW
12  38.5  50.7   13:48  17.2   23:50  26.5   0.0  0.69   2.6  19.0   12:56     S
13  16.1  25.7   15:33   4.3   06:26  48.9   0.0  0.01   0.0   0.0   00:00     E
14  41.3  57.7   16:12  22.1   00:00  23.7   0.0  0.02  10.6  35.8   23:50   SSW
15  41.9  52.1   00:00  29.8   23:55  23.1   0.0  0.20   6.2  28.9   00:22    SW
16  27.2  32.3   12:11  21.7   07:42  37.8   0.0  0.00   3.8  13.0   23:19    NE
17  29.4  39.0   14:01  23.9   08:07  35.5   0.0  0.00   5.0  13.6   10:40   ESE
18  37.2  52.5   16:21  27.3   04:51  27.8   0.0  0.00   5.9  20.6   15:34    SE
19  45.1  61.0   15:21  35.2   01:22  19.8   0.0  0.27   4.5  15.2   09:29   SSE
20  37.0  44.8   00:40  32.5   09:52  28.0   0.0  0.09   5.8  21.3   16:14    SW
21  34.1  44.9   17:13  25.3   07:30  30.9   0.0  0.02   1.8   9.2   10:13     S
22  45.2  52.1   14:45  32.2   23:10  19.8   0.0  0.00   5.5  19.7   05:30   SSW
23  28.8  34.3   16:00  17.6   22:48  36.2   0.0  0.00   3.3  15.2   17:12    SE
24  23.3  31.8   13:36  13.4   07:08  41.7   0.0  0.00   2.7  15.9   16:53   SSW
25  27.9  40.3   15:27  19.9   03:48  37.1   0.0  0.00   2.6  13.0   13:18     S
26  21.7  27.8   16:34  13.8   07:27  43.3   0.0  0.00   4.5  18.3   15:48     S
27  35.0  50.9   15:56  16.0   03:56  30.0   0.0  0.00   4.1  22.8   15:00     S
28  52.0  59.3   15:43  39.7   23:54  13.0   0.0  0.07   8.9  32.0   10:28   SSW
29  44.3  62.9   13:44  35.0   06:46  20.7   0.0  0.67   3.8  15.9   12:59   ENE
30  35.1  47.5   16:40  30.4   23:55  29.9   0.0  0.12   3.1  16.8   15:18    SE
31  42.9  62.2   16:26  26.0   06:55  22.1   0.0  0.01   2.1  13.6   16:08     S
----------------------------------------------------------------------------------
    33.9  67.4    11     0.8     4   963.6   0.1  2.28   4.0  35.8    14       S

Max >=  80.0:  0
Max <=  32.0:  4
Min <=  32.0: 25
Min <=   0.0:  0
Max Rain: 0.69 on day 12
Days of Rain: 14 (>= 0.01 in)  5 (>= 0.10 in)  0 (>= 1.00 in)
Heat Base: 65.0  Cool Base: 65.0  Method: Integration