nws-alerts: Checking more than four warning/county codes can delay the loading of your pages. You should use a cron job to get the data.

NOAA-Style Climate Reports


Report for 2014 April
                   Monthly Climatological Summary for Apr 2014

Name: Westmoreland Weather   City: Export   State: Pennsylvania
Elevation: 1286 ft  Lat: N 40° 26' 47"   Lon: W 079° 35' 30"

                  Temperature (°F), Rain (in), Wind Speed (mph)

                                      Heat  Cool        Avg
    Mean                              Deg   Deg         Wind                 Dom
Day Temp  High   Time   Low    Time   Days  Days  Rain  Speed High   Time    Dir
----------------------------------------------------------------------------------
 1  54.5  74.5   16:35  34.5   02:57  12.3   1.8  0.11   5.6  30.4   16:19    SW
 2  50.9  59.5   00:19  41.2   07:54  14.1   0.0  0.34   3.1  12.1   14:44    SW
 3  50.7  63.3   13:40  41.5   07:05  14.3   0.0  0.38   3.3  10.7   20:43   ENE
 4  53.4  60.6   18:34  43.9   23:59  11.6   0.0  0.51   5.8  22.8   18:40     S
 5  37.7  43.9   00:00  30.7   23:56  27.3   0.0  0.00   6.1  24.4   12:20    SW
 6  42.9  60.1   16:31  24.2   07:07  22.0   0.0  0.00   2.7  14.5   12:12   ESE
 7  46.7  50.0   17:17  43.1   11:33  18.3   0.0  0.05   5.3  19.0   17:12    SE
 8  48.9  58.3   17:23  41.0   08:34  16.1   0.0  0.17   7.2  35.8   05:49   SSW
 9  46.4  59.2   14:45  34.0   06:29  18.6   0.0  0.00   2.6  15.9   17:02   SSE
10  53.5  68.3   16:07  35.8   03:15  11.9   0.4  0.04   8.4  26.6   17:32   SSW
11  53.5  62.9   01:52  46.9   23:53  11.5   0.0  0.25   4.2  19.0   10:41   SSW
12  56.2  72.1   16:31  39.0   07:31  10.3   1.5  0.01   3.6  17.4   15:48   SSW
13  69.8  80.6   17:36  60.2   00:23   0.9   5.8  0.00   8.6  28.2   09:58   SSW
14  66.7  73.6   14:17  59.7   22:36   1.3   3.0  0.11   8.2  29.8   11:41   SSW
15  40.7  62.8   03:27  25.1   23:49  24.3   0.0  0.25   4.1  16.8   05:14     S
16  33.8  46.7   16:07  21.7   06:32  31.2   0.0  0.01   2.2  11.4   10:43   ENE
17  46.9  62.0   17:02  34.1   06:33  18.1   0.0  0.00   6.6  15.2   11:53    SE
18  53.0  69.8   15:53  39.4   06:45  12.2   0.2  0.00   3.0  12.1   14:36   SSE
19  54.4  67.1   15:18  41.9   06:43  10.8   0.2  0.00   2.9  13.0   10:59    NE
20  56.6  73.9   16:17  40.6   06:58   9.8   1.4  0.00   4.1  16.8   12:48    SE
21  61.3  78.2   13:50  40.3   06:26   7.5   3.8  0.00   2.9  18.3   12:32     S
22  56.2  68.0   14:44  44.0   23:50   8.8   0.1  0.25   2.9  22.8   14:46     S
23  40.0  45.7   16:08  33.4   06:29  25.0   0.0  0.02   4.1  13.6   10:22     S
24  45.2  62.4   15:29  27.5   06:39  19.7   0.0  0.00   2.0  10.7   11:53   ENE
25  53.7  67.3   11:06  45.7   23:53  11.4   0.1  0.22   5.0  21.3   11:54     S
26  52.0  69.1   14:52  40.3   23:54  13.5   0.5  0.01   6.0  24.4   14:55     S
27  48.7  66.2   16:12  32.0   06:31  16.3   0.0  0.00   2.2  10.7   15:49   ENE
28  50.8  60.2   11:38  43.0   06:33  14.2   0.0  0.17   5.3  15.9   11:16     E
29  49.2  52.1   15:22  47.3   19:59  15.8   0.0  0.32  11.0  33.6   09:38    SE
30  52.4  60.1   17:32  47.5   03:38  12.6   0.0  0.56   6.2  20.6   06:34    SE
----------------------------------------------------------------------------------
    50.9  80.6    13    21.7    16   441.7  18.8  3.78   4.8  35.8     8       S

Max >=  80.0:  1
Max <=  32.0:  0
Min <=  32.0:  6
Min <=   0.0:  0
Max Rain: 0.56 on day 30
Days of Rain: 19 (>= 0.01 in)  13 (>= 0.10 in)  0 (>= 1.00 in)
Heat Base: 65.0  Cool Base: 65.0  Method: Integration