nws-alerts: Checking more than four warning/county codes can delay the loading of your pages. You should use a cron job to get the data.

NOAA-Style Climate Reports


Report for 2014 May
                   Monthly Climatological Summary for May 2014

Name: Westmoreland Weather   City: Export   State: Pennsylvania
Elevation: 1286 ft  Lat: N 40° 26' 47"   Lon: W 079° 35' 30"

                  Temperature (°F), Rain (in), Wind Speed (mph)

                                      Heat  Cool        Avg
    Mean                              Deg   Deg         Wind                 Dom
Day Temp  High   Time   Low    Time   Days  Days  Rain  Speed High   Time    Dir
----------------------------------------------------------------------------------
 1  54.2  58.4   17:23  49.4   23:53  10.8   0.0  0.06   5.4  20.6   18:12   SSW
 2  49.8  53.4   16:34  47.1   06:55  15.2   0.0  0.00   4.9  19.0   10:13   SSW
 3  50.1  58.3   13:33  42.6   02:46  14.9   0.0  0.08   4.4  22.1   12:10   SSW
 4  52.0  61.9   15:17  40.6   23:56  13.0   0.0  0.01   3.0  13.6   12:22    SE
 5  48.4  61.0   16:50  33.6   06:45  16.6   0.0  0.00   1.9   9.8   12:22    SE
 6  56.9  71.4   16:10  41.3   06:12   9.3   1.2  0.00   2.5  11.4   14:35    NE
 7  56.6  73.2   16:15  45.8   09:15   9.4   1.0  0.25   3.5  11.4   18:36   ENE
 8  67.7  82.7   16:31  49.8   06:12   4.5   7.3  0.00   4.2  18.3   13:09   SSW
 9  72.0  82.6   13:53  59.5   04:36   0.6   7.7  0.00   5.5  27.3   12:29   SSW
10  62.4  68.2   11:27  56.8   23:59   3.0   0.4  0.31   4.8  18.3   11:55   SSW
11  62.2  73.2   16:17  51.6   03:18   4.7   1.9  0.01   3.0  13.0   14:40   SSW
12  65.1  75.7   13:59  56.8   02:30   2.4   2.4  0.15   2.6  15.9   12:44   SSW
13  73.7  86.3   16:05  59.9   06:42   1.1   9.8  0.47   3.9  15.9   23:09     S
14  70.2  79.7   13:54  62.0   06:17   0.4   5.6  0.35   3.8  33.6   14:48   SSE
15  63.1  69.2   09:50  50.5   23:51   2.8   0.9  0.71   5.2  18.3   12:17     S
16  48.8  58.4   04:53  43.3   23:40  16.2   0.0  0.19   3.2  13.0   12:33     S
17  46.7  53.9   16:20  41.9   08:44  18.3   0.0  0.17   4.3  20.6   10:01     S
18  50.2  62.8   16:39  38.8   06:34  14.8   0.0  0.00   1.7  10.7   16:26   ESE
19  54.9  72.1   15:48  35.9   06:15  11.4   1.3  0.00   1.7  13.0   10:44   ESE
20  59.2  72.8   17:34  44.8   04:24   7.4   1.6  0.00   2.0  13.0   12:14     S
21  65.8  73.7   14:56  58.1   00:54   1.9   2.7  0.00   3.7  16.8   16:09   SSW
22  66.2  77.2   14:41  53.8   23:54   2.0   3.2  0.00   4.7  15.9   09:14     S
23  55.1  64.6   13:33  46.4   05:50   9.9   0.0  0.00   2.7  15.2   13:48   SSE
24  60.0  75.2   15:28  49.3   05:55   6.9   1.9  0.00   2.5  11.4   12:27   SSE
25  63.7  79.0   16:53  45.7   06:31   5.8   4.5  0.00   1.7  13.0   16:19   SSE
26  67.4  81.5   13:54  50.2   06:08   3.9   6.3  0.00   3.0  15.2   12:32     S
27  68.1  80.8   11:51  62.2   04:46   0.6   3.7  0.52   3.4  14.5   13:20     S
28  67.8  77.9   15:04  60.4   05:47   1.0   3.8  0.08   2.8  13.0   19:22     S
29  65.3  73.2   16:53  58.8   23:59   1.2   1.5  0.02   1.9   9.8   17:20    SE
30  64.2  78.1   17:24  52.7   09:13   4.0   3.2  0.00   2.3   8.3   13:58    NE
31  65.9  82.2   15:22  51.2   05:58   4.0   4.9  0.00   1.6   9.2   15:47   ENE
----------------------------------------------------------------------------------
    60.4  86.3    13    33.6     5   218.0  76.8  3.38   3.3  33.6    14       S

Max >=  80.0:  6
Max <=  32.0:  0
Min <=  32.0:  0
Min <=   0.0:  0
Max Rain: 0.71 on day 15
Days of Rain: 15 (>= 0.01 in)  9 (>= 0.10 in)  0 (>= 1.00 in)
Heat Base: 65.0  Cool Base: 65.0  Method: Integration