nws-alerts: Checking more than four warning/county codes can delay the loading of your pages. You should use a cron job to get the data.

NOAA-Style Climate Reports


Report for 2014 June
                   Monthly Climatological Summary for Jun 2014

Name: Westmoreland Weather   City: Export   State: Pennsylvania
Elevation: 1286 ft  Lat: N 40° 26' 47"   Lon: W 079° 35' 30"

                  Temperature (°F), Rain (in), Wind Speed (mph)

                                      Heat  Cool        Avg
    Mean                              Deg   Deg         Wind                 Dom
Day Temp  High   Time   Low    Time   Days  Days  Rain  Speed High   Time    Dir
----------------------------------------------------------------------------------
 1  67.8  82.4   16:06  48.5   06:09   4.0   6.9  0.00   3.0  15.2   12:41     S
 2  69.7  79.0   16:50  61.9   02:39   0.6   5.3  0.01   4.8  16.8   09:42     S
 3  71.8  81.1   15:18  65.3   23:54   0.0   6.8  0.07   5.2  17.4   16:32     S
 4  64.7  75.0   14:06  54.7   06:36   2.9   2.6  0.33   1.4   8.3   21:55   NNE
 5  61.2  71.4   11:23  51.8   23:58   4.9   1.1  0.18   3.3  12.1   01:42    SE
 6  61.2  76.4   16:19  45.1   06:31   6.7   2.9  0.00   1.8   9.2   12:15   ENE
 7  66.6  81.3   16:01  50.0   06:40   4.4   5.9  0.00   1.5   8.3   15:18   ESE
 8  66.8  79.0   10:23  57.2   05:37   2.2   4.0  0.24   3.3  22.1   13:53     S
 9  61.7  67.6   16:48  57.9   05:25   3.6   0.3  0.01   1.6   4.5   01:34   SSE
10  66.2  75.4   13:25  56.6   04:46   2.6   3.8  0.01   0.8   6.0   12:41    SE
11  69.2  82.9   15:45  62.0   05:53   0.8   5.0  0.74   3.0  28.2   18:49     S
12  68.9  79.0   14:44  63.7   00:00   0.2   4.2  0.30   2.6  14.5   13:46     S
13  66.1  78.2   13:45  57.2   23:57   1.0   2.1  0.46   2.5  20.6   14:17     S
14  59.1  71.8   15:34  50.2   05:43   6.4   0.6  0.01   2.5  13.6   14:23   SSE
15  65.1  81.7   16:42  48.4   04:41   5.3   5.4  0.00   1.4   7.6   12:19   SSE
16  69.9  85.6   13:06  55.4   05:53   2.6   7.6  0.12   2.6  15.2   16:48     S
17  75.2  86.2   14:34  64.2   05:34   0.0  10.2  0.01   5.1  21.3   15:50     S
18  75.3  85.4   14:10  65.8   23:49   0.0  10.3  0.28   3.4  17.4   22:21     S
19  67.7  73.9   16:32  64.2   23:57   0.1   2.7  0.13   2.4  12.1   12:16     S
20  68.9  81.5   15:50  60.1   04:20   1.2   5.1  0.01   1.2   6.9   13:14   ENE
21  65.5  71.4   18:05  61.5   08:27   1.1   1.6  0.11   1.6   6.0   13:18    NE
22  68.3  79.0   14:52  58.1   05:51   1.7   5.0  0.00   1.2  10.7   13:37   SSE
23  72.1  84.5   14:34  58.4   06:25   1.2   8.3  0.00   2.9  13.0   17:36     S
24  72.7  83.8   14:50  64.6   06:17   0.0   7.8  0.22   3.7  21.3   18:49     S
25  70.0  76.3   12:33  65.3   23:56   0.0   5.0  0.47   2.6  15.9   13:23     S
26  68.8  77.9   16:36  62.6   02:34   0.5   4.3  0.00   1.7   9.2   15:40     S
27  72.2  85.6   16:23  58.4   06:08   1.2   8.5  0.00   1.5   9.2   13:09    NE
28  75.2  86.5   14:13  65.8   04:13   0.0  10.2  0.24   3.2  12.1   20:37     S
29  72.9  80.4   17:15  66.2   05:17   0.0   7.9  0.01   3.5  14.5   13:57     S
30  74.5  84.4   16:40  67.8   02:38   0.0   9.5  0.00   2.6  11.4   15:17     S
----------------------------------------------------------------------------------
    68.5  86.5    28    45.1     6    55.2 160.9  3.96   2.6  28.2    11       S

Max >=  80.0: 15
Max <=  32.0:  0
Min <=  32.0:  0
Min <=   0.0:  0
Max Rain: 0.74 on day 11
Days of Rain: 21 (>= 0.01 in)  13 (>= 0.10 in)  0 (>= 1.00 in)
Heat Base: 65.0  Cool Base: 65.0  Method: Integration