nws-alerts: Checking more than four warning/county codes can delay the loading of your pages. You should use a cron job to get the data.

NOAA-Style Climate Reports


Report for 2014 July
                   Monthly Climatological Summary for Jul 2014

Name: Westmoreland Weather   City: Export   State: Pennsylvania
Elevation: 1286 ft  Lat: N 40° 26' 47"   Lon: W 079° 35' 30"

                  Temperature (°F), Rain (in), Wind Speed (mph)

                                      Heat  Cool        Avg
    Mean                              Deg   Deg         Wind                 Dom
Day Temp  High   Time   Low    Time   Days  Days  Rain  Speed High   Time    Dir
----------------------------------------------------------------------------------
 1  77.1  85.8   16:07  67.6   04:24   0.0  12.1  0.00   5.3  21.3   10:44     S
 2  76.6  84.5   14:33  70.1   23:57   0.0  11.6  0.00   2.9  13.0   16:13     S
 3  71.3  80.2   14:10  61.5   23:53   0.1   6.5  0.00   3.5  18.3   14:05     S
 4  63.5  74.3   15:22  54.1   23:59   3.7   2.2  0.00   2.7  10.7   10:53    SE
 5  64.0  78.4   16:31  48.2   06:29   5.3   4.3  0.00   1.5   9.8   14:22    SE
 6  65.5  78.2   14:07  52.5   06:13   3.3   3.9  0.00   2.6  16.8   11:27     S
 7  74.1  83.6   16:22  65.5   00:00   0.0   9.1  0.00   7.0  28.9   13:38     S
 8  72.0  80.4   13:42  67.3   23:54   0.0   7.0  0.09   6.8  29.8   14:46     S
 9  71.2  81.5   14:22  62.9   05:37   0.2   6.4  0.01   3.7  15.9   12:10     S
10  70.8  82.4   14:54  60.4   06:33   1.0   6.8  0.00   1.7   8.3   16:49    NE
11  71.8  86.3   15:22  59.3   06:15   1.4   8.2  0.00   1.3   9.8   13:20    SE
12  73.9  85.3   15:35  62.2   06:39   0.4   9.4  0.00   2.3  13.0   16:38     S
13  73.1  83.8   15:02  67.1   04:37   0.0   8.1  0.27   5.2  21.3   11:58     S
14  70.5  77.0   16:27  65.8   04:58   0.0   5.5  0.11   3.2   9.8   11:46     S
15  69.3  77.3   15:49  59.0   23:54   0.5   4.8  0.05   3.8  15.2   13:06     S
16  62.5  72.8   16:14  52.3   06:47   4.3   1.8  0.00   3.0  14.5   14:49     S
17  62.8  73.0   16:35  50.5   06:24   4.5   2.3  0.00   1.5  11.4   10:40   SSE
18  65.7  78.2   14:33  52.9   06:25   3.5   4.2  0.01   1.6   8.3   12:29   NNE
19  63.1  64.6   16:59  61.7   05:31   1.9   0.0  0.57   1.7   9.2   12:48   SSE
20  69.8  79.9   14:20  61.3   05:25   1.1   5.8  0.02   1.4   6.9   13:43     E
21  73.3  85.4   14:57  63.3   06:23   0.2   8.5  0.00   1.3   7.6   12:09   ENE
22  76.3  88.3   14:54  64.6   05:58   0.0  11.3  0.00   1.9   9.2   17:38   SSW
23  73.9  82.9   16:07  65.1   23:58   0.0   8.9  0.04   3.6  13.0   10:42     S
24  66.9  77.5   15:54  57.0   23:53   1.6   3.5  0.00   2.5  11.4   14:43     E
25  64.4  78.8   15:28  49.8   06:14   4.6   4.0  0.00   1.7  11.4   16:13     S
26  69.7  81.8   14:31  59.9   05:55   1.4   6.1  0.24   3.3  13.6   12:56     S
27  70.2  81.3   15:11  64.6   02:55   0.0   5.2  0.38   4.5  15.2   19:57     S
28  62.4  66.7   00:17  54.5   23:57   2.8   0.2  0.14   4.9  14.5   00:13     S
29  57.0  66.2   15:37  49.1   04:55   8.0   0.0  0.00   1.7   9.2   15:46     S
30  60.5  71.2   14:33  51.1   05:26   5.8   1.3  0.01   3.6  15.2   11:36     S
31  65.3  77.0   15:48  56.5   05:23   3.0   3.3  0.01   4.0  15.9   13:59     S
----------------------------------------------------------------------------------
    68.7  88.3    22    48.2     5    58.6 172.3  1.95   3.1  29.8     8       S

Max >=  80.0: 15
Max <=  32.0:  0
Min <=  32.0:  0
Min <=   0.0:  0
Max Rain: 0.57 on day 19
Days of Rain: 14 (>= 0.01 in)  6 (>= 0.10 in)  0 (>= 1.00 in)
Heat Base: 65.0  Cool Base: 65.0  Method: Integration