nws-alerts: Checking more than four warning/county codes can delay the loading of your pages. You should use a cron job to get the data.

NOAA-Style Climate Reports


Report for 2014 August
                   Monthly Climatological Summary for Aug 2014

Name: Westmoreland Weather   City: Export   State: Pennsylvania
Elevation: 1286 ft  Lat: N 40° 26' 47"   Lon: W 079° 35' 30"

                  Temperature (°F), Rain (in), Wind Speed (mph)

                                      Heat  Cool        Avg
    Mean                              Deg   Deg         Wind                 Dom
Day Temp  High   Time   Low    Time   Days  Days  Rain  Speed High   Time    Dir
----------------------------------------------------------------------------------
 1  70.1  82.2   13:07  57.5   05:57   2.0   7.1  0.01   1.7   9.2   16:49    SE
 2  69.3  81.1   13:09  62.2   06:25   0.7   4.9  1.09   1.6   7.6   11:21   ESE
 3  65.2  75.5   16:43  60.2   23:38   1.5   1.7  0.44   1.3   9.8   15:36   SSE
 4  67.0  81.8   15:54  55.4   07:08   2.9   4.9  0.01   1.4   8.3   11:30   SSW
 5  68.2  83.5   13:18  58.1   06:46   1.8   5.0  0.31   1.5   9.8   12:58   SSE
 6  67.5  79.0   15:58  59.5   23:54   1.4   3.9  0.00   1.2  10.7   13:38   ESE
 7  65.7  79.1   13:34  53.8   06:49   3.5   4.3  0.00   1.2   7.6   12:44   SSE
 8  65.6  79.1   14:46  53.2   05:38   3.6   4.2  0.00   1.6   8.3   10:50   NNE
 9  69.3  83.1   16:12  56.3   05:33   2.3   6.5  0.00   1.8   8.3   12:47   ENE
10  72.1  84.7   15:49  60.1   05:47   1.0   8.1  0.00   2.5  11.4   16:53   ESE
11  65.9  70.7   16:32  62.4   22:54   0.5   1.4  0.45   3.3  15.9   18:43     S
12  67.7  80.0   15:46  60.1   04:24   0.4   3.1  0.97   3.8  15.2   16:55     S
13  63.2  70.0   17:08  54.8   23:57   2.4   0.6  0.05   3.0  13.0   13:53     S
14  60.9  71.4   15:16  50.9   23:53   5.8   1.6  0.00   3.6  17.4   15:36     S
15  58.7  70.7   14:57  48.4   06:53   7.4   1.1  0.00   2.6  14.5   11:28     S
16  61.5  75.5   15:18  46.6   06:29   6.3   2.8  0.00   2.7  13.6   14:32     S
17  68.3  79.0   15:14  63.3   01:26   0.4   3.7  0.11   2.0   9.2   05:18     S
18  70.7  84.7   16:09  61.0   06:39   0.8   6.5  0.00   1.3   6.9   13:53   NNE
19  72.9  85.1   14:38  65.3   03:33   0.0   7.9  0.00   1.1   9.2   13:28   SSW
20  69.5  80.2   15:18  63.5   06:58   0.4   4.8  0.85   2.4  15.2   01:52     S
21  69.3  75.9   14:58  63.1   06:45   0.2   4.5  0.01   3.4  14.5   10:08     S
22  72.1  82.2   15:05  67.3   04:14   0.0   7.1  0.00   1.7   6.9   13:27     S
23  72.7  84.4   15:10  64.6   23:58   0.0   7.7  0.00   1.7   8.3   18:26     E
24  70.3  81.5   14:08  62.4   23:59   0.2   5.5  0.00   2.8  12.1   12:15    SE
25  68.4  81.5   15:13  58.1   06:31   2.0   5.5  0.00   2.0  10.7   10:28   SSE
26  69.1  84.9   14:49  54.8   07:11   2.5   6.6  0.00   1.6  12.1   11:21     S
27  72.3  84.7   14:11  61.7   06:14   0.6   7.8  0.00   2.3  13.6   14:41     S
28  64.6  75.9   14:17  55.6   23:57   3.0   2.6  0.00   1.9   9.8   13:42    SE
29  64.5  82.0   15:39  50.2   05:39   4.8   4.3  0.01   1.6   7.6   09:46   ESE
30  71.9  85.8   15:28  58.4   05:19   1.6   8.4  0.00   2.8  13.0   11:45     S
31  70.1  73.6   02:07  67.4   10:28   0.0   5.1  0.54   3.4  13.0   09:47     S
----------------------------------------------------------------------------------
    67.9  85.8    30    46.6    16    60.0 149.2  4.85   2.2  17.4    14     SSE

Max >=  80.0: 18
Max <=  32.0:  0
Min <=  32.0:  0
Min <=   0.0:  0
Max Rain: 1.09 on day 2
Days of Rain: 13 (>= 0.01 in)  8 (>= 0.10 in)  1 (>= 1.00 in)
Heat Base: 65.0  Cool Base: 65.0  Method: Integration