nws-alerts: Checking more than four warning/county codes can delay the loading of your pages. You should use a cron job to get the data.

NOAA-Style Climate Reports


Report for 2014 September
                   Monthly Climatological Summary for Sep 2014

Name: Westmoreland Weather   City: Export   State: Pennsylvania
Elevation: 1286 ft  Lat: N 40° 26' 47"   Lon: W 079° 35' 30"

                  Temperature (°F), Rain (in), Wind Speed (mph)

                                      Heat  Cool        Avg
    Mean                              Deg   Deg         Wind                 Dom
Day Temp  High   Time   Low    Time   Days  Days  Rain  Speed High   Time    Dir
----------------------------------------------------------------------------------
 1  72.4  82.0   15:19  68.3   04:48   0.0   7.4  0.06   2.9  14.5   14:55     S
 2  72.3  81.1   15:35  66.7   23:53   0.0   7.3  0.07   3.8  18.3   16:21     S
 3  69.7  80.9   14:10  61.7   05:56   0.5   5.2  0.01   0.9   6.0   10:45   NNW
 4  72.3  86.5   15:55  59.3   06:33   1.1   8.4  0.00   1.4  11.4   12:55     S
 5  74.0  86.0   15:19  66.4   05:37   0.0   9.0  0.00   2.8  17.4   12:53   SSW
 6  70.0  81.3   14:21  59.2   23:54   0.8   5.8  0.04   2.7  10.7   10:20     S
 7  62.0  75.9   14:56  50.2   07:17   5.3   2.3  0.01   1.3   9.2   12:30   ENE
 8  64.0  78.1   13:53  51.2   05:53   4.5   3.5  0.00   3.4  18.3   16:13    SE
 9  67.8  79.1   14:44  59.7   01:53   1.5   4.3  0.00   2.9  10.7   13:22    SE
10  71.6  81.8   14:24  61.7   04:07   0.9   7.5  0.00   4.4  17.4   16:52     S
11  67.2  74.3   00:25  56.1   23:30   1.3   3.5  0.11   5.5  21.3   00:21     S
12  56.7  62.9   15:08  51.8   06:57   8.3   0.0  0.00   1.5   5.4   00:41   ESE
13  55.4  66.0   15:07  46.6   23:59   9.7   0.0  0.05   2.7  14.5   14:40     S
14  53.0  68.5   15:22  40.8   07:15  12.1   0.1  0.00   1.3   7.6   11:27   ESE
15  55.7  69.4   13:25  41.5   07:41  10.0   0.7  0.00   1.7  11.4   14:59     S
16  57.5  67.6   14:17  49.6   23:57   7.6   0.2  0.11   1.5   6.9   10:24   SSE
17  57.4  71.2   15:52  46.6   06:36   8.3   0.7  0.00   1.2  11.4   12:48     S
18  58.0  71.6   15:40  48.5   07:22   8.1   1.1  0.00   1.5  10.7   14:34     E
19  60.1  74.1   13:34  47.8   06:59   6.8   1.9  0.00   2.8  12.1   12:56    SE
20  66.6  77.7   14:09  57.0   03:44   2.6   4.2  0.00   4.6  18.3   10:45     S
21  66.1  75.5   14:10  58.3   23:10   1.2   2.3  0.08   6.3  15.9   08:49     S
22  53.1  58.4   13:32  45.3   23:45  11.9   0.0  0.00   3.4  10.7   04:25   SSE
23  53.4  72.1   15:27  38.1   07:21  12.4   0.8  0.00   1.4   8.3   13:45     E
24  60.1  78.4   15:19  45.5   06:59   7.7   2.8  0.00   2.9  14.5   11:13   ESE
25  62.8  75.7   15:37  54.1   06:15   4.7   2.5  0.00   1.5   9.2   15:31     E
26  62.5  79.9   14:47  50.0   07:28   5.8   3.3  0.00   1.3   9.2   11:51    NE
27  63.1  80.4   15:48  48.4   06:50   5.9   4.0  0.00   1.6   8.3   12:45   ENE
28  62.4  74.1   15:58  51.2   07:17   5.1   2.4  0.00   1.2  10.7   11:40     S
29  64.1  79.0   14:52  53.2   07:45   3.8   2.8  0.00   1.4   9.8   10:18     S
30  62.3  75.7   12:20  54.7   04:07   4.4   1.6  0.02   2.2  12.1   13:02     S
----------------------------------------------------------------------------------
    63.1  86.5     4    38.1    23   152.3  95.6  0.56   2.5  21.3    11     SSE

Max >=  80.0:  8
Max <=  32.0:  0
Min <=  32.0:  0
Min <=   0.0:  0
Max Rain: 0.11 on day 11
Days of Rain: 10 (>= 0.01 in)  2 (>= 0.10 in)  0 (>= 1.00 in)
Heat Base: 65.0  Cool Base: 65.0  Method: Integration