nws-alerts: Checking more than four warning/county codes can delay the loading of your pages. You should use a cron job to get the data.

NOAA-Style Climate Reports


Report for 2014 October
                   Monthly Climatological Summary for Oct 2014

Name: Westmoreland Weather   City: Export   State: Pennsylvania
Elevation: 1286 ft  Lat: N 40° 26' 47"   Lon: W 079° 35' 30"

                  Temperature (°F), Rain (in), Wind Speed (mph)

                                      Heat  Cool        Avg
    Mean                              Deg   Deg         Wind                 Dom
Day Temp  High   Time   Low    Time   Days  Days  Rain  Speed High   Time    Dir
----------------------------------------------------------------------------------
 1  59.4  75.2   14:25  49.1   06:58   7.0   1.4  0.01   1.4   9.8   15:42    SE
 2  61.8  77.5   14:27  48.5   06:54   6.0   2.8  0.00   1.8   9.8   12:08     S
 3  64.3  76.6   12:21  58.1   03:33   2.6   1.9  0.08   5.0  18.3   11:16     S
 4  46.9  59.2   00:00  40.3   13:58  18.1   0.0  0.11   5.5  22.8   12:34     S
 5  43.8  49.6   15:55  36.3   06:24  21.2   0.0  0.00   4.4  17.4   14:53     S
 6  54.8  67.4   13:11  44.2   01:37  10.3   0.1  0.07   6.7  22.1   10:53     S
 7  56.2  66.7   13:13  48.2   07:57   9.0   0.1  0.26   6.5  20.6   12:31     S
 8  54.9  64.4   13:41  47.6   23:58  10.1   0.0  0.01   4.9  19.7   13:22     S
 9  50.3  62.8   13:45  41.0   06:29  14.7   0.0  0.00   3.7  18.3   12:25   SSW
10  49.9  60.8   15:25  41.5   03:26  15.1   0.0  0.00   0.9   6.9   13:38   ENE
11  52.0  67.1   14:13  43.3   23:51  13.1   0.1  0.02   2.0   9.8   13:42     E
12  51.4  69.2   14:39  38.5   07:10  13.8   0.1  0.00   3.3  13.6   10:32    SE
13  61.8  71.9   16:28  53.6   00:00   4.5   1.3  0.06   2.6   9.2   15:10   SSE
14  69.0  80.8   14:11  60.4   06:12   1.3   5.4  0.00   7.0  21.3   11:07     S
15  57.4  70.7   00:00  51.8   23:34   7.8   0.1  0.48   2.0  14.5   00:13   SSE
16  54.0  61.9   14:07  48.9   02:17  11.0   0.0  0.07   2.5  13.0   10:31     S
17  57.6  66.5   16:21  51.8   06:11   7.5   0.1  0.01   6.3  22.8   14:55     S
18  50.4  61.5   00:00  43.3   23:54  14.6   0.0  0.04   5.6  17.4   13:50     S
19  44.1  55.2   14:59  37.4   07:14  20.9   0.0  0.02   3.2  13.0   16:12   SSE
20  47.4  55.4   14:35  40.6   00:28  17.6   0.0  0.01   4.6  15.9   10:29     S
21  49.1  57.0   13:28  46.0   23:46  15.9   0.0  0.18   2.6   8.3   10:24     S
22  46.7  49.3   16:34  44.8   07:20  18.3   0.0  0.11   2.7   9.8   13:38    SE
23  50.9  66.5   14:50  43.1   23:58  14.2   0.0  0.00   2.8  13.0   14:32    SE
24  47.7  61.1   15:39  40.1   04:31  17.3   0.0  0.00   1.7  13.0   14:13   SSE
25  54.0  64.9   15:54  43.9   07:07  11.0   0.0  0.00   6.1  25.1   14:37   SSW
26  51.4  62.9   15:56  41.3   23:59  13.7   0.0  0.00   3.7  19.0   11:38     S
27  53.8  71.2   15:16  36.5   03:19  12.0   0.8  0.00   3.5  15.2   15:18     S
28  67.7  76.3   14:59  60.6   23:57   1.0   3.7  0.00   8.7  28.2   12:58   SSW
29  52.3  60.6   00:00  41.9   23:58  12.7   0.0  0.00   3.9  19.0   14:08   SSW
30  44.0  50.9   12:35  37.2   08:25  21.0   0.0  0.00   1.4   9.2   10:15   SSE
31  43.3  48.4   14:06  40.6   21:07  21.7   0.0  0.12   1.0   5.4   10:58     S
----------------------------------------------------------------------------------
    53.2  80.8    14    36.3     5   385.0  17.9  1.66   3.8  28.2    28       S

Max >=  80.0:  1
Max <=  32.0:  0
Min <=  32.0:  0
Min <=   0.0:  0
Max Rain: 0.48 on day 15
Days of Rain: 17 (>= 0.01 in)  6 (>= 0.10 in)  0 (>= 1.00 in)
Heat Base: 65.0  Cool Base: 65.0  Method: Integration