nws-alerts: Checking more than four warning/county codes can delay the loading of your pages. You should use a cron job to get the data.

NOAA-Style Climate Reports


Report for 2014 November
                   Monthly Climatological Summary for Nov 2014

Name: Westmoreland Weather   City: Export   State: Pennsylvania
Elevation: 1286 ft  Lat: N 40° 26' 47"   Lon: W 079° 35' 30"

                  Temperature (°F), Rain (in), Wind Speed (mph)

                                      Heat  Cool        Avg
    Mean                              Deg   Deg         Wind                 Dom
Day Temp  High   Time   Low    Time   Days  Days  Rain  Speed High   Time    Dir
----------------------------------------------------------------------------------
 1  39.7  45.8   13:08  33.4   22:50  25.3   0.0  0.02   3.1  13.6   13:25    SE
 2  37.3  49.4   14:12  30.7   23:47  28.9   0.0  0.00   3.3  13.6   13:29    SE
 3  40.3  52.9   14:55  27.8   06:39  24.7   0.0  0.00   4.7  18.3   11:14   SSW
 4  55.5  66.5   13:43  45.5   02:17   9.6   0.1  0.00   8.6  20.6   10:48   SSW
 5  50.7  59.3   00:00  46.2   21:22  14.3   0.0  0.02   3.6  22.8   02:05   SSW
 6  45.4  56.1   13:29  42.2   22:11  19.6   0.0  0.46   2.8  19.0   16:15   SSW
 7  37.7  45.1   04:39  28.9   23:51  27.3   0.0  0.05   4.0  16.8   10:51     S
 8  38.8  48.2   12:56  27.1   06:19  26.2   0.0  0.00   5.1  19.7   12:00   SSW
 9  43.0  49.4   14:37  39.0   06:55  22.0   0.0  0.00   4.0  15.2   14:11   SSW
10  52.2  68.3   14:59  39.4   07:19  12.9   0.1  0.00   3.7  13.0   10:58     S
11  57.2  69.8   14:27  40.1   04:41   8.5   0.7  0.00   5.1  19.7   11:29   SSW
12  41.1  61.0   00:00  34.9   22:39  23.9   0.0  0.05   3.4  12.1   04:47   SSW
13  31.8  35.0   00:00  26.4   23:53  33.2   0.0  0.01   2.3   9.8   17:35   SSW
14  27.5  35.0   14:49  23.3   07:11  37.4   0.0  0.00   4.0  13.6   09:12   SSW
15  28.2  35.9   14:37  20.8   07:35  36.8   0.0  0.00   3.1  13.6   10:45   SSW
16  33.5  39.0   18:04  26.9   00:00  31.5   0.0  0.09   3.3  15.2   17:36   SSW
17  32.9  40.4   10:44  16.5   23:48  32.1   0.0  0.32   1.7  15.2   17:01   SSW
18  15.3  19.6   14:24  12.0   06:35  49.7   0.0  0.01   5.1  24.4   13:08    SW
19  23.2  35.9   21:12  11.1   05:07  41.8   0.0  0.00   6.6  19.0   14:33   SSW
20  26.2  35.4   00:05  19.6   23:18  38.8   0.0  0.00   7.4  25.1   02:06    SW
21  20.3  28.4   12:39  15.1   23:44  44.7   0.0  0.00   2.3  13.0   01:25   SSW
22  30.7  46.9   23:15  12.5   06:51  34.3   0.0  0.01   4.3  16.8   10:09   SSW
23  53.7  65.1   12:44  45.8   03:25  11.3   0.0  0.18   5.9  16.8   17:25     S
24  59.0  68.0   13:28  40.6   23:58   6.4   0.4  0.79  12.6  41.2   13:57   SSW
25  39.2  49.6   15:10  30.0   23:58  25.8   0.0  0.00   6.1  22.8   11:22   SSW
26  32.1  34.0   13:37  30.0   00:00  32.9   0.0  0.00   0.6   7.6   05:28    NE
27  31.0  37.4   11:08  26.9   23:54  34.0   0.0  0.20   2.4  10.7   23:07     N
28  25.9  30.5   13:18  23.5   08:07  39.1   0.0  0.01   3.8  13.0   16:17   SSW
29  38.8  50.7   22:45  25.1   00:00  26.2   0.0  0.00   5.6  19.0   13:41     S
30  55.7  60.1   21:07  50.5   00:17   9.4   0.0  0.00   9.4  21.3   20:18   SSW
----------------------------------------------------------------------------------
    38.1  69.8    11    11.1    19   808.6   1.3  2.22   4.6  41.2    24     SSW

Max >=  80.0:  0
Max <=  32.0:  3
Min <=  32.0: 19
Min <=   0.0:  0
Max Rain: 0.79 on day 24
Days of Rain: 14 (>= 0.01 in)  5 (>= 0.10 in)  0 (>= 1.00 in)
Heat Base: 65.0  Cool Base: 65.0  Method: Integration