nws-alerts: Checking more than four warning/county codes can delay the loading of your pages. You should use a cron job to get the data.

NOAA-Style Climate Reports


Report for 2014 December
                   Monthly Climatological Summary for Dec 2014

Name: Westmoreland Weather   City: Export   State: Pennsylvania
Elevation: 1286 ft  Lat: N 40° 26' 47"   Lon: W 079° 35' 30"

                  Temperature (°F), Rain (in), Wind Speed (mph)

                                      Heat  Cool        Avg
    Mean                              Deg   Deg         Wind                 Dom
Day Temp  High   Time   Low    Time   Days  Days  Rain  Speed High   Time    Dir
----------------------------------------------------------------------------------
 1  42.3  59.3   00:19  27.8   23:56  22.7   0.0  0.32   2.7  21.3   00:17   SSW
 2  32.7  41.0   22:26  25.7   05:24  32.3   0.0  0.06   1.2  12.1   12:23    SE
 3  36.4  46.4   02:22  28.2   23:54  28.6   0.0  0.01   5.0  16.8   12:43    SW
 4  29.9  39.2   14:37  26.4   05:08  35.1   0.0  0.01   1.5   6.0   02:18   SSE
 5  37.5  42.8   21:47  27.3   02:14  27.5   0.0  0.50   2.0   9.2   07:59     E
 6  39.7  44.0   12:26  31.6   21:34  25.3   0.0  0.54   2.2   9.8   11:51   ENE
 7  34.4  51.1   14:27  24.6   07:38  30.6   0.0  0.00   2.6  13.0   00:54    NE
 8  33.3  38.1   12:25  27.8   06:43  31.7   0.0  0.00   4.3  16.8   11:44    SE
 9  39.3  54.1   12:22  30.9   07:43  25.7   0.0  0.00   2.2   9.8   20:59   ENE
10  31.8  37.2   00:21  26.2   21:23  33.3   0.0  0.02   4.6  16.8   18:07    SW
11  27.3  30.7   14:19  23.9   11:55  37.7   0.0  0.01   7.5  19.7   01:10    SW
12  28.5  30.2   11:37  25.7   22:54  36.5   0.0  0.00   5.0  14.5   00:24   SSW
13  28.6  35.2   21:59  26.0   09:31  36.4   0.0  0.00   5.3  15.2   13:53    SW
14  38.3  43.5   15:40  33.4   00:00  26.7   0.0  0.05   4.6  13.6   01:07   SSW
15  40.1  45.1   14:23  34.9   23:20  24.9   0.0  0.01   2.5   7.6   00:31     S
16  42.3  51.4   12:53  33.4   01:46  22.7   0.0  0.52   3.7  15.2   12:53   SSW
17  33.7  39.7   00:00  26.9   23:31  31.3   0.0  0.02   6.5  17.4   13:27    SW
18  26.7  28.7   00:11  24.1   14:55  38.3   0.0  0.00   3.9  13.6   12:39   SSW
19  27.7  32.0   13:02  25.5   00:31  37.3   0.0  0.00   2.5   9.2   01:47   SSW
20  28.4  37.6   13:23  22.3   06:58  36.6   0.0  0.00   1.0   6.9   14:23   ENE
21  28.7  35.2   14:05  24.4   23:35  36.3   0.0  0.00   1.3   6.0   14:06   ENE
22  34.7  51.1   13:24  23.9   00:59  30.3   0.0  0.00   3.9  11.4   13:37   ESE
23  45.8  55.0   12:56  38.5   02:49  19.2   0.0  0.24   3.4  10.7   02:10   ESE
24  50.8  57.9   20:51  41.9   23:56  14.2   0.0  0.39   4.1  20.6   21:16    SE
25  37.5  41.9   00:01  35.9   13:26  27.5   0.0  0.02   6.5  19.0   01:26    SW
26  39.0  47.8   15:06  33.1   05:06  26.0   0.0  0.00   3.5  14.5   12:56   SSW
27  45.2  55.4   13:43  33.2   03:56  19.7   0.0  0.00   4.2  15.9   15:27   SSW
28  38.7  49.8   00:00  32.5   23:57  26.3   0.0  0.37   2.2  17.4   00:35   SSW
29  32.4  41.2   11:13  24.8   23:58  32.6   0.0  0.00   1.3   8.3   13:54   ESE
30  26.6  38.1   13:08  20.5   23:53  38.4   0.0  0.00   1.7  10.7   14:12     S
31  20.5  25.0   13:35  17.6   01:21  44.5   0.0  0.00   6.3  18.3   21:20    SW
----------------------------------------------------------------------------------
    34.8  59.3     1    17.6    31   936.2   0.0  3.09   3.5  21.3     1       S

Max >=  80.0:  0
Max <=  32.0:  5
Min <=  32.0: 22
Min <=   0.0:  0
Max Rain: 0.54 on day 6
Days of Rain: 16 (>= 0.01 in)  7 (>= 0.10 in)  0 (>= 1.00 in)
Heat Base: 65.0  Cool Base: 65.0  Method: Integration