nws-alerts: Checking more than four warning/county codes can delay the loading of your pages. You should use a cron job to get the data.

NOAA-Style Climate Reports


Report for 2015
                   Annual Climatological Summary for 2015

Name: Westmoreland Weather   City: Export   State: Pennsylvania
Elevation: 1286 ft  Lat: N 40° 26' 47"   Lon: W 079° 35' 30"

                  Temperature (°F), Heat Base: 65.0  Cool Base: 65.0
                          Dep.  Heat  Cool                       Max  Max  Min  Min
        Mean  Mean        From  Deg   Deg                        >=   <=   <=   <=
 YR MO  Max   Min   Mean  Norm  Days  Days  Hi  Date  Low  Date 80.0 32.0 32.0   0.0
------------------------------------------------------------------------------------
 15  1  33.2  17.1  25.2  -2.3  1233     0  58.3   4  -2.6    8    0   13   30    2
 15  2  29.7   8.3  19.2 -11.3  1281     0  53.0   8 -10.3   20    0   15   27    7
 15  3  46.7  24.8  35.5  -4.3   913     0  65.6  25  -4.7    6    0    3   23    1
 15  4  63.9  40.8  52.0   2.1   408    17  79.9  18  24.8    1    0    0    5    0
 15  5  77.3  55.2  65.3   5.3   133   143  91.0  10  37.2   14   13    0    0    0
 15  6  77.2  59.5  67.4  -1.0    64   136  86.9  11  48.2    1   13    0    0    0
 15  7  82.0  61.7  71.0  -1.6    32   219  90.3  27  52.9   16   21    0    0    0
 15  8  81.6  59.0  69.3  -1.7    51   185  89.6  16  50.5   13   21    0    0    0
 15  9  79.4  57.2  66.6   2.6    88   137  89.8   8  47.6   15   16    0    0    0
 15 10  63.0  43.5  52.4  -0.1   401    11  78.4   6  29.3   19    0    0    2    0
 15 11  58.8  37.5  47.6   5.3   533    11  81.5   3  19.6   23    1    0    8    0
 15 12  53.0  36.7  44.4  11.9   637     0  67.3  12  20.6   20    0    1   11    0
------------------------------------------------------------------------------------
        62.1  41.8  51.3   0.4  5779   864  91.0 May -10.3  Feb   85   32  106   10

                                Precipitation (in)

              Dep.   Max        Days of Rain
              From   Obs.           >=
 YR MO Total  Norm   Day Date 0.01 0.10 1.00
---------------------------------------------
 15  1  1.93 -0.77  0.66   3    14    6    0
 15  2  1.08 -1.29  0.44   1     8    3    0
 15  3  4.01  0.84  0.78  14    16   10    0
 15  4  5.27  2.26  0.97  30    18   13    0
 15  5  2.95 -0.85  0.87  17    15   10    0
 15  6  9.06  4.94  1.52  15    20   13    3
 15  7  3.88 -0.08  1.03   4    16    9    1
 15  8  0.62 -2.76  0.28  30     6    2    0
 15  9  5.31  2.10  2.10   2    13   10    1
 15 10  3.65  1.40  1.19  28    14    7    1
 15 11  2.09 -0.93  0.83  10    11    6    0
 15 12  4.25  1.39  0.77  17    15    9    0
---------------------------------------------
       44.10  6.25  2.10  Sep  166   98    6

                                Wind Speed (mph)
                          Dom
 YR MO   Avg.  Hi   Date  Dir
------------------------------
 15  1   3.8  31.1    4   SSW
 15  2   3.8  30.4    7   SSW
 15  3   3.3  28.2   30     S
 15  4   4.2  30.4   21     S
 15  5   3.0  25.9   12     S
 15  6   3.2  25.1   28     S
 15  7   2.3  20.6    9     S
 15  8   2.3  21.3    3     S
 15  9   2.2  28.9    2   SSE
 15 10   3.6  30.4   29   SSE
 15 11   3.9  34.9   12     S
 15 12   3.6  31.1   15     S
------------------------------
         3.3  34.9  Nov     S