nws-alerts: Checking more than four warning/county codes can delay the loading of your pages. You should use a cron job to get the data.

NOAA-Style Climate Reports


Report for 2015 January
                   Monthly Climatological Summary for Jan 2015

Name: Westmoreland Weather   City: Export   State: Pennsylvania
Elevation: 1286 ft  Lat: N 40° 26' 47"   Lon: W 079° 35' 30"

                  Temperature (°F), Rain (in), Wind Speed (mph)

                                      Heat  Cool        Avg
    Mean                              Deg   Deg         Wind                 Dom
Day Temp  High   Time   Low    Time   Days  Days  Rain  Speed High   Time    Dir
----------------------------------------------------------------------------------
 1  25.5  34.7   14:49  17.6   07:43  39.5   0.0  0.08  10.5  28.9   12:08    SW
 2  29.9  37.6   15:16  24.6   22:57  35.1   0.0  0.00   4.5  17.4   04:12   SSW
 3  36.9  55.0   23:44  23.5   01:41  28.1   0.0  0.66   3.5  15.2   11:32   SSE
 4  49.0  58.3   10:26  31.6   23:58  16.0   0.0  0.12   9.1  31.1   11:09   SSW
 5  19.6  31.6   00:00  12.9   23:57  45.4   0.0  0.04   6.2  19.0   13:33   SSW
 6  15.3  19.0   14:18  11.8   03:21  49.7   0.0  0.00   3.3  19.7   23:26   SSW
 7   9.2  18.5   13:48   1.0   23:35  55.8   0.0  0.01   6.7  25.9   00:42   SSW
 8   4.6  15.1   23:57  -2.6   08:13  60.4   0.0  0.00   8.3  21.3   10:36   SSW
 9  15.6  21.7   13:55   5.2   23:53  49.4   0.0  0.01   8.8  27.3   07:51    SW
10   6.5  17.0   16:06  -2.2   07:37  58.5   0.0  0.00   5.0  15.9   00:58   SSW
11  26.8  37.2   19:15   6.8   01:41  38.2   0.0  0.00   5.2  18.3   12:38   SSW
12  32.9  36.3   09:52  27.3   23:48  32.1   0.0  0.25   2.2  12.1   01:08     S
13  22.2  33.4   14:41  12.9   08:02  42.8   0.0  0.00   1.2   9.2   12:53    NE
14  19.9  25.9   15:14  12.0   07:34  45.1   0.0  0.00   1.5   6.9   21:55     S
15  23.3  30.0   11:58  16.7   08:09  41.7   0.0  0.00   4.5  19.7   23:48   SSW
16  27.1  34.5   13:48  21.9   23:48  37.9   0.0  0.00   5.6  15.9   04:20   SSW
17  32.6  50.5   15:22  15.8   07:20  32.4   0.0  0.00   3.8  20.6   15:35     S
18  39.5  44.8   08:39  32.5   22:31  25.5   0.0  0.00   7.3  22.1   04:21   SSW
19  32.3  35.8   16:14  28.4   23:50  32.7   0.0  0.01   3.0  12.1   10:34   SSW
20  31.3  35.4   12:14  27.7   00:22  33.7   0.0  0.05   0.6   6.0   10:29   ENE
21  32.3  35.2   16:17  30.4   05:53  32.7   0.0  0.18   1.4  13.6   17:13    SW
22  30.6  32.7   00:00  25.7   06:12  34.4   0.0  0.05   2.5   8.3   12:55   SSE
23  31.3  37.7   14:02  26.4   05:13  33.7   0.0  0.00   1.9   8.3   05:16     S
24  28.6  31.6   00:16  26.2   13:20  36.4   0.0  0.00   3.3  15.2   21:37   SSW
25  31.8  37.0   14:29  29.5   00:00  33.2   0.0  0.11   2.6  14.5   02:36   SSW
26  28.2  32.5   14:09  19.4   23:50  36.8   0.0  0.00   0.0   0.0   00:00   ---
27  19.3  23.7   11:57  14.7   23:58  45.7   0.0  0.00   0.0   0.0   00:00   ---
28  15.0  25.0   14:35   7.1   04:03  50.0   0.0  0.00   1.1  13.0   13:40     S
29  27.8  39.2   13:46  10.0   00:59  37.2   0.0  0.35   4.1  19.7   12:01   SSW
30  20.1  30.7   00:00  10.7   19:54  44.9   0.0  0.00   0.0   0.0   00:00   ---
31  16.8  31.6   14:22   5.0   06:04  48.2   0.0  0.01   0.0   0.7   23:40     N
----------------------------------------------------------------------------------
    25.2  58.3     4    -2.6     8  1233.2   0.0  1.93   3.8  31.1     4     SSW

Max >=  80.0:  0
Max <=  32.0: 13
Min <=  32.0: 30
Min <=   0.0:  2
Max Rain: 0.66 on day 3
Days of Rain: 14 (>= 0.01 in)  6 (>= 0.10 in)  0 (>= 1.00 in)
Heat Base: 65.0  Cool Base: 65.0  Method: Integration