nws-alerts: Checking more than four warning/county codes can delay the loading of your pages. You should use a cron job to get the data.

NOAA-Style Climate Reports


Report for 2015 February
                   Monthly Climatological Summary for Feb 2015

Name: Westmoreland Weather   City: Export   State: Pennsylvania
Elevation: 1286 ft  Lat: N 40° 26' 47"   Lon: W 079° 35' 30"

                  Temperature (°F), Rain (in), Wind Speed (mph)

                                      Heat  Cool        Avg
    Mean                              Deg   Deg         Wind                 Dom
Day Temp  High   Time   Low    Time   Days  Days  Rain  Speed High   Time    Dir
----------------------------------------------------------------------------------
 1  29.2  35.0   19:30  23.0   10:38  35.8   0.0  0.44   2.9  12.1   11:17     S
 2  24.5  40.1   03:36  11.1   23:48  40.5   0.0  0.31   5.5  19.7   07:48     W
 3  17.0  28.2   13:21   6.2   07:07  48.0   0.0  0.00   4.6  15.9   10:29   SSW
 4  33.6  44.4   14:54  23.3   01:09  31.4   0.0  0.00   5.6  23.5   11:25   SSW
 5  16.6  26.8   00:00   5.9   23:29  48.4   0.0  0.00   3.2  11.4   07:12    SE
 6  16.6  29.1   15:07   3.9   03:12  48.4   0.0  0.00   6.3  22.8   10:28    SW
 7  34.2  45.5   14:47  22.1   00:00  30.8   0.0  0.00   5.5  30.4   13:06   SSW
 8  45.2  53.0   12:39  38.3   00:00  19.8   0.0  0.01   4.5  20.6   12:49   SSW
 9  33.2  43.7   02:54  24.2   23:54  31.8   0.0  0.04   0.5   6.0   07:38   SSE
10  26.7  38.5   13:31  21.0   06:24  38.3   0.0  0.00   0.7   8.3   13:22   NNE
11  29.1  34.5   16:03  21.7   07:15  35.9   0.0  0.00   3.6  14.5   21:25   SSW
12  20.6  30.9   00:00   3.9   23:45  44.4   0.0  0.00   5.5  17.4   13:19     S
13  10.6  20.6   14:58   1.4   06:27  54.4   0.0  0.00   5.0  20.6   14:22   SSW
14  15.9  26.4   14:07   0.5   23:49  49.1   0.0  0.01   7.9  20.6   12:16   SSW
15  -0.6  10.0   15:11  -7.3   23:47  65.6   0.0  0.00   4.9  14.5   01:40   SSW
16   3.0  12.7   14:55  -8.9   05:50  62.0   0.0  0.00   1.9   8.3   13:22   ENE
17  12.7  22.6   14:25   1.2   07:32  52.3   0.0  0.00   3.8  20.6   13:17   SSW
18  14.1  20.6   13:35   5.3   23:57  50.9   0.0  0.00   6.2  16.8   18:01   SSW
19   2.1   8.2   11:51  -5.8   23:49  62.9   0.0  0.00   4.8  19.0   17:35   SSW
20   1.0  12.7   13:08 -10.3   06:45  64.0   0.0  0.00   2.9  15.2   14:52   SSW
21  23.1  34.7   14:47   4.6   00:00  41.8   0.0  0.25   3.5  17.4   14:31     S
22  29.7  32.3   01:15  25.9   23:55  35.3   0.0  0.01   0.3   9.8   15:05   SSW
23  13.0  25.9   00:00  -1.3   23:59  52.0   0.0  0.00   0.0   0.0   00:00   ---
24  11.6  26.6   16:06  -9.1   07:11  53.4   0.0  0.00   4.5  20.6   13:51   SSW
25  26.6  37.9   14:46  21.2   07:11  38.3   0.0  0.00   5.2  16.8   00:48    SW
26  22.3  32.3   12:16  10.9   23:52  42.7   0.0  0.00   2.7   9.2   00:33   ENE
27  11.5  24.2   13:53   3.0   06:52  53.5   0.0  0.01   2.2  13.6   14:59     S
28  15.7  35.0   15:18  -4.4   07:07  49.3   0.0  0.00   1.6   7.6   11:20     E
----------------------------------------------------------------------------------
    19.2  53.0     8   -10.3    20  1281.0   0.0  1.08   3.8  30.4     7     SSW

Max >=  80.0:  0
Max <=  32.0: 15
Min <=  32.0: 27
Min <=   0.0:  7
Max Rain: 0.44 on day 1
Days of Rain: 8 (>= 0.01 in)  3 (>= 0.10 in)  0 (>= 1.00 in)
Heat Base: 65.0  Cool Base: 65.0  Method: Integration