nws-alerts: Checking more than four warning/county codes can delay the loading of your pages. You should use a cron job to get the data.

NOAA-Style Climate Reports


Report for 2015 March
                   Monthly Climatological Summary for Mar 2015

Name: Westmoreland Weather   City: Export   State: Pennsylvania
Elevation: 1286 ft  Lat: N 40° 26' 47"   Lon: W 079° 35' 30"

                  Temperature (°F), Rain (in), Wind Speed (mph)

                                      Heat  Cool        Avg
    Mean                              Deg   Deg         Wind                 Dom
Day Temp  High   Time   Low    Time   Days  Days  Rain  Speed High   Time    Dir
----------------------------------------------------------------------------------
 1  29.3  33.2   21:22  21.5   04:30  35.7   0.0  0.24   4.1  15.2   08:49   SSW
 2  25.8  32.3   00:00  16.0   23:54  39.2   0.0  0.02   1.6  15.9   15:11   SSW
 3  30.3  46.9   22:13  13.8   01:07  34.7   0.0  0.74   4.0  19.0   18:03     S
 4  33.8  44.0   00:00  27.5   23:24  31.3   0.0  0.57   1.2  14.5   03:44   SSW
 5  16.8  28.0   00:00   4.4   23:53  48.3   0.0  0.00   0.0   0.0   00:00   ---
 6  10.8  24.2   13:29  -4.7   06:53  54.2   0.0  0.01   2.3  11.4   22:54     S
 7  26.9  38.6   16:51   9.8   03:56  38.1   0.0  0.11   7.4  19.7   10:58   SSW
 8  39.8  48.0   15:09  32.9   07:59  24.2   0.0  0.00   4.8  17.4   00:28    SW
 9  43.1  56.1   14:52  35.4   04:59  21.9   0.0  0.01   3.0  16.8   01:44   SSW
10  40.3  48.4   11:34  30.9   03:58  24.7   0.0  0.52   1.1   9.2   12:34    SE
11  40.9  44.9   15:16  32.3   23:56  24.1   0.0  0.02   1.4   8.3   17:56   SSW
12  39.0  57.2   15:55  26.9   07:49  26.0   0.0  0.00   1.8  12.1   12:41   ENE
13  43.9  57.5   15:01  31.1   01:07  21.1   0.0  0.13   3.6  12.1   10:47   SSE
14  45.8  52.9   17:35  39.2   23:21  19.2   0.0  0.78   3.4  13.0   11:21     S
15  36.1  42.8   17:10  29.8   23:47  28.9   0.0  0.00   4.0  14.5   05:42   SSW
16  47.8  64.0   15:20  28.7   00:52  17.2   0.0  0.00   3.9  18.3   12:34   SSW
17  43.3  56.1   05:30  26.0   23:55  21.7   0.0  0.00   4.6  15.2   03:26   SSE
18  32.3  45.3   15:53  19.7   07:33  32.7   0.0  0.00   3.3  19.7   16:10   SSW
19  36.5  51.2   16:12  24.8   06:55  28.5   0.0  0.00   2.3   9.8   16:21    NE
20  36.2  41.7   01:37  32.3   22:30  28.8   0.0  0.38   1.5  15.2   02:45   ESE
21  41.7  54.5   15:27  32.7   00:00  23.3   0.0  0.00   4.9  18.3   14:19   SSW
22  33.2  45.1   13:27  24.6   07:39  31.8   0.0  0.00   2.8  13.0   15:38   ESE
23  30.2  45.3   15:29  17.0   07:27  34.8   0.0  0.00   2.5  10.7   11:11   ENE
24  37.0  49.4   15:56  30.0   03:09  28.0   0.0  0.00   2.7   9.2   16:50   ENE
25  46.5  65.6   17:08  32.0   01:44  18.5   0.0  0.19   4.6  25.9   17:49   SSE
26  44.6  53.4   11:26  36.8   23:54  20.4   0.0  0.21   1.7   8.3   10:22     E
27  32.8  37.0   10:31  23.0   23:37  32.2   0.0  0.01   2.5  11.4   21:44    SE
28  20.4  28.7   17:18  14.2   07:09  44.6   0.0  0.00   4.0  15.9   14:09   SSE
29  28.9  42.1   16:09  13.6   05:51  36.1   0.0  0.00   5.2  26.6   23:21   SSW
30  43.0  51.4   15:42  35.6   01:13  22.0   0.0  0.07   7.3  28.2   16:41    SW
31  44.2  60.4   15:36  31.1   23:57  20.8   0.0  0.00   3.8  18.3   10:17     S
----------------------------------------------------------------------------------
    35.5  65.6    25    -4.7     6   913.0   0.0  4.01   3.3  28.2    30       S

Max >=  80.0:  0
Max <=  32.0:  3
Min <=  32.0: 23
Min <=   0.0:  1
Max Rain: 0.78 on day 14
Days of Rain: 16 (>= 0.01 in)  10 (>= 0.10 in)  0 (>= 1.00 in)
Heat Base: 65.0  Cool Base: 65.0  Method: Integration