nws-alerts: Checking more than four warning/county codes can delay the loading of your pages. You should use a cron job to get the data.

NOAA-Style Climate Reports


Report for 2015 April
                   Monthly Climatological Summary for Apr 2015

Name: Westmoreland Weather   City: Export   State: Pennsylvania
Elevation: 1286 ft  Lat: N 40° 26' 47"   Lon: W 079° 35' 30"

                  Temperature (°F), Rain (in), Wind Speed (mph)

                                      Heat  Cool        Avg
    Mean                              Deg   Deg         Wind                 Dom
Day Temp  High   Time   Low    Time   Days  Days  Rain  Speed High   Time    Dir
----------------------------------------------------------------------------------
 1  40.5  57.2   15:47  24.8   06:07  24.5   0.0  0.00   2.3  16.8   13:55   SSW
 2  51.2  68.9   12:30  31.6   06:19  14.0   0.2  0.17   5.4  23.5   13:20   SSW
 3  55.8  60.4   16:39  43.7   23:58   9.2   0.0  0.34   4.3  13.6   16:18   SSW
 4  41.1  49.6   15:50  31.4   08:46  23.9   0.0  0.11   4.7  16.8   14:29   SSW
 5  48.0  64.0   17:46  34.1   05:26  17.0   0.0  0.00   6.6  25.9   11:39   SSW
 6  53.4  68.9   15:42  33.6   07:07  12.1   0.5  0.05   3.9  20.6   14:11   SSW
 7  57.0  62.9   18:34  52.1   03:23   8.0   0.0  0.30   1.5   9.8   13:52     S
 8  59.1  69.2   14:19  52.1   23:33   6.5   0.5  0.63   3.9  19.7   17:47   SSE
 9  59.4  74.6   17:21  50.9   07:27   7.2   1.5  0.40   3.9  25.1   18:32     S
10  58.7  68.5   14:15  48.4   23:07   6.4   0.2  0.43   7.2  22.8   13:35   SSW
11  49.1  58.3   16:35  40.3   23:53  15.9   0.0  0.00   4.8  17.4   01:53   SSE
12  52.5  70.1   17:07  31.8   06:11  13.3   0.8  0.00   2.3  12.1   12:32   SSE
13  65.3  79.7   16:11  46.9   05:44   5.0   5.3  0.07   5.6  19.0   18:32   SSW
14  56.2  62.9   18:32  48.7   23:58   8.8   0.0  0.13   2.5  13.0   11:44    NE
15  54.5  68.7   16:10  41.5   06:44  10.8   0.3  0.00   2.6  11.4   13:37    NE
16  53.3  63.7   11:24  49.3   06:27  11.7   0.0  0.14   4.2  22.8   11:54   SSE
17  58.9  70.0   17:44  52.0   00:00   6.6   0.6  0.01   3.3  11.4   12:08   SSW
18  62.0  79.9   15:31  43.7   06:41   6.9   3.9  0.00   2.1  15.9   13:11   SSE
19  58.7  70.9   12:43  50.2   23:53   7.3   0.9  0.48   7.4  25.9   22:13    SE
20  59.0  73.7   15:45  48.5   01:08   7.3   1.3  0.47   8.8  27.3   14:45     S
21  50.6  57.5   18:26  44.0   06:13  14.4   0.0  0.09   9.1  30.4   18:33    SW
22  41.0  49.3   00:16  34.3   22:12  24.0   0.0  0.43   4.5  17.4   04:37   SSW
23  37.4  42.2   10:00  33.4   23:57  27.6   0.0  0.00   5.4  21.3   09:40     S
24  41.3  54.8   17:14  29.3   06:31  23.7   0.0  0.00   4.4  19.7   13:15   SSW
25  44.0  57.4   16:36  33.6   02:14  21.0   0.0  0.00   2.0   9.8   12:42    NE
26  50.8  66.0   14:27  38.3   06:44  14.2   0.0  0.00   3.8  14.5   13:55   ENE
27  42.1  50.0   12:43  34.5   06:25  22.9   0.0  0.05   2.7  15.9   15:55     S
28  50.5  66.5   17:05  35.2   06:29  14.6   0.0  0.00   2.7  15.2   12:54   SSE
29  56.5  74.8   16:28  37.4   06:48  10.2   1.7  0.00   1.7  10.7   12:42   ENE
----------------------------------------------------------------------------------
    52.0  79.9    18    24.8     1   395.0  17.7  4.30   4.3  30.4    21       S

Max >=  80.0:  0
Max <=  32.0:  0
Min <=  32.0:  5
Min <=   0.0:  0
Max Rain: 0.63 on day 8
Days of Rain: 17 (>= 0.01 in)  12 (>= 0.10 in)  0 (>= 1.00 in)
Heat Base: 65.0  Cool Base: 65.0  Method: Integration