nws-alerts: Checking more than four warning/county codes can delay the loading of your pages. You should use a cron job to get the data.

NOAA-Style Climate Reports


Report for 2015 May
                   Monthly Climatological Summary for May 2015

Name: Westmoreland Weather   City: Export   State: Pennsylvania
Elevation: 1286 ft  Lat: N 40° 26' 47"   Lon: W 079° 35' 30"

                  Temperature (°F), Rain (in), Wind Speed (mph)

                                      Heat  Cool        Avg
    Mean                              Deg   Deg         Wind                 Dom
Day Temp  High   Time   Low    Time   Days  Days  Rain  Speed High   Time    Dir
----------------------------------------------------------------------------------
 1  56.7  69.6   12:20  48.0   04:07   8.7   0.4  0.05   1.9   8.3   11:48   ESE
 2  58.7  76.1   15:16  41.0   06:30   8.5   2.3  0.00   2.4  15.2   13:55   SSE
 3  61.7  76.4   15:47  44.0   06:23   6.6   3.4  0.00   3.0  15.9   12:19   SSW
 4  66.1  81.3   15:34  47.5   06:24   4.9   5.9  0.00   4.4  22.1   13:58   SSW
 5  65.0  74.6   16:59  58.4   05:34   2.2   2.2  0.28   1.7  11.4   13:52     S
 6  68.3  83.3   16:24  55.6   04:30   2.6   5.9  0.01   2.8  18.3   13:31    SE
 7  70.7  87.2   16:12  53.8   06:11   2.6   8.3  0.00   1.6  12.1   16:21   ENE
 8  73.9  90.8   15:42  57.2   04:51   1.9  10.8  0.00   2.3  13.0   15:20     S
 9  75.4  87.6   15:10  60.6   05:10   0.6  11.0  0.00   3.3  12.1   11:17     S
10  77.5  91.0   15:37  68.7   01:17   0.0  12.5  0.00   2.5  12.1   11:56     S
11  75.3  87.4   16:27  64.7   23:45   0.0  10.3  0.12   3.9  18.3   21:35   SSW
12  65.2  73.9   14:42  54.1   23:53   1.8   2.1  0.02   7.1  25.9   14:24     S
13  49.1  54.5   00:49  46.4   23:34  16.0   0.0  0.00   3.8  13.0   00:38     S
14  55.4  72.8   17:38  37.2   06:26  10.7   1.1  0.00   2.1  12.1   13:48     E
15  66.6  78.4   12:58  52.3   06:51   3.6   5.2  0.00   3.2  15.2   12:46     S
16  68.4  76.3   11:56  63.1   01:13   0.1   3.5  0.14   3.7  10.7   08:26     S
17  69.8  78.1   16:05  64.0   00:08   0.1   4.9  0.87   2.5  13.6   14:23     S
18  70.2  82.6   15:07  64.9   05:45   0.0   5.2  0.34   2.7  15.2   16:40     S
19  66.7  77.0   14:22  50.5   23:14   1.7   3.4  0.01   4.6  19.7   14:39     S
20  51.1  58.1   16:34  47.5   03:54  13.9   0.0  0.00   2.5  13.0   13:48    SE
21  49.6  55.7   14:12  45.3   07:48  15.4   0.0  0.15   1.7   9.2   09:25   ESE
22  54.8  67.4   16:56  48.5   00:00  10.4   0.2  0.00   3.6  16.8   12:50     S
23  58.4  72.3   15:48  50.7   00:00   7.9   1.3  0.00   2.2  13.0   14:21    SW
24  58.6  75.0   19:34  55.4   00:00   7.9   1.5  0.00   1.0  12.1   12:54   SSE
25  71.1  83.1   13:59  57.2   03:15   1.7   7.7  0.00   4.0  15.2   13:19     S
26  69.9  77.0   17:43  64.2   06:26   0.0   5.0  0.20   2.8  13.0   13:31   SSW
27  70.3  79.1   17:10  64.7   07:47   0.0   5.3  0.02   4.2  20.6   13:45     S
28  69.7  81.3   16:43  59.9   05:50   1.0   5.7  0.00   1.5   8.3   13:17   ENE
29  69.2  85.1   15:45  56.5   06:11   2.3   6.5  0.34   2.6  18.3   17:16     S
30  70.8  82.0   15:05  63.8   06:28   0.1   5.9  0.19   3.3  18.3   15:16     S
31  71.3  81.1   12:37  64.6   06:34   0.0   6.3  0.21   3.4  23.5   19:09     S
----------------------------------------------------------------------------------
    65.3  91.0    10    37.2    14   133.2 143.8  2.95   3.0  25.9    12       S

Max >=  80.0: 13
Max <=  32.0:  0
Min <=  32.0:  0
Min <=   0.0:  0
Max Rain: 0.87 on day 17
Days of Rain: 15 (>= 0.01 in)  10 (>= 0.10 in)  0 (>= 1.00 in)
Heat Base: 65.0  Cool Base: 65.0  Method: Integration