nws-alerts: Checking more than four warning/county codes can delay the loading of your pages. You should use a cron job to get the data.

NOAA-Style Climate Reports


Report for 2015 June
                   Monthly Climatological Summary for Jun 2015

Name: Westmoreland Weather   City: Export   State: Pennsylvania
Elevation: 1286 ft  Lat: N 40° 26' 47"   Lon: W 079° 35' 30"

                  Temperature (°F), Rain (in), Wind Speed (mph)

                                      Heat  Cool        Avg
    Mean                              Deg   Deg         Wind                 Dom
Day Temp  High   Time   Low    Time   Days  Days  Rain  Speed High   Time    Dir
----------------------------------------------------------------------------------
 1  54.0  64.9   00:00  48.2   06:51  11.1   0.0  0.00   2.7   8.3   06:43   SSE
 2  56.0  60.8   15:58  51.6   04:30   9.0   0.0  0.05   1.7   6.9   15:48   NNE
 3  60.1  69.8   16:59  52.0   06:15   5.6   0.7  0.00   3.1  12.1   12:23     E
 4  64.5  76.3   15:15  54.5   06:08   3.6   3.1  0.00   3.0  14.5   19:09   ESE
 5  66.8  82.2   14:51  58.4   02:55   2.5   4.3  0.83   1.8  13.6   18:36    SE
 6  64.1  75.4   16:33  57.0   23:56   2.8   1.9  0.01   1.5   8.3   11:22     E
 7  68.2  81.5   16:22  50.5   05:55   3.6   6.8  0.00   3.7  15.2   14:44     S
 8  71.4  78.8   12:10  62.9   23:54   0.1   6.5  0.44   8.0  24.4   11:25     S
 9  65.5  72.3   15:52  60.6   23:44   1.2   1.7  0.05   4.9  13.0   09:42     S
10  69.9  82.4   15:19  57.2   05:39   2.1   7.0  0.00   4.6  19.0   15:39     S
11  76.0  86.9   14:40  67.4   06:09   0.0  11.0  0.00   3.9  15.2   13:21     S
12  74.3  86.9   14:50  63.3   06:15   0.1   9.4  0.05   3.8  19.7   15:24     S
13  71.4  81.8   17:27  65.5   04:51   0.0   6.4  0.09   2.3  13.6   18:56     S
14  71.0  81.5   16:20  65.8   01:50   0.0   6.0  1.28   3.1  13.6   17:07     S
15  72.3  82.2   15:09  66.5   09:33   0.0   7.3  1.52   3.3  13.6   01:59     S
16  71.5  80.6   17:08  61.5   23:58   0.1   6.6  0.38   3.5  13.6   10:25   SSE
17  65.0  71.6   12:48  53.2   06:10   3.0   2.9  0.00   1.0   6.9   14:14   SSE
18  71.1  81.7   16:08  65.5   02:17   0.0   6.1  0.51   3.8  14.5   10:07     S
19  69.1  79.1   14:43  64.2   03:31   0.1   4.2  0.00   2.5  10.7   00:37     S
20  69.6  79.3   16:18  64.7   05:43   0.0   4.7  0.45   1.9  23.5   17:18   SSE
21  71.9  81.8   13:11  66.4   00:52   0.0   6.9  0.32   3.6  15.9   13:18     S
22  74.0  83.3   16:35  64.7   05:47   0.0   9.0  0.01   3.1  12.1   14:40     S
23  72.2  78.4   12:51  61.0   23:52   0.2   7.4  0.64   5.2  20.6   10:15     S
24  67.0  80.0   16:22  54.7   06:16   2.7   4.7  0.00   1.8  12.1   14:44   SSE
25  63.9  72.3   13:47  59.2   03:14   2.1   1.0  0.54   1.0   7.6   13:40     S
26  69.8  79.9   14:38  62.2   05:12   0.8   5.6  0.00   1.5   7.6   13:14   ENE
27  64.6  68.3   16:06  61.3   11:13   1.2   0.8  1.09   3.9  15.9   10:25   ESE
28  59.2  62.2   00:00  54.8   23:59   5.8   0.0  0.08   6.5  25.1   02:09     S
29  62.0  76.3   14:32  50.5   06:20   5.2   2.2  0.19   2.0  12.1   11:27     S
30  65.4  76.4   15:05  59.5   23:21   2.1   2.5  0.53   4.1  16.8   14:34     S
----------------------------------------------------------------------------------
    67.4  86.9    11    48.2     1    65.0 136.7  9.06   3.2  25.1    28       S

Max >=  80.0: 13
Max <=  32.0:  0
Min <=  32.0:  0
Min <=   0.0:  0
Max Rain: 1.52 on day 15
Days of Rain: 20 (>= 0.01 in)  13 (>= 0.10 in)  3 (>= 1.00 in)
Heat Base: 65.0  Cool Base: 65.0  Method: Integration